{"id":518,"date":"2017-04-12T16:28:02","date_gmt":"2017-04-12T14:28:02","guid":{"rendered":"http:\/\/laserins.fr\/?product=station-manuelle-zipp-10"},"modified":"2020-11-18T15:39:07","modified_gmt":"2020-11-18T14:39:07","slug":"station-manuelle-zipp-10","status":"publish","type":"product","link":"https:\/\/laserelectronique.com\/?product=station-manuelle-zipp-10","title":{"rendered":"Station manuelle Zipp 10"},"content":{"rendered":"<p><b>Station totale manuelle Zipp 10<\/b><\/p>\n<p><strong>Avec ses mesures sans r\u00e9flecteur \u00e0 250 m, \u00e0 2 \u00ab\u00a0et 5\u00a0\u00bb de pr\u00e9cision d&rsquo;angle, d&rsquo;un grand \u00e9cran lumineux et des applications facile \u00e0 utiliser , est l&rsquo;outil id\u00e9al pour toutes les t\u00e2ches d&rsquo;arpentage ou de construction.<\/strong><br \/>\n<strong>Le Zipp10 Pro est la premi\u00e8re station totale du monde dans sa cat\u00e9gorie, avec un simple \u00e9change de toutes vos donn\u00e9es et fichiers, via une cl\u00e9 USB. Transf\u00e9rer des donn\u00e9es entre les diff\u00e9rentes stations totales ou le bureau, est maintenant plus facile que jamais, vous lib\u00e9rant de la n\u00e9cessit\u00e9 d&rsquo;utiliser un PC. Emportez votre station totale o\u00f9 vous en avez besoin!<\/strong><br \/>\n<strong>Zipp 10 Pro &#8211; \u00a0\u00bb Efficace quand il faut.\u00a0\u00bb<\/strong><\/p>\n<p>&nbsp;<\/p>\n<p><strong>Fiche Technique :<\/strong><\/p>\n<ul>\n<li><a href=\"http:\/\/laserins.fr\/wp-content\/uploads\/2017\/04\/GeoMax-Zipp10-1.pdf\">GeoMax Zipp10 -1<\/a><\/li>\n<li><a href=\"http:\/\/laserins.fr\/wp-content\/uploads\/2017\/04\/GeoMax-Zipp10-2.pdf\">GeoMax Zipp10 -2<\/a><\/li>\n<\/ul>\n","protected":false},"excerpt":{"rendered":"<p>Station totale manuelle Zipp 10 Avec ses mesures sans r\u00e9flecteur \u00e0 250 m, \u00e0 2 \u00ab\u00a0et 5\u00a0\u00bb de pr\u00e9cision d&rsquo;angle, d&rsquo;un grand \u00e9cran lumineux et des applications facile \u00e0 utiliser&hellip;<\/p>\n","protected":false},"featured_media":525,"comment_status":"closed","ping_status":"closed","template":"","meta":[],"product_cat":[26,28,25],"product_tag":[],"class_list":{"0":"post-518","1":"product","2":"type-product","3":"status-publish","4":"has-post-thumbnail","6":"product_cat-stations-totales","7":"product_cat-stations-totales-manuelles","8":"product_cat-topographie","9":"","11":"first","12":"instock","13":"taxable","14":"shipping-taxable","15":"product-type-simple"},"yoast_head":"<!-- This site is optimized with the Yoast SEO plugin v24.7 - https:\/\/yoast.com\/wordpress\/plugins\/seo\/ -->\n<title>Station manuelle Zipp 10 - LASER ELECTRONIQUE TP<\/title>\n<meta name=\"robots\" content=\"index, follow, max-snippet:-1, max-image-preview:large, max-video-preview:-1\" \/>\n<link rel=\"canonical\" href=\"https:\/\/laserelectronique.com\/?product=station-manuelle-zipp-10\" \/>\n<meta property=\"og:locale\" content=\"fr_FR\" \/>\n<meta property=\"og:type\" content=\"article\" \/>\n<meta property=\"og:title\" content=\"Station manuelle Zipp 10 - LASER ELECTRONIQUE TP\" \/>\n<meta property=\"og:description\" content=\"Station totale manuelle Zipp 10 Avec ses mesures sans r\u00e9flecteur \u00e0 250 m, \u00e0 2 \u00ab\u00a0et 5\u00a0\u00bb de pr\u00e9cision d&rsquo;angle, d&rsquo;un grand \u00e9cran lumineux et des applications facile \u00e0 utiliser&hellip;\" \/>\n<meta property=\"og:url\" content=\"https:\/\/laserelectronique.com\/?product=station-manuelle-zipp-10\" \/>\n<meta property=\"og:site_name\" content=\"LASER ELECTRONIQUE TP\" \/>\n<meta property=\"article:modified_time\" content=\"2020-11-18T14:39:07+00:00\" \/>\n<meta property=\"og:image\" content=\"https:\/\/laserelectronique.com\/wp-content\/uploads\/2017\/04\/Zipp10-Pro-S.jpg\" \/>\n\t<meta property=\"og:image:width\" content=\"1100\" \/>\n\t<meta property=\"og:image:height\" content=\"1695\" \/>\n\t<meta property=\"og:image:type\" content=\"image\/jpeg\" \/>\n<meta name=\"twitter:card\" content=\"summary_large_image\" \/>\n<meta name=\"twitter:label1\" content=\"Dur\u00e9e de lecture estim\u00e9e\" \/>\n\t<meta name=\"twitter:data1\" content=\"1 minute\" \/>\n<script type=\"application\/ld+json\" class=\"yoast-schema-graph\">{\"@context\":\"https:\/\/schema.org\",\"@graph\":[{\"@type\":\"WebPage\",\"@id\":\"https:\/\/laserelectronique.com\/?product=station-manuelle-zipp-10\",\"url\":\"https:\/\/laserelectronique.com\/?product=station-manuelle-zipp-10\",\"name\":\"Station manuelle Zipp 10 - LASER ELECTRONIQUE TP\",\"isPartOf\":{\"@id\":\"https:\/\/laserelectronique.com\/#website\"},\"primaryImageOfPage\":{\"@id\":\"https:\/\/laserelectronique.com\/?product=station-manuelle-zipp-10#primaryimage\"},\"image\":{\"@id\":\"https:\/\/laserelectronique.com\/?product=station-manuelle-zipp-10#primaryimage\"},\"thumbnailUrl\":\"https:\/\/laserelectronique.com\/wp-content\/uploads\/2017\/04\/Zipp10-Pro-S.jpg\",\"datePublished\":\"2017-04-12T14:28:02+00:00\",\"dateModified\":\"2020-11-18T14:39:07+00:00\",\"breadcrumb\":{\"@id\":\"https:\/\/laserelectronique.com\/?product=station-manuelle-zipp-10#breadcrumb\"},\"inLanguage\":\"fr-FR\",\"potentialAction\":[{\"@type\":\"ReadAction\",\"target\":[\"https:\/\/laserelectronique.com\/?product=station-manuelle-zipp-10\"]}]},{\"@type\":\"ImageObject\",\"inLanguage\":\"fr-FR\",\"@id\":\"https:\/\/laserelectronique.com\/?product=station-manuelle-zipp-10#primaryimage\",\"url\":\"https:\/\/laserelectronique.com\/wp-content\/uploads\/2017\/04\/Zipp10-Pro-S.jpg\",\"contentUrl\":\"https:\/\/laserelectronique.com\/wp-content\/uploads\/2017\/04\/Zipp10-Pro-S.jpg\",\"width\":1100,\"height\":1695},{\"@type\":\"BreadcrumbList\",\"@id\":\"https:\/\/laserelectronique.com\/?product=station-manuelle-zipp-10#breadcrumb\",\"itemListElement\":[{\"@type\":\"ListItem\",\"position\":1,\"name\":\"Accueil\",\"item\":\"https:\/\/laserelectronique.com\/\"},{\"@type\":\"ListItem\",\"position\":2,\"name\":\"Boutique\",\"item\":\"https:\/\/laserelectronique.com\/?page_id=7\"},{\"@type\":\"ListItem\",\"position\":3,\"name\":\"Station manuelle Zipp 10\"}]},{\"@type\":\"WebSite\",\"@id\":\"https:\/\/laserelectronique.com\/#website\",\"url\":\"https:\/\/laserelectronique.com\/\",\"name\":\"LASER ELECTRONIQUE TP\",\"description\":\"VOTRE PARTENAIRE EN GUIDAGE D&#039;ENGINS, TOPOGRAPHIE ET SERVICES\",\"potentialAction\":[{\"@type\":\"SearchAction\",\"target\":{\"@type\":\"EntryPoint\",\"urlTemplate\":\"https:\/\/laserelectronique.com\/?s={search_term_string}\"},\"query-input\":{\"@type\":\"PropertyValueSpecification\",\"valueRequired\":true,\"valueName\":\"search_term_string\"}}],\"inLanguage\":\"fr-FR\"}]}<\/script>\n<!-- \/ Yoast SEO plugin. -->","yoast_head_json":{"title":"Station manuelle Zipp 10 - LASER ELECTRONIQUE TP","robots":{"index":"index","follow":"follow","max-snippet":"max-snippet:-1","max-image-preview":"max-image-preview:large","max-video-preview":"max-video-preview:-1"},"canonical":"https:\/\/laserelectronique.com\/?product=station-manuelle-zipp-10","og_locale":"fr_FR","og_type":"article","og_title":"Station manuelle Zipp 10 - LASER ELECTRONIQUE TP","og_description":"Station totale manuelle Zipp 10 Avec ses mesures sans r\u00e9flecteur \u00e0 250 m, \u00e0 2 \u00ab\u00a0et 5\u00a0\u00bb de pr\u00e9cision d&rsquo;angle, d&rsquo;un grand \u00e9cran lumineux et des applications facile \u00e0 utiliser&hellip;","og_url":"https:\/\/laserelectronique.com\/?product=station-manuelle-zipp-10","og_site_name":"LASER ELECTRONIQUE TP","article_modified_time":"2020-11-18T14:39:07+00:00","og_image":[{"width":1100,"height":1695,"url":"https:\/\/laserelectronique.com\/wp-content\/uploads\/2017\/04\/Zipp10-Pro-S.jpg","type":"image\/jpeg"}],"twitter_card":"summary_large_image","twitter_misc":{"Dur\u00e9e de lecture estim\u00e9e":"1 minute"},"schema":{"@context":"https:\/\/schema.org","@graph":[{"@type":"WebPage","@id":"https:\/\/laserelectronique.com\/?product=station-manuelle-zipp-10","url":"https:\/\/laserelectronique.com\/?product=station-manuelle-zipp-10","name":"Station manuelle Zipp 10 - LASER ELECTRONIQUE TP","isPartOf":{"@id":"https:\/\/laserelectronique.com\/#website"},"primaryImageOfPage":{"@id":"https:\/\/laserelectronique.com\/?product=station-manuelle-zipp-10#primaryimage"},"image":{"@id":"https:\/\/laserelectronique.com\/?product=station-manuelle-zipp-10#primaryimage"},"thumbnailUrl":"https:\/\/laserelectronique.com\/wp-content\/uploads\/2017\/04\/Zipp10-Pro-S.jpg","datePublished":"2017-04-12T14:28:02+00:00","dateModified":"2020-11-18T14:39:07+00:00","breadcrumb":{"@id":"https:\/\/laserelectronique.com\/?product=station-manuelle-zipp-10#breadcrumb"},"inLanguage":"fr-FR","potentialAction":[{"@type":"ReadAction","target":["https:\/\/laserelectronique.com\/?product=station-manuelle-zipp-10"]}]},{"@type":"ImageObject","inLanguage":"fr-FR","@id":"https:\/\/laserelectronique.com\/?product=station-manuelle-zipp-10#primaryimage","url":"https:\/\/laserelectronique.com\/wp-content\/uploads\/2017\/04\/Zipp10-Pro-S.jpg","contentUrl":"https:\/\/laserelectronique.com\/wp-content\/uploads\/2017\/04\/Zipp10-Pro-S.jpg","width":1100,"height":1695},{"@type":"BreadcrumbList","@id":"https:\/\/laserelectronique.com\/?product=station-manuelle-zipp-10#breadcrumb","itemListElement":[{"@type":"ListItem","position":1,"name":"Accueil","item":"https:\/\/laserelectronique.com\/"},{"@type":"ListItem","position":2,"name":"Boutique","item":"https:\/\/laserelectronique.com\/?page_id=7"},{"@type":"ListItem","position":3,"name":"Station manuelle Zipp 10"}]},{"@type":"WebSite","@id":"https:\/\/laserelectronique.com\/#website","url":"https:\/\/laserelectronique.com\/","name":"LASER ELECTRONIQUE TP","description":"VOTRE PARTENAIRE EN GUIDAGE D&#039;ENGINS, TOPOGRAPHIE ET SERVICES","potentialAction":[{"@type":"SearchAction","target":{"@type":"EntryPoint","urlTemplate":"https:\/\/laserelectronique.com\/?s={search_term_string}"},"query-input":{"@type":"PropertyValueSpecification","valueRequired":true,"valueName":"search_term_string"}}],"inLanguage":"fr-FR"}]}},"_links":{"self":[{"href":"https:\/\/laserelectronique.com\/index.php?rest_route=\/wp\/v2\/product\/518","targetHints":{"allow":["GET"]}}],"collection":[{"href":"https:\/\/laserelectronique.com\/index.php?rest_route=\/wp\/v2\/product"}],"about":[{"href":"https:\/\/laserelectronique.com\/index.php?rest_route=\/wp\/v2\/types\/product"}],"replies":[{"embeddable":true,"href":"https:\/\/laserelectronique.com\/index.php?rest_route=%2Fwp%2Fv2%2Fcomments&post=518"}],"wp:featuredmedia":[{"embeddable":true,"href":"https:\/\/laserelectronique.com\/index.php?rest_route=\/wp\/v2\/media\/525"}],"wp:attachment":[{"href":"https:\/\/laserelectronique.com\/index.php?rest_route=%2Fwp%2Fv2%2Fmedia&parent=518"}],"wp:term":[{"taxonomy":"product_cat","embeddable":true,"href":"https:\/\/laserelectronique.com\/index.php?rest_route=%2Fwp%2Fv2%2Fproduct_cat&post=518"},{"taxonomy":"product_tag","embeddable":true,"href":"https:\/\/laserelectronique.com\/index.php?rest_route=%2Fwp%2Fv2%2Fproduct_tag&post=518"}],"curies":[{"name":"wp","href":"https:\/\/api.w.org\/{rel}","templated":true}]}}