{"id":3351,"date":"2022-02-03T14:27:33","date_gmt":"2022-02-03T13:27:33","guid":{"rendered":"http:\/\/laserelectronique.com\/?post_type=product&#038;p=3351"},"modified":"2024-10-26T15:30:17","modified_gmt":"2024-10-26T13:30:17","slug":"thermometre-a-visee-laser-t750","status":"publish","type":"product","link":"https:\/\/laserelectronique.com\/?product=thermometre-a-visee-laser-t750","title":{"rendered":"Thermom\u00e8tre \u00e0 vis\u00e9e laser T880"},"content":{"rendered":"<h3>Thermom\u00e8tre infrarouge utilis\u00e9 pour mesurer la temp\u00e9rature de surface.<\/h3>\n<h3>Id\u00e9al pour la mesure sans contact s\u00fbre et rapide des enrob\u00e9s<\/h3>\n<p><strong>Caract\u00e9ristiques:<\/strong><\/p>\n<p><strong>Le laser circulaire vous aide \u00e0 viser la cible. <\/strong><\/p>\n<p><strong>Conception pratique et fonctionnelle. <\/strong><\/p>\n<p><strong>Mesure Humidit\u00e9 Ambiante<\/strong><\/p>\n<p><strong>Alarmes Sonores Haute et Basse<\/strong><\/p>\n<p><strong>M\u00e9morisation Derni\u00e8re Mesure <\/strong><\/p>\n<p><strong>R\u00e9tro \u00c9clairage<\/strong><\/p>\n<p><strong>Arr\u00eat Automatique \u2264 20 secondes<\/strong><\/p>\n<p><strong>Indication Batterie Faible<\/strong><\/p>\n<p><strong>Plage de mesure:\u00a0\u00a0\u00a0\u00a0\u00a0\u00a0\u00a0\u00a0\u00a0\u00a0\u00a0\u00a0\u00a0\u00a0\u00a0\u00a0\u00a0\u00a0\u00a0\u00a0 -50\u00b0C&#8230;+880\u00b0C<\/strong><\/p>\n<p><strong>Affichage\u00a0 \u00a0 \u00a0 \u00a0 \u00a0 \u00a0 \u00a0 \u00a0 \u00a0 \u00a0 \u00a0 \u00a0 \u00a0 \u00a0 \u00a0 \u00c9cran Couleur LCD, r\u00e9tro-\u00e9clairage blanc,affichage graphique<\/strong><\/p>\n<p><strong>Rapport Optique :\u00a0\u00a0\u00a0\u00a0\u00a0\u00a0\u00a0\u00a0\u00a0\u00a0\u00a0\u00a0\u00a0\u00a0\u00a0\u00a0\u00a0\u00a0\u00a0\u00a0 12 :1<\/strong><\/p>\n<p><strong>R\u00e9solution:\u00a0 \u00a0 \u00a0 \u00a0 \u00a0 \u00a0 \u00a0 \u00a0 \u00a0 \u00a0 \u00a0 \u00a0 \u00a0 \u00a0 \u00a0 \u00a0 \u00a00.1 <\/strong><strong>\u2103<\/strong><\/p>\n<p><strong>Pr\u00e9cision de mesure:\u00a0 \u00a0 \u00a0 \u00a0 \u00a0 \u00a0 \u00a0\u00b11.5% +1\u00b0C<\/strong><\/p>\n<p><strong>Temps de test:\u00a0 \u00a0 \u00a0 \u00a0 \u00a0 \u00a0 \u00a0 \u00a0 \u00a0 \u00a0 \u00a0 \u00a0 \u00a0 \u00a0500 ms \u00e0 95%<\/strong><\/p>\n<p><strong>Longueur d\u2019ondes :\u00a0 \u00a0 \u00a0 \u00a0 \u00a0 \u00a0 \u00a0 \u00a0 \u00a0 8&#8230;14\u03bcm<\/strong><\/p>\n<p><strong>Emissivit\u00e9 pr\u00e9r\u00e9gl\u00e9 0.95 :\u00a0 \u00a0 \u00a00.1 \u00e0 1.00<\/strong><\/p>\n<p><strong>Vis\u00e9e laser :\u00a0 \u00a0 \u00a0 \u00a0 \u00a0 \u00a0 \u00a0 \u00a0 \u00a0 \u00a0 \u00a0 \u00a0 \u00a0 \u00a0 \u00a0 \u00a0 Circulaire 13 points<\/strong><\/p>\n<p><strong>Humidit\u00e9 de travail :\u00a0 \u00a0 \u00a0 \u00a0 \u00a0 \u00a0 \u00a0 \u00a010\/95%RH<\/strong><\/p>\n<p><strong>Temp de travail :\u00a0\u00a0\u00a0\u00a0\u00a0\u00a0\u00a0\u00a0\u00a0\u00a0\u00a0\u00a0\u00a0\u00a0\u00a0\u00a0\u00a0\u00a0\u00a0\u00a0 \u00a0\u00a00\/+50\u00b0C (+\/-1.5%+1)<\/strong><\/p>\n<p><strong>Piles fournies:\u00a0\u00a0\u00a0\u00a0\u00a0\u00a0\u00a0\u00a0\u00a0\u00a0 \u00a0\u00a0\u00a0\u00a0\u00a0\u00a0\u00a0\u00a0\u00a0\u00a0\u00a0\u00a0\u00a0\u00a0\u00a0\u00a01.5V x 2 AAA <\/strong><\/p>\n<p><strong>Taille:\u00a0 \u00a0 \u00a0 \u00a0 \u00a0 \u00a0 \u00a0 \u00a0 \u00a0 \u00a0 \u00a0 \u00a0 \u00a0 \u00a0 \u00a0 \u00a0 \u00a0 \u00a0 \u00a0 \u00a0 \u00a0 \u00a0155x92x42 mm<\/strong><\/p>\n<p><strong>Poids :\u00a0 \u00a0 \u00a0 \u00a0 \u00a0 \u00a0 \u00a0 \u00a0 \u00a0 \u00a0 \u00a0 \u00a0 \u00a0 \u00a0 \u00a0 \u00a0 \u00a0 \u00a0 \u00a0 \u00a0 \u00a0 180 grammes<\/strong><\/p>\n<p><strong>\u00a0<\/strong><\/p>\n<p><strong>Sacoche offerte<img loading=\"lazy\" decoding=\"async\" class=\"wp-image-5070 aligncenter\" src=\"https:\/\/laserins.fr\/wp-content\/uploads\/2024\/10\/T750SACOCHE.png\" alt=\"\" width=\"297\" height=\"297\" \/><\/strong><\/p>\n<p>&nbsp;<\/p>\n<p><strong>Document :\u00a0<a href=\"http:\/\/laserins.fr\/wp-content\/uploads\/2022\/02\/29-DOC-T750.pdf\">DOC T750<\/a><\/strong><\/p>\n","protected":false},"excerpt":{"rendered":"<p>Thermom\u00e8tre infrarouge utilis\u00e9 pour mesurer la temp\u00e9rature de surface. Id\u00e9al pour la mesure sans contact s\u00fbre et rapide des enrob\u00e9s Caract\u00e9ristiques: Le laser circulaire vous aide \u00e0 viser la cible.&hellip;<\/p>\n","protected":false},"featured_media":3481,"comment_status":"closed","ping_status":"closed","template":"","meta":[],"product_cat":[57],"product_tag":[],"class_list":{"0":"post-3351","1":"product","2":"type-product","3":"status-publish","4":"has-post-thumbnail","6":"product_cat-securite-et-mesures","7":"","9":"first","10":"instock","11":"sold-individually","12":"taxable","13":"shipping-taxable","14":"purchasable","15":"product-type-simple"},"yoast_head":"<!-- This site is optimized with the Yoast SEO plugin v24.7 - https:\/\/yoast.com\/wordpress\/plugins\/seo\/ -->\n<title>Thermom\u00e8tre \u00e0 vis\u00e9e laser T880 - LASER ELECTRONIQUE TP<\/title>\n<meta name=\"robots\" content=\"index, follow, max-snippet:-1, max-image-preview:large, max-video-preview:-1\" \/>\n<link rel=\"canonical\" href=\"https:\/\/laserelectronique.com\/?product=thermometre-a-visee-laser-t750\" \/>\n<meta property=\"og:locale\" content=\"fr_FR\" \/>\n<meta property=\"og:type\" content=\"article\" \/>\n<meta property=\"og:title\" content=\"Thermom\u00e8tre \u00e0 vis\u00e9e laser T880 - LASER ELECTRONIQUE TP\" \/>\n<meta property=\"og:description\" content=\"Thermom\u00e8tre infrarouge utilis\u00e9 pour mesurer la temp\u00e9rature de surface. Id\u00e9al pour la mesure sans contact s\u00fbre et rapide des enrob\u00e9s Caract\u00e9ristiques: Le laser circulaire vous aide \u00e0 viser la cible.&hellip;\" \/>\n<meta property=\"og:url\" content=\"https:\/\/laserelectronique.com\/?product=thermometre-a-visee-laser-t750\" \/>\n<meta property=\"og:site_name\" content=\"LASER ELECTRONIQUE TP\" \/>\n<meta property=\"article:modified_time\" content=\"2024-10-26T13:30:17+00:00\" \/>\n<meta property=\"og:image\" content=\"https:\/\/laserelectronique.com\/wp-content\/uploads\/2022\/02\/T880.png\" \/>\n\t<meta property=\"og:image:width\" content=\"900\" \/>\n\t<meta property=\"og:image:height\" content=\"900\" \/>\n\t<meta property=\"og:image:type\" content=\"image\/png\" \/>\n<meta name=\"twitter:card\" content=\"summary_large_image\" \/>\n<meta name=\"twitter:label1\" content=\"Dur\u00e9e de lecture estim\u00e9e\" \/>\n\t<meta name=\"twitter:data1\" content=\"1 minute\" \/>\n<script type=\"application\/ld+json\" class=\"yoast-schema-graph\">{\"@context\":\"https:\/\/schema.org\",\"@graph\":[{\"@type\":\"WebPage\",\"@id\":\"https:\/\/laserelectronique.com\/?product=thermometre-a-visee-laser-t750\",\"url\":\"https:\/\/laserelectronique.com\/?product=thermometre-a-visee-laser-t750\",\"name\":\"Thermom\u00e8tre \u00e0 vis\u00e9e laser T880 - LASER ELECTRONIQUE TP\",\"isPartOf\":{\"@id\":\"https:\/\/laserelectronique.com\/#website\"},\"primaryImageOfPage\":{\"@id\":\"https:\/\/laserelectronique.com\/?product=thermometre-a-visee-laser-t750#primaryimage\"},\"image\":{\"@id\":\"https:\/\/laserelectronique.com\/?product=thermometre-a-visee-laser-t750#primaryimage\"},\"thumbnailUrl\":\"https:\/\/laserelectronique.com\/wp-content\/uploads\/2022\/02\/T880.png\",\"datePublished\":\"2022-02-03T13:27:33+00:00\",\"dateModified\":\"2024-10-26T13:30:17+00:00\",\"breadcrumb\":{\"@id\":\"https:\/\/laserelectronique.com\/?product=thermometre-a-visee-laser-t750#breadcrumb\"},\"inLanguage\":\"fr-FR\",\"potentialAction\":[{\"@type\":\"ReadAction\",\"target\":[\"https:\/\/laserelectronique.com\/?product=thermometre-a-visee-laser-t750\"]}]},{\"@type\":\"ImageObject\",\"inLanguage\":\"fr-FR\",\"@id\":\"https:\/\/laserelectronique.com\/?product=thermometre-a-visee-laser-t750#primaryimage\",\"url\":\"https:\/\/laserelectronique.com\/wp-content\/uploads\/2022\/02\/T880.png\",\"contentUrl\":\"https:\/\/laserelectronique.com\/wp-content\/uploads\/2022\/02\/T880.png\",\"width\":900,\"height\":900},{\"@type\":\"BreadcrumbList\",\"@id\":\"https:\/\/laserelectronique.com\/?product=thermometre-a-visee-laser-t750#breadcrumb\",\"itemListElement\":[{\"@type\":\"ListItem\",\"position\":1,\"name\":\"Accueil\",\"item\":\"https:\/\/laserelectronique.com\/\"},{\"@type\":\"ListItem\",\"position\":2,\"name\":\"Boutique\",\"item\":\"https:\/\/laserelectronique.com\/?page_id=7\"},{\"@type\":\"ListItem\",\"position\":3,\"name\":\"Thermom\u00e8tre \u00e0 vis\u00e9e laser T880\"}]},{\"@type\":\"WebSite\",\"@id\":\"https:\/\/laserelectronique.com\/#website\",\"url\":\"https:\/\/laserelectronique.com\/\",\"name\":\"LASER ELECTRONIQUE TP\",\"description\":\"VOTRE PARTENAIRE EN GUIDAGE D&#039;ENGINS, TOPOGRAPHIE ET SERVICES\",\"potentialAction\":[{\"@type\":\"SearchAction\",\"target\":{\"@type\":\"EntryPoint\",\"urlTemplate\":\"https:\/\/laserelectronique.com\/?s={search_term_string}\"},\"query-input\":{\"@type\":\"PropertyValueSpecification\",\"valueRequired\":true,\"valueName\":\"search_term_string\"}}],\"inLanguage\":\"fr-FR\"}]}<\/script>\n<!-- \/ Yoast SEO plugin. -->","yoast_head_json":{"title":"Thermom\u00e8tre \u00e0 vis\u00e9e laser T880 - LASER ELECTRONIQUE TP","robots":{"index":"index","follow":"follow","max-snippet":"max-snippet:-1","max-image-preview":"max-image-preview:large","max-video-preview":"max-video-preview:-1"},"canonical":"https:\/\/laserelectronique.com\/?product=thermometre-a-visee-laser-t750","og_locale":"fr_FR","og_type":"article","og_title":"Thermom\u00e8tre \u00e0 vis\u00e9e laser T880 - LASER ELECTRONIQUE TP","og_description":"Thermom\u00e8tre infrarouge utilis\u00e9 pour mesurer la temp\u00e9rature de surface. Id\u00e9al pour la mesure sans contact s\u00fbre et rapide des enrob\u00e9s Caract\u00e9ristiques: Le laser circulaire vous aide \u00e0 viser la cible.&hellip;","og_url":"https:\/\/laserelectronique.com\/?product=thermometre-a-visee-laser-t750","og_site_name":"LASER ELECTRONIQUE TP","article_modified_time":"2024-10-26T13:30:17+00:00","og_image":[{"width":900,"height":900,"url":"https:\/\/laserelectronique.com\/wp-content\/uploads\/2022\/02\/T880.png","type":"image\/png"}],"twitter_card":"summary_large_image","twitter_misc":{"Dur\u00e9e de lecture estim\u00e9e":"1 minute"},"schema":{"@context":"https:\/\/schema.org","@graph":[{"@type":"WebPage","@id":"https:\/\/laserelectronique.com\/?product=thermometre-a-visee-laser-t750","url":"https:\/\/laserelectronique.com\/?product=thermometre-a-visee-laser-t750","name":"Thermom\u00e8tre \u00e0 vis\u00e9e laser T880 - LASER ELECTRONIQUE TP","isPartOf":{"@id":"https:\/\/laserelectronique.com\/#website"},"primaryImageOfPage":{"@id":"https:\/\/laserelectronique.com\/?product=thermometre-a-visee-laser-t750#primaryimage"},"image":{"@id":"https:\/\/laserelectronique.com\/?product=thermometre-a-visee-laser-t750#primaryimage"},"thumbnailUrl":"https:\/\/laserelectronique.com\/wp-content\/uploads\/2022\/02\/T880.png","datePublished":"2022-02-03T13:27:33+00:00","dateModified":"2024-10-26T13:30:17+00:00","breadcrumb":{"@id":"https:\/\/laserelectronique.com\/?product=thermometre-a-visee-laser-t750#breadcrumb"},"inLanguage":"fr-FR","potentialAction":[{"@type":"ReadAction","target":["https:\/\/laserelectronique.com\/?product=thermometre-a-visee-laser-t750"]}]},{"@type":"ImageObject","inLanguage":"fr-FR","@id":"https:\/\/laserelectronique.com\/?product=thermometre-a-visee-laser-t750#primaryimage","url":"https:\/\/laserelectronique.com\/wp-content\/uploads\/2022\/02\/T880.png","contentUrl":"https:\/\/laserelectronique.com\/wp-content\/uploads\/2022\/02\/T880.png","width":900,"height":900},{"@type":"BreadcrumbList","@id":"https:\/\/laserelectronique.com\/?product=thermometre-a-visee-laser-t750#breadcrumb","itemListElement":[{"@type":"ListItem","position":1,"name":"Accueil","item":"https:\/\/laserelectronique.com\/"},{"@type":"ListItem","position":2,"name":"Boutique","item":"https:\/\/laserelectronique.com\/?page_id=7"},{"@type":"ListItem","position":3,"name":"Thermom\u00e8tre \u00e0 vis\u00e9e laser T880"}]},{"@type":"WebSite","@id":"https:\/\/laserelectronique.com\/#website","url":"https:\/\/laserelectronique.com\/","name":"LASER ELECTRONIQUE TP","description":"VOTRE PARTENAIRE EN GUIDAGE D&#039;ENGINS, TOPOGRAPHIE ET SERVICES","potentialAction":[{"@type":"SearchAction","target":{"@type":"EntryPoint","urlTemplate":"https:\/\/laserelectronique.com\/?s={search_term_string}"},"query-input":{"@type":"PropertyValueSpecification","valueRequired":true,"valueName":"search_term_string"}}],"inLanguage":"fr-FR"}]}},"_links":{"self":[{"href":"https:\/\/laserelectronique.com\/index.php?rest_route=\/wp\/v2\/product\/3351","targetHints":{"allow":["GET"]}}],"collection":[{"href":"https:\/\/laserelectronique.com\/index.php?rest_route=\/wp\/v2\/product"}],"about":[{"href":"https:\/\/laserelectronique.com\/index.php?rest_route=\/wp\/v2\/types\/product"}],"replies":[{"embeddable":true,"href":"https:\/\/laserelectronique.com\/index.php?rest_route=%2Fwp%2Fv2%2Fcomments&post=3351"}],"wp:featuredmedia":[{"embeddable":true,"href":"https:\/\/laserelectronique.com\/index.php?rest_route=\/wp\/v2\/media\/3481"}],"wp:attachment":[{"href":"https:\/\/laserelectronique.com\/index.php?rest_route=%2Fwp%2Fv2%2Fmedia&parent=3351"}],"wp:term":[{"taxonomy":"product_cat","embeddable":true,"href":"https:\/\/laserelectronique.com\/index.php?rest_route=%2Fwp%2Fv2%2Fproduct_cat&post=3351"},{"taxonomy":"product_tag","embeddable":true,"href":"https:\/\/laserelectronique.com\/index.php?rest_route=%2Fwp%2Fv2%2Fproduct_tag&post=3351"}],"curies":[{"name":"wp","href":"https:\/\/api.w.org\/{rel}","templated":true}]}}