{"id":3268,"date":"2020-12-29T10:24:47","date_gmt":"2020-12-29T09:24:47","guid":{"rendered":"http:\/\/laserelectronique.com\/?post_type=product&#038;p=3268"},"modified":"2020-12-29T11:00:35","modified_gmt":"2020-12-29T10:00:35","slug":"mire-lumineuse-lumiscale-nedo","status":"publish","type":"product","link":"https:\/\/laserelectronique.com\/?product=mire-lumineuse-lumiscale-nedo","title":{"rendered":"Mire lumineuse LumiScale Nedo"},"content":{"rendered":"<div class=\"STYLE_12\" align=\"Left\">\n<div class=\"STYLE_TextBalken_12\" align=\"center\"><\/div>\n<h3 class=\"STYLE_TextBalken_12\" style=\"text-align: left;\" align=\"center\"><b>Mire lumineuse LumiScale<\/b><\/h3>\n<div class=\"STYLE_12\" align=\"LEFT\">M<strong>ire lumineuse \u00e0 code barre pour une utilisation<\/strong><br \/>\n<strong>o\u00f9 l&rsquo;\u00e9clairage ambiant est mauvais (souterrain,<\/strong><br \/>\n<strong>tunnels etc.)<\/strong><\/div>\n<div class=\"STYLE_12\" align=\"LEFT\"><strong><img loading=\"lazy\" decoding=\"async\" class=\"alignnone wp-image-3275\" src=\"https:\/\/laserelectronique.com\/wp-content\/uploads\/2020\/12\/340220photo.png\" alt=\"\" width=\"744\" height=\"558\" srcset=\"https:\/\/laserelectronique.com\/wp-content\/uploads\/2020\/12\/340220photo.png 551w, https:\/\/laserelectronique.com\/wp-content\/uploads\/2020\/12\/340220photo-300x225.png 300w\" sizes=\"auto, (max-width: 744px) 100vw, 744px\" \/><\/strong><\/div>\n<div class=\"STYLE_12\" align=\"LEFT\"><strong>La graduation de LumiScale est \u00e9clair\u00e9e \u00e0 l&rsquo;aide<\/strong><\/div>\n<p><img loading=\"lazy\" decoding=\"async\" class=\"alignright\" src=\"https:\/\/nedo.com\/img\/products\/vmg\/lumiscale.gif\" width=\"132\" height=\"280\" \/><\/p>\n<div class=\"STYLE_12\" align=\"LEFT\"><strong>d&rsquo;une feuille \u00e9lectroluminescente. <\/strong><\/div>\n<div class=\"STYLE_12\" align=\"LEFT\"><strong>Contrairement<\/strong><strong>\u00e0 un \u00e9clairage externe, <\/strong><\/div>\n<div class=\"STYLE_12\" align=\"LEFT\"><strong>la totalit\u00e9 de la graduation<\/strong><strong>est \u00e9clair\u00e9e <\/strong><\/div>\n<div class=\"STYLE_12\" align=\"LEFT\"><strong>sans la pr\u00e9sence d&rsquo;ombre. Il a \u00e9t\u00e9 <\/strong><strong>prouv\u00e9, <\/strong><\/div>\n<div class=\"STYLE_12\" align=\"LEFT\"><strong>dans le cadre de tests r\u00e9alis\u00e9s par l&rsquo;uni<\/strong><strong>versit\u00e9 de Graz, <\/strong><\/div>\n<div class=\"STYLE_12\" align=\"LEFT\"><strong>que les erreurs de mesure sont <\/strong><strong>\u00e9limin\u00e9es <\/strong><\/div>\n<div class=\"STYLE_12\" align=\"LEFT\"><strong>gr\u00e2ce \u00e0 l\u2019\u00e9clairage constant de la <\/strong><strong>graduation.<\/strong><br \/>\n<strong>LumiScale peut \u00eatre, pour sa pr\u00e9cision, class\u00e9<\/strong><br \/>\n<strong>entre les mires de nivellement (DIN 18703) et les<\/strong><br \/>\n<strong>mires de nivellement de pr\u00e9cision (DIN 18717).<\/strong><br \/>\n<strong>LumiScale est un projet commun de Nedo et de<\/strong><br \/>\n<strong>l&rsquo;Universit\u00e9 Technique de Graz (Prof. Brunner).<\/strong><\/div>\n<div class=\"STYLE_12\" align=\"LEFT\"><strong>Caract\u00e9ristiques techniques :<\/strong><\/div>\n<div class=\"STYLE_12\" align=\"LEFT\">\n<table border=\"0\" cellspacing=\"0\" cellpadding=\"2\">\n<tbody>\n<tr>\n<td class=\"TabelleZeile1\" align=\"LEFT\" valign=\"TOP\" width=\"300\"><strong>Graduation<\/strong><\/td>\n<td class=\"TabelleZeile1\" align=\"LEFT\" valign=\"TOP\" width=\"300\"><strong>Code barre Leica, Sokkia, Topcon ou Trimble<\/strong><\/td>\n<\/tr>\n<tr>\n<td class=\"TabelleZeile2\" align=\"LEFT\" valign=\"TOP\" width=\"300\"><strong>Porteur de la graduation<\/strong><\/td>\n<td class=\"TabelleZeile2\" align=\"LEFT\" valign=\"TOP\" width=\"300\"><strong>Film polyester (\u03b1<sub>TH<\/sub>\u00a0&lt; 18 ppm\/\u00b0C)<\/strong><\/td>\n<\/tr>\n<tr>\n<td class=\"TabelleZeile3\" align=\"LEFT\" valign=\"TOP\" width=\"300\"><strong>Pr\u00e9cision<\/strong><\/td>\n<td class=\"TabelleZeile3\" align=\"LEFT\" valign=\"TOP\" width=\"300\"><strong>\u0394<i>l = \u00b1(0,2 mm + 2l*10<sup>-4<\/sup>)<\/i>\u00a0temp\u00e9rature de 20\u00b0C<\/strong><\/td>\n<\/tr>\n<tr>\n<td class=\"TabelleZeile2\" align=\"LEFT\" valign=\"TOP\" width=\"300\"><strong>Coefficient de dilatation<\/strong><br \/>\n<strong>thermique du corps de mire<\/strong><\/td>\n<td class=\"TabelleZeile2\" align=\"LEFT\" valign=\"TOP\" width=\"300\"><strong>23,5 x 10<sup>-6<\/sup>\u00a0K<sup>-1<\/sup><\/strong><\/td>\n<\/tr>\n<tr>\n<td class=\"TabelleZeile3\" align=\"LEFT\" valign=\"TOP\" width=\"300\"><strong>Surface illumin\u00e9e<\/strong><\/td>\n<td class=\"TabelleZeile3\" align=\"LEFT\" valign=\"TOP\" width=\"300\"><strong>2125 mm x 25 mm<\/strong><\/td>\n<\/tr>\n<tr>\n<td class=\"TabelleZeile2\" align=\"LEFT\" valign=\"TOP\" width=\"300\"><strong>Eclairage<\/strong><\/td>\n<td class=\"TabelleZeile2\" align=\"LEFT\" valign=\"TOP\" width=\"300\"><strong>feuille \u00e9lectroluminescente<\/strong><\/td>\n<\/tr>\n<tr>\n<td class=\"TabelleZeile3\" align=\"LEFT\" valign=\"TOP\" width=\"300\"><strong>Alimentation<\/strong><\/td>\n<td class=\"TabelleZeile3\" align=\"LEFT\" valign=\"TOP\" width=\"300\"><strong>Accu NiMH amovible, 2000 mAh<\/strong><\/td>\n<\/tr>\n<tr>\n<td class=\"TabelleZeile2\" align=\"LEFT\" valign=\"TOP\" width=\"300\"><strong>Autonomie<\/strong><\/td>\n<td class=\"TabelleZeile2\" align=\"LEFT\" valign=\"TOP\" width=\"300\"><strong>env. 8 h<\/strong><\/td>\n<\/tr>\n<tr>\n<td class=\"TabelleZeile3\" align=\"LEFT\" valign=\"TOP\" width=\"300\"><strong>Classe de protection<\/strong><\/td>\n<td class=\"TabelleZeile3\" align=\"LEFT\" valign=\"TOP\" width=\"300\"><strong>IP 54<\/strong><\/td>\n<\/tr>\n<tr>\n<td class=\"TabelleZeile2\" align=\"LEFT\" valign=\"TOP\" width=\"300\"><strong>Dimensions<\/strong><\/td>\n<td class=\"TabelleZeile2\" align=\"LEFT\" valign=\"TOP\" width=\"300\"><strong>2200 mm x 70 mm x 60,5 mm<\/strong><\/td>\n<\/tr>\n<tr>\n<td class=\"TabelleZeile3\" align=\"LEFT\" valign=\"TOP\" width=\"300\"><strong>Corps de la mire<\/strong><\/td>\n<td class=\"TabelleZeile3\" align=\"LEFT\" valign=\"TOP\" width=\"300\"><strong>Profil\u00e9 en aluminium avec nivelle et poign\u00e9e<\/strong><\/td>\n<\/tr>\n<tr>\n<td class=\"TabelleZeile2\" align=\"LEFT\" valign=\"TOP\" width=\"300\"><strong>Poids<\/strong><\/td>\n<td class=\"TabelleZeile2\" align=\"LEFT\" valign=\"TOP\" width=\"300\"><strong>env. 4,0 kg (avec accu)<\/strong><\/td>\n<\/tr>\n<\/tbody>\n<\/table>\n<\/div>\n<div class=\"STYLE_12\" align=\"LEFT\"><strong>D\u00e9tails de la commande :<\/strong><\/div>\n<div class=\"STYLE_12\" align=\"LEFT\">\n<table border=\"0\" cellspacing=\"0\" cellpadding=\"2\">\n<tbody>\n<tr>\n<td class=\"TabelleZeile1\" align=\"LEFT\" valign=\"TOP\" width=\"300\"><strong>R\u00e9f.<\/strong><\/td>\n<td class=\"TabelleZeile1\" align=\"LEFT\" valign=\"TOP\" width=\"300\"><strong>Produit<\/strong><\/td>\n<\/tr>\n<tr>\n<td class=\"TabelleZeile2\" align=\"LEFT\" valign=\"TOP\" width=\"300\"><strong>340 220<\/strong><\/td>\n<td class=\"TabelleZeile2\" align=\"LEFT\" valign=\"TOP\" width=\"300\"><strong>LumiScale avec code barre Trimble<\/strong><\/td>\n<\/tr>\n<tr>\n<td class=\"TabelleZeile3\" align=\"LEFT\" valign=\"TOP\" width=\"300\"><strong>340 222<\/strong><\/td>\n<td class=\"TabelleZeile3\" align=\"LEFT\" valign=\"TOP\" width=\"300\"><strong>LumiScale avec code barre Leica<\/strong><\/td>\n<\/tr>\n<tr>\n<td class=\"TabelleZeile2\" align=\"LEFT\" valign=\"TOP\" width=\"300\"><strong>340 223<\/strong><\/td>\n<td class=\"TabelleZeile2\" align=\"LEFT\" valign=\"TOP\" width=\"300\"><strong>LumiScale avec code barre Topcon<\/strong><\/td>\n<\/tr>\n<tr>\n<td class=\"TabelleZeile3\" align=\"LEFT\" valign=\"TOP\" width=\"300\"><strong>340 224<\/strong><\/td>\n<td class=\"TabelleZeile3\" align=\"LEFT\" valign=\"TOP\" width=\"300\"><strong>LumiScale avec code barre Sokkia<\/strong><\/td>\n<\/tr>\n<tr>\n<td class=\"TabelleZeile2\" align=\"LEFT\" valign=\"TOP\" width=\"300\"><strong>340 225<\/strong><\/td>\n<td class=\"TabelleZeile2\" align=\"LEFT\" valign=\"TOP\" width=\"300\"><strong>LumiScale avec code barre Leica Sprinter<\/strong><\/td>\n<\/tr>\n<\/tbody>\n<\/table>\n<\/div>\n<div class=\"STYLE_12\" align=\"LEFT\"><strong>D\u00e9tails de la commande accessoires :<\/strong><\/div>\n<div class=\"STYLE_12\" align=\"LEFT\">\n<table border=\"0\" cellspacing=\"0\" cellpadding=\"2\">\n<tbody>\n<tr>\n<td class=\"TabelleZeile1\" align=\"LEFT\" valign=\"TOP\" width=\"300\"><strong>R\u00e9f.<\/strong><\/td>\n<td class=\"TabelleZeile1\" align=\"LEFT\" valign=\"TOP\" width=\"300\"><strong>Produit<\/strong><\/td>\n<\/tr>\n<tr>\n<td class=\"TabelleZeile2\" align=\"LEFT\" valign=\"TOP\" width=\"300\"><strong>030 816<\/strong><\/td>\n<td class=\"TabelleZeile2\" align=\"LEFT\" valign=\"TOP\" width=\"300\"><strong>Adaptateur allume-cigarre pour v\u00e9hicule<\/strong><\/td>\n<\/tr>\n<tr>\n<td class=\"TabelleZeile3\" align=\"LEFT\" valign=\"TOP\" width=\"300\"><strong>030 794<\/strong><\/td>\n<td class=\"TabelleZeile3\" align=\"LEFT\" valign=\"TOP\" width=\"300\"><strong>Chargeur<\/strong><\/td>\n<\/tr>\n<tr>\n<td class=\"TabelleZeile2\" align=\"LEFT\" valign=\"TOP\" width=\"300\"><strong>060 330<\/strong><\/td>\n<td class=\"TabelleZeile2\" align=\"LEFT\" valign=\"TOP\" width=\"300\"><strong>Accus<\/strong><\/td>\n<\/tr>\n<\/tbody>\n<\/table>\n<\/div>\n<\/div>\n<div class=\"STYLE_12\" align=\"LEFT\"><\/div>\n","protected":false},"excerpt":{"rendered":"<p>Mire lumineuse LumiScale Mire lumineuse \u00e0 code barre pour une utilisation o\u00f9 l&rsquo;\u00e9clairage ambiant est mauvais (souterrain, tunnels etc.) La graduation de LumiScale est \u00e9clair\u00e9e \u00e0 l&rsquo;aide d&rsquo;une feuille \u00e9lectroluminescente.&hellip;<\/p>\n","protected":false},"featured_media":3269,"comment_status":"closed","ping_status":"closed","template":"","meta":[],"product_cat":[97],"product_tag":[],"class_list":{"0":"post-3268","1":"product","2":"type-product","3":"status-publish","4":"has-post-thumbnail","6":"product_cat-accessoires-de-topographie","7":"","9":"first","10":"instock","11":"taxable","12":"shipping-taxable","13":"product-type-simple"},"yoast_head":"<!-- This site is optimized with the Yoast SEO plugin v24.7 - https:\/\/yoast.com\/wordpress\/plugins\/seo\/ -->\n<title>Mire lumineuse LumiScale Nedo - LASER ELECTRONIQUE TP<\/title>\n<meta name=\"robots\" content=\"index, follow, max-snippet:-1, max-image-preview:large, max-video-preview:-1\" \/>\n<link rel=\"canonical\" href=\"https:\/\/laserelectronique.com\/?product=mire-lumineuse-lumiscale-nedo\" \/>\n<meta property=\"og:locale\" content=\"fr_FR\" \/>\n<meta property=\"og:type\" content=\"article\" \/>\n<meta property=\"og:title\" content=\"Mire lumineuse LumiScale Nedo - LASER ELECTRONIQUE TP\" \/>\n<meta property=\"og:description\" content=\"Mire lumineuse LumiScale Mire lumineuse \u00e0 code barre pour une utilisation o\u00f9 l&rsquo;\u00e9clairage ambiant est mauvais (souterrain, tunnels etc.) La graduation de LumiScale est \u00e9clair\u00e9e \u00e0 l&rsquo;aide d&rsquo;une feuille \u00e9lectroluminescente.&hellip;\" \/>\n<meta property=\"og:url\" content=\"https:\/\/laserelectronique.com\/?product=mire-lumineuse-lumiscale-nedo\" \/>\n<meta property=\"og:site_name\" content=\"LASER ELECTRONIQUE TP\" \/>\n<meta property=\"article:modified_time\" content=\"2020-12-29T10:00:35+00:00\" \/>\n<meta property=\"og:image\" content=\"https:\/\/laserelectronique.com\/wp-content\/uploads\/2020\/12\/340220.png\" \/>\n\t<meta property=\"og:image:width\" content=\"2400\" \/>\n\t<meta property=\"og:image:height\" content=\"2400\" \/>\n\t<meta property=\"og:image:type\" content=\"image\/png\" \/>\n<meta name=\"twitter:card\" content=\"summary_large_image\" \/>\n<meta name=\"twitter:label1\" content=\"Dur\u00e9e de lecture estim\u00e9e\" \/>\n\t<meta name=\"twitter:data1\" content=\"1 minute\" \/>\n<script type=\"application\/ld+json\" class=\"yoast-schema-graph\">{\"@context\":\"https:\/\/schema.org\",\"@graph\":[{\"@type\":\"WebPage\",\"@id\":\"https:\/\/laserelectronique.com\/?product=mire-lumineuse-lumiscale-nedo\",\"url\":\"https:\/\/laserelectronique.com\/?product=mire-lumineuse-lumiscale-nedo\",\"name\":\"Mire lumineuse LumiScale Nedo - LASER ELECTRONIQUE TP\",\"isPartOf\":{\"@id\":\"https:\/\/laserelectronique.com\/#website\"},\"primaryImageOfPage\":{\"@id\":\"https:\/\/laserelectronique.com\/?product=mire-lumineuse-lumiscale-nedo#primaryimage\"},\"image\":{\"@id\":\"https:\/\/laserelectronique.com\/?product=mire-lumineuse-lumiscale-nedo#primaryimage\"},\"thumbnailUrl\":\"https:\/\/laserelectronique.com\/wp-content\/uploads\/2020\/12\/340220.png\",\"datePublished\":\"2020-12-29T09:24:47+00:00\",\"dateModified\":\"2020-12-29T10:00:35+00:00\",\"breadcrumb\":{\"@id\":\"https:\/\/laserelectronique.com\/?product=mire-lumineuse-lumiscale-nedo#breadcrumb\"},\"inLanguage\":\"fr-FR\",\"potentialAction\":[{\"@type\":\"ReadAction\",\"target\":[\"https:\/\/laserelectronique.com\/?product=mire-lumineuse-lumiscale-nedo\"]}]},{\"@type\":\"ImageObject\",\"inLanguage\":\"fr-FR\",\"@id\":\"https:\/\/laserelectronique.com\/?product=mire-lumineuse-lumiscale-nedo#primaryimage\",\"url\":\"https:\/\/laserelectronique.com\/wp-content\/uploads\/2020\/12\/340220.png\",\"contentUrl\":\"https:\/\/laserelectronique.com\/wp-content\/uploads\/2020\/12\/340220.png\",\"width\":2400,\"height\":2400},{\"@type\":\"BreadcrumbList\",\"@id\":\"https:\/\/laserelectronique.com\/?product=mire-lumineuse-lumiscale-nedo#breadcrumb\",\"itemListElement\":[{\"@type\":\"ListItem\",\"position\":1,\"name\":\"Accueil\",\"item\":\"https:\/\/laserelectronique.com\/\"},{\"@type\":\"ListItem\",\"position\":2,\"name\":\"Boutique\",\"item\":\"https:\/\/laserelectronique.com\/?page_id=7\"},{\"@type\":\"ListItem\",\"position\":3,\"name\":\"Mire lumineuse LumiScale Nedo\"}]},{\"@type\":\"WebSite\",\"@id\":\"https:\/\/laserelectronique.com\/#website\",\"url\":\"https:\/\/laserelectronique.com\/\",\"name\":\"LASER ELECTRONIQUE TP\",\"description\":\"VOTRE PARTENAIRE EN GUIDAGE D&#039;ENGINS, TOPOGRAPHIE ET SERVICES\",\"potentialAction\":[{\"@type\":\"SearchAction\",\"target\":{\"@type\":\"EntryPoint\",\"urlTemplate\":\"https:\/\/laserelectronique.com\/?s={search_term_string}\"},\"query-input\":{\"@type\":\"PropertyValueSpecification\",\"valueRequired\":true,\"valueName\":\"search_term_string\"}}],\"inLanguage\":\"fr-FR\"}]}<\/script>\n<!-- \/ Yoast SEO plugin. -->","yoast_head_json":{"title":"Mire lumineuse LumiScale Nedo - LASER ELECTRONIQUE TP","robots":{"index":"index","follow":"follow","max-snippet":"max-snippet:-1","max-image-preview":"max-image-preview:large","max-video-preview":"max-video-preview:-1"},"canonical":"https:\/\/laserelectronique.com\/?product=mire-lumineuse-lumiscale-nedo","og_locale":"fr_FR","og_type":"article","og_title":"Mire lumineuse LumiScale Nedo - LASER ELECTRONIQUE TP","og_description":"Mire lumineuse LumiScale Mire lumineuse \u00e0 code barre pour une utilisation o\u00f9 l&rsquo;\u00e9clairage ambiant est mauvais (souterrain, tunnels etc.) La graduation de LumiScale est \u00e9clair\u00e9e \u00e0 l&rsquo;aide d&rsquo;une feuille \u00e9lectroluminescente.&hellip;","og_url":"https:\/\/laserelectronique.com\/?product=mire-lumineuse-lumiscale-nedo","og_site_name":"LASER ELECTRONIQUE TP","article_modified_time":"2020-12-29T10:00:35+00:00","og_image":[{"width":2400,"height":2400,"url":"https:\/\/laserelectronique.com\/wp-content\/uploads\/2020\/12\/340220.png","type":"image\/png"}],"twitter_card":"summary_large_image","twitter_misc":{"Dur\u00e9e de lecture estim\u00e9e":"1 minute"},"schema":{"@context":"https:\/\/schema.org","@graph":[{"@type":"WebPage","@id":"https:\/\/laserelectronique.com\/?product=mire-lumineuse-lumiscale-nedo","url":"https:\/\/laserelectronique.com\/?product=mire-lumineuse-lumiscale-nedo","name":"Mire lumineuse LumiScale Nedo - LASER ELECTRONIQUE TP","isPartOf":{"@id":"https:\/\/laserelectronique.com\/#website"},"primaryImageOfPage":{"@id":"https:\/\/laserelectronique.com\/?product=mire-lumineuse-lumiscale-nedo#primaryimage"},"image":{"@id":"https:\/\/laserelectronique.com\/?product=mire-lumineuse-lumiscale-nedo#primaryimage"},"thumbnailUrl":"https:\/\/laserelectronique.com\/wp-content\/uploads\/2020\/12\/340220.png","datePublished":"2020-12-29T09:24:47+00:00","dateModified":"2020-12-29T10:00:35+00:00","breadcrumb":{"@id":"https:\/\/laserelectronique.com\/?product=mire-lumineuse-lumiscale-nedo#breadcrumb"},"inLanguage":"fr-FR","potentialAction":[{"@type":"ReadAction","target":["https:\/\/laserelectronique.com\/?product=mire-lumineuse-lumiscale-nedo"]}]},{"@type":"ImageObject","inLanguage":"fr-FR","@id":"https:\/\/laserelectronique.com\/?product=mire-lumineuse-lumiscale-nedo#primaryimage","url":"https:\/\/laserelectronique.com\/wp-content\/uploads\/2020\/12\/340220.png","contentUrl":"https:\/\/laserelectronique.com\/wp-content\/uploads\/2020\/12\/340220.png","width":2400,"height":2400},{"@type":"BreadcrumbList","@id":"https:\/\/laserelectronique.com\/?product=mire-lumineuse-lumiscale-nedo#breadcrumb","itemListElement":[{"@type":"ListItem","position":1,"name":"Accueil","item":"https:\/\/laserelectronique.com\/"},{"@type":"ListItem","position":2,"name":"Boutique","item":"https:\/\/laserelectronique.com\/?page_id=7"},{"@type":"ListItem","position":3,"name":"Mire lumineuse LumiScale Nedo"}]},{"@type":"WebSite","@id":"https:\/\/laserelectronique.com\/#website","url":"https:\/\/laserelectronique.com\/","name":"LASER ELECTRONIQUE TP","description":"VOTRE PARTENAIRE EN GUIDAGE D&#039;ENGINS, TOPOGRAPHIE ET SERVICES","potentialAction":[{"@type":"SearchAction","target":{"@type":"EntryPoint","urlTemplate":"https:\/\/laserelectronique.com\/?s={search_term_string}"},"query-input":{"@type":"PropertyValueSpecification","valueRequired":true,"valueName":"search_term_string"}}],"inLanguage":"fr-FR"}]}},"_links":{"self":[{"href":"https:\/\/laserelectronique.com\/index.php?rest_route=\/wp\/v2\/product\/3268","targetHints":{"allow":["GET"]}}],"collection":[{"href":"https:\/\/laserelectronique.com\/index.php?rest_route=\/wp\/v2\/product"}],"about":[{"href":"https:\/\/laserelectronique.com\/index.php?rest_route=\/wp\/v2\/types\/product"}],"replies":[{"embeddable":true,"href":"https:\/\/laserelectronique.com\/index.php?rest_route=%2Fwp%2Fv2%2Fcomments&post=3268"}],"wp:featuredmedia":[{"embeddable":true,"href":"https:\/\/laserelectronique.com\/index.php?rest_route=\/wp\/v2\/media\/3269"}],"wp:attachment":[{"href":"https:\/\/laserelectronique.com\/index.php?rest_route=%2Fwp%2Fv2%2Fmedia&parent=3268"}],"wp:term":[{"taxonomy":"product_cat","embeddable":true,"href":"https:\/\/laserelectronique.com\/index.php?rest_route=%2Fwp%2Fv2%2Fproduct_cat&post=3268"},{"taxonomy":"product_tag","embeddable":true,"href":"https:\/\/laserelectronique.com\/index.php?rest_route=%2Fwp%2Fv2%2Fproduct_tag&post=3268"}],"curies":[{"name":"wp","href":"https:\/\/api.w.org\/{rel}","templated":true}]}}