{"id":3203,"date":"2020-12-26T19:33:44","date_gmt":"2020-12-26T18:33:44","guid":{"rendered":"http:\/\/laserelectronique.com\/?post_type=product&#038;p=3203"},"modified":"2020-12-26T19:37:45","modified_gmt":"2020-12-26T18:37:45","slug":"canne-porte-prime-messfix-s-nedo-687111","status":"publish","type":"product","link":"https:\/\/laserelectronique.com\/?product=canne-porte-prime-messfix-s-nedo-687111","title":{"rendered":"Canne porte-prime mEssfix-S Nedo 687111"},"content":{"rendered":"<h3 class=\"STYLE_20\" align=\"LEFT\"><strong>Canne porte-prisme mEssfix-S Nedo <b>R\u00e9f. 687 111<\/b><\/strong><\/h3>\n<div class=\"STYLE_BildBalken\" align=\"center\"><\/div>\n<div class=\"STYLE_BildBalken\" align=\"center\"><img decoding=\"async\" class=\"alignright\" src=\"https:\/\/www.nedo.com\/img\/products\/vmg\/687111.gif\" alt=\"\" align=\"TOP\" border=\"0\" hspace=\"0\" vspace=\"0\" \/><\/div>\n<div class=\"STYLE_BildBalken\" align=\"center\"><img loading=\"lazy\" decoding=\"async\" src=\"https:\/\/www.nedo.com\/img\/Balken_bild_215x25.gif\" alt=\"\" width=\"215\" height=\"25\" align=\"TOP\" border=\"0\" hspace=\"0\" vspace=\"0\" \/><\/div>\n<div class=\"STYLE_BildBalken\" style=\"text-align: left;\" align=\"center\"><strong>Canne porte-prisme mEssfix-S<\/strong><\/div>\n<div class=\"STYLE_12\" align=\"LEFT\"><strong>La canne porte-prisme Nedo \u00e0 affichage analogique<\/strong><br \/>\n<strong>est fabriqu\u00e9e avec les \u00e9l\u00e9ments t\u00e9lescopiques de<\/strong><br \/>\n<strong>la s\u00e9rie mEssfix-S.<\/strong><br \/>\n<strong>Les tubes t\u00e9lescopiques sont munis de mollettes<\/strong><br \/>\n<strong>de serrage permettant de bloquer chaque \u00e9l\u00e9ment<\/strong><br \/>\n<strong>t\u00e9lescopique.<\/strong><br \/>\n<strong>Un ruban de mesure, entra\u00een\u00e9 lors de l\u2019extension,<\/strong><br \/>\n<strong>indique \u00e0 travers une fen\u00eatre de lecture, la distance<\/strong><br \/>\n<strong>entre la pointe et le centre du prisme.<\/strong><\/div>\n<div class=\"STYLE_12\" align=\"LEFT\"><strong>Particularit\u00e9s :<\/strong><\/div>\n<div class=\"STYLE_12\" align=\"LEFT\">\n<ul type=\"square\">\n<li><strong>Hauteur maxi : 5,31 m<\/strong><\/li>\n<li><strong>Hauteur mini : 1,53 m<\/strong><\/li>\n<li><strong>Poids : 2,8 kg<\/strong><\/li>\n<\/ul>\n<\/div>\n<div class=\"STYLE_12\" align=\"LEFT\">\n<p><strong>Cliquez\u00a0<a href=\"https:\/\/www.nedo.com\/french\/products\/vmg\/prismenadapter.html\">ici<\/a>\u00a0pour trouver des adaptateurs pour<\/strong><br \/>\n<strong>prismes.<\/strong><\/p>\n<\/div>\n","protected":false},"excerpt":{"rendered":"<p>Canne porte-prisme mEssfix-S Nedo R\u00e9f. 687 111 Canne porte-prisme mEssfix-S La canne porte-prisme Nedo \u00e0 affichage analogique est fabriqu\u00e9e avec les \u00e9l\u00e9ments t\u00e9lescopiques de la s\u00e9rie mEssfix-S. Les tubes t\u00e9lescopiques&hellip;<\/p>\n","protected":false},"featured_media":3202,"comment_status":"closed","ping_status":"closed","template":"","meta":[],"product_cat":[97],"product_tag":[],"class_list":{"0":"post-3203","1":"product","2":"type-product","3":"status-publish","4":"has-post-thumbnail","6":"product_cat-accessoires-de-topographie","7":"","9":"first","10":"instock","11":"taxable","12":"shipping-taxable","13":"product-type-simple"},"yoast_head":"<!-- This site is optimized with the Yoast SEO plugin v24.7 - https:\/\/yoast.com\/wordpress\/plugins\/seo\/ -->\n<title>Canne porte-prime mEssfix-S Nedo 687111 - LASER ELECTRONIQUE TP<\/title>\n<meta name=\"robots\" content=\"index, follow, max-snippet:-1, max-image-preview:large, max-video-preview:-1\" \/>\n<link rel=\"canonical\" href=\"https:\/\/laserelectronique.com\/?product=canne-porte-prime-messfix-s-nedo-687111\" \/>\n<meta property=\"og:locale\" content=\"fr_FR\" \/>\n<meta property=\"og:type\" content=\"article\" \/>\n<meta property=\"og:title\" content=\"Canne porte-prime mEssfix-S Nedo 687111 - LASER ELECTRONIQUE TP\" \/>\n<meta property=\"og:description\" content=\"Canne porte-prisme mEssfix-S Nedo R\u00e9f. 687 111 Canne porte-prisme mEssfix-S La canne porte-prisme Nedo \u00e0 affichage analogique est fabriqu\u00e9e avec les \u00e9l\u00e9ments t\u00e9lescopiques de la s\u00e9rie mEssfix-S. Les tubes t\u00e9lescopiques&hellip;\" \/>\n<meta property=\"og:url\" content=\"https:\/\/laserelectronique.com\/?product=canne-porte-prime-messfix-s-nedo-687111\" \/>\n<meta property=\"og:site_name\" content=\"LASER ELECTRONIQUE TP\" \/>\n<meta property=\"article:modified_time\" content=\"2020-12-26T18:37:45+00:00\" \/>\n<meta property=\"og:image\" content=\"https:\/\/laserelectronique.com\/wp-content\/uploads\/2020\/12\/687111.png\" \/>\n\t<meta property=\"og:image:width\" content=\"1181\" \/>\n\t<meta property=\"og:image:height\" content=\"1181\" \/>\n\t<meta property=\"og:image:type\" content=\"image\/png\" \/>\n<meta name=\"twitter:card\" content=\"summary_large_image\" \/>\n<script type=\"application\/ld+json\" class=\"yoast-schema-graph\">{\"@context\":\"https:\/\/schema.org\",\"@graph\":[{\"@type\":\"WebPage\",\"@id\":\"https:\/\/laserelectronique.com\/?product=canne-porte-prime-messfix-s-nedo-687111\",\"url\":\"https:\/\/laserelectronique.com\/?product=canne-porte-prime-messfix-s-nedo-687111\",\"name\":\"Canne porte-prime mEssfix-S Nedo 687111 - LASER ELECTRONIQUE TP\",\"isPartOf\":{\"@id\":\"https:\/\/laserelectronique.com\/#website\"},\"primaryImageOfPage\":{\"@id\":\"https:\/\/laserelectronique.com\/?product=canne-porte-prime-messfix-s-nedo-687111#primaryimage\"},\"image\":{\"@id\":\"https:\/\/laserelectronique.com\/?product=canne-porte-prime-messfix-s-nedo-687111#primaryimage\"},\"thumbnailUrl\":\"https:\/\/laserelectronique.com\/wp-content\/uploads\/2020\/12\/687111.png\",\"datePublished\":\"2020-12-26T18:33:44+00:00\",\"dateModified\":\"2020-12-26T18:37:45+00:00\",\"breadcrumb\":{\"@id\":\"https:\/\/laserelectronique.com\/?product=canne-porte-prime-messfix-s-nedo-687111#breadcrumb\"},\"inLanguage\":\"fr-FR\",\"potentialAction\":[{\"@type\":\"ReadAction\",\"target\":[\"https:\/\/laserelectronique.com\/?product=canne-porte-prime-messfix-s-nedo-687111\"]}]},{\"@type\":\"ImageObject\",\"inLanguage\":\"fr-FR\",\"@id\":\"https:\/\/laserelectronique.com\/?product=canne-porte-prime-messfix-s-nedo-687111#primaryimage\",\"url\":\"https:\/\/laserelectronique.com\/wp-content\/uploads\/2020\/12\/687111.png\",\"contentUrl\":\"https:\/\/laserelectronique.com\/wp-content\/uploads\/2020\/12\/687111.png\",\"width\":1181,\"height\":1181},{\"@type\":\"BreadcrumbList\",\"@id\":\"https:\/\/laserelectronique.com\/?product=canne-porte-prime-messfix-s-nedo-687111#breadcrumb\",\"itemListElement\":[{\"@type\":\"ListItem\",\"position\":1,\"name\":\"Accueil\",\"item\":\"https:\/\/laserelectronique.com\/\"},{\"@type\":\"ListItem\",\"position\":2,\"name\":\"Boutique\",\"item\":\"https:\/\/laserelectronique.com\/?page_id=7\"},{\"@type\":\"ListItem\",\"position\":3,\"name\":\"Canne porte-prime mEssfix-S Nedo 687111\"}]},{\"@type\":\"WebSite\",\"@id\":\"https:\/\/laserelectronique.com\/#website\",\"url\":\"https:\/\/laserelectronique.com\/\",\"name\":\"LASER ELECTRONIQUE TP\",\"description\":\"VOTRE PARTENAIRE EN GUIDAGE D&#039;ENGINS, TOPOGRAPHIE ET SERVICES\",\"potentialAction\":[{\"@type\":\"SearchAction\",\"target\":{\"@type\":\"EntryPoint\",\"urlTemplate\":\"https:\/\/laserelectronique.com\/?s={search_term_string}\"},\"query-input\":{\"@type\":\"PropertyValueSpecification\",\"valueRequired\":true,\"valueName\":\"search_term_string\"}}],\"inLanguage\":\"fr-FR\"}]}<\/script>\n<!-- \/ Yoast SEO plugin. -->","yoast_head_json":{"title":"Canne porte-prime mEssfix-S Nedo 687111 - LASER ELECTRONIQUE TP","robots":{"index":"index","follow":"follow","max-snippet":"max-snippet:-1","max-image-preview":"max-image-preview:large","max-video-preview":"max-video-preview:-1"},"canonical":"https:\/\/laserelectronique.com\/?product=canne-porte-prime-messfix-s-nedo-687111","og_locale":"fr_FR","og_type":"article","og_title":"Canne porte-prime mEssfix-S Nedo 687111 - LASER ELECTRONIQUE TP","og_description":"Canne porte-prisme mEssfix-S Nedo R\u00e9f. 687 111 Canne porte-prisme mEssfix-S La canne porte-prisme Nedo \u00e0 affichage analogique est fabriqu\u00e9e avec les \u00e9l\u00e9ments t\u00e9lescopiques de la s\u00e9rie mEssfix-S. Les tubes t\u00e9lescopiques&hellip;","og_url":"https:\/\/laserelectronique.com\/?product=canne-porte-prime-messfix-s-nedo-687111","og_site_name":"LASER ELECTRONIQUE TP","article_modified_time":"2020-12-26T18:37:45+00:00","og_image":[{"width":1181,"height":1181,"url":"https:\/\/laserelectronique.com\/wp-content\/uploads\/2020\/12\/687111.png","type":"image\/png"}],"twitter_card":"summary_large_image","schema":{"@context":"https:\/\/schema.org","@graph":[{"@type":"WebPage","@id":"https:\/\/laserelectronique.com\/?product=canne-porte-prime-messfix-s-nedo-687111","url":"https:\/\/laserelectronique.com\/?product=canne-porte-prime-messfix-s-nedo-687111","name":"Canne porte-prime mEssfix-S Nedo 687111 - LASER ELECTRONIQUE TP","isPartOf":{"@id":"https:\/\/laserelectronique.com\/#website"},"primaryImageOfPage":{"@id":"https:\/\/laserelectronique.com\/?product=canne-porte-prime-messfix-s-nedo-687111#primaryimage"},"image":{"@id":"https:\/\/laserelectronique.com\/?product=canne-porte-prime-messfix-s-nedo-687111#primaryimage"},"thumbnailUrl":"https:\/\/laserelectronique.com\/wp-content\/uploads\/2020\/12\/687111.png","datePublished":"2020-12-26T18:33:44+00:00","dateModified":"2020-12-26T18:37:45+00:00","breadcrumb":{"@id":"https:\/\/laserelectronique.com\/?product=canne-porte-prime-messfix-s-nedo-687111#breadcrumb"},"inLanguage":"fr-FR","potentialAction":[{"@type":"ReadAction","target":["https:\/\/laserelectronique.com\/?product=canne-porte-prime-messfix-s-nedo-687111"]}]},{"@type":"ImageObject","inLanguage":"fr-FR","@id":"https:\/\/laserelectronique.com\/?product=canne-porte-prime-messfix-s-nedo-687111#primaryimage","url":"https:\/\/laserelectronique.com\/wp-content\/uploads\/2020\/12\/687111.png","contentUrl":"https:\/\/laserelectronique.com\/wp-content\/uploads\/2020\/12\/687111.png","width":1181,"height":1181},{"@type":"BreadcrumbList","@id":"https:\/\/laserelectronique.com\/?product=canne-porte-prime-messfix-s-nedo-687111#breadcrumb","itemListElement":[{"@type":"ListItem","position":1,"name":"Accueil","item":"https:\/\/laserelectronique.com\/"},{"@type":"ListItem","position":2,"name":"Boutique","item":"https:\/\/laserelectronique.com\/?page_id=7"},{"@type":"ListItem","position":3,"name":"Canne porte-prime mEssfix-S Nedo 687111"}]},{"@type":"WebSite","@id":"https:\/\/laserelectronique.com\/#website","url":"https:\/\/laserelectronique.com\/","name":"LASER ELECTRONIQUE TP","description":"VOTRE PARTENAIRE EN GUIDAGE D&#039;ENGINS, TOPOGRAPHIE ET SERVICES","potentialAction":[{"@type":"SearchAction","target":{"@type":"EntryPoint","urlTemplate":"https:\/\/laserelectronique.com\/?s={search_term_string}"},"query-input":{"@type":"PropertyValueSpecification","valueRequired":true,"valueName":"search_term_string"}}],"inLanguage":"fr-FR"}]}},"_links":{"self":[{"href":"https:\/\/laserelectronique.com\/index.php?rest_route=\/wp\/v2\/product\/3203","targetHints":{"allow":["GET"]}}],"collection":[{"href":"https:\/\/laserelectronique.com\/index.php?rest_route=\/wp\/v2\/product"}],"about":[{"href":"https:\/\/laserelectronique.com\/index.php?rest_route=\/wp\/v2\/types\/product"}],"replies":[{"embeddable":true,"href":"https:\/\/laserelectronique.com\/index.php?rest_route=%2Fwp%2Fv2%2Fcomments&post=3203"}],"wp:featuredmedia":[{"embeddable":true,"href":"https:\/\/laserelectronique.com\/index.php?rest_route=\/wp\/v2\/media\/3202"}],"wp:attachment":[{"href":"https:\/\/laserelectronique.com\/index.php?rest_route=%2Fwp%2Fv2%2Fmedia&parent=3203"}],"wp:term":[{"taxonomy":"product_cat","embeddable":true,"href":"https:\/\/laserelectronique.com\/index.php?rest_route=%2Fwp%2Fv2%2Fproduct_cat&post=3203"},{"taxonomy":"product_tag","embeddable":true,"href":"https:\/\/laserelectronique.com\/index.php?rest_route=%2Fwp%2Fv2%2Fproduct_tag&post=3203"}],"curies":[{"name":"wp","href":"https:\/\/api.w.org\/{rel}","templated":true}]}}