{"id":282,"date":"2017-03-29T14:59:06","date_gmt":"2017-03-29T12:59:06","guid":{"rendered":"http:\/\/laserins.fr\/?product=rateau-dente-en-v-44-cm"},"modified":"2022-07-27T11:58:54","modified_gmt":"2022-07-27T09:58:54","slug":"rateau-dente-en-v-44-cm","status":"publish","type":"product","link":"https:\/\/laserelectronique.com\/?product=rateau-dente-en-v-44-cm","title":{"rendered":"R\u00e2teau dent\u00e9 en 44 cm V44"},"content":{"rendered":"<p><strong>Pratique et rapide pour la r\u00e9partition du mat\u00e9riau.<\/strong><\/p>\n<p><strong>Plaque ne acier avec un large dos.<\/strong><\/p>\n<p><strong>Le dos peut \u00eatre utilis\u00e9 pour \u00e9taler les mat\u00e9riaux comme l&rsquo;enrob\u00e9.<\/strong><\/p>\n<p><strong>Outil renforc\u00e9 par son support en \u00ab\u00a0V\u00a0\u00bb<\/strong><\/p>\n<p><strong>Largeur 44 cm &#8211; R\u00e9f\u00e9rence : V44<\/strong><\/p>\n<p><strong>Fabrication Allemande<\/strong><\/p>\n<p><img loading=\"lazy\" decoding=\"async\" class=\"alignnone wp-image-2058\" src=\"http:\/\/laserins.fr\/wp-content\/uploads\/2018\/05\/ALUREXGIF.gif\" alt=\"\" width=\"341\" height=\"256\" \/><\/p>\n<h3>Document produit:<\/h3>\n<ul>\n<li><strong><span style=\"color: #3366ff;\"><a style=\"color: #3366ff;\" href=\"https:\/\/laserelectronique.com\/wp-content\/uploads\/2018\/01\/15-Doc-OutilsEnrob\u00e9s-LASER-INS-2020.pdf\">Doc TARIF-OutilsEnrob\u00e9s-LASER-INS-2020<\/a><\/span><\/strong><\/li>\n<\/ul>\n<ul>\n<li><a href=\"http:\/\/laserins.fr\/wp-content\/uploads\/2018\/01\/Doc-OUTILS-complete-2017.pdf\"><strong>Doc<\/strong> OUTILS complete 2017<\/a><\/li>\n<\/ul>\n","protected":false},"excerpt":{"rendered":"<p>Pratique et rapide pour la r\u00e9partition du mat\u00e9riau. Plaque ne acier avec un large dos. Le dos peut \u00eatre utilis\u00e9 pour \u00e9taler les mat\u00e9riaux comme l&rsquo;enrob\u00e9. Outil renforc\u00e9 par son&hellip;<\/p>\n","protected":false},"featured_media":287,"comment_status":"closed","ping_status":"closed","template":"","meta":[],"product_cat":[88],"product_tag":[],"class_list":{"0":"post-282","1":"product","2":"type-product","3":"status-publish","4":"has-post-thumbnail","6":"product_cat-outils","7":"","9":"first","10":"instock","11":"taxable","12":"shipping-taxable","13":"product-type-simple"},"yoast_head":"<!-- This site is optimized with the Yoast SEO plugin v24.7 - https:\/\/yoast.com\/wordpress\/plugins\/seo\/ -->\n<title>R\u00e2teau dent\u00e9 en 44 cm V44 - LASER ELECTRONIQUE TP<\/title>\n<meta name=\"robots\" content=\"index, follow, max-snippet:-1, max-image-preview:large, max-video-preview:-1\" \/>\n<link rel=\"canonical\" href=\"https:\/\/laserelectronique.com\/?product=rateau-dente-en-v-44-cm\" \/>\n<meta property=\"og:locale\" content=\"fr_FR\" \/>\n<meta property=\"og:type\" content=\"article\" \/>\n<meta property=\"og:title\" content=\"R\u00e2teau dent\u00e9 en 44 cm V44 - LASER ELECTRONIQUE TP\" \/>\n<meta property=\"og:description\" content=\"Pratique et rapide pour la r\u00e9partition du mat\u00e9riau. Plaque ne acier avec un large dos. Le dos peut \u00eatre utilis\u00e9 pour \u00e9taler les mat\u00e9riaux comme l&rsquo;enrob\u00e9. Outil renforc\u00e9 par son&hellip;\" \/>\n<meta property=\"og:url\" content=\"https:\/\/laserelectronique.com\/?product=rateau-dente-en-v-44-cm\" \/>\n<meta property=\"og:site_name\" content=\"LASER ELECTRONIQUE TP\" \/>\n<meta property=\"article:modified_time\" content=\"2022-07-27T09:58:54+00:00\" \/>\n<meta property=\"og:image\" content=\"https:\/\/laserelectronique.com\/wp-content\/uploads\/2017\/03\/V44-S.jpg\" \/>\n\t<meta property=\"og:image:width\" content=\"1500\" \/>\n\t<meta property=\"og:image:height\" content=\"745\" \/>\n\t<meta property=\"og:image:type\" content=\"image\/jpeg\" \/>\n<meta name=\"twitter:card\" content=\"summary_large_image\" \/>\n<script type=\"application\/ld+json\" class=\"yoast-schema-graph\">{\"@context\":\"https:\/\/schema.org\",\"@graph\":[{\"@type\":\"WebPage\",\"@id\":\"https:\/\/laserelectronique.com\/?product=rateau-dente-en-v-44-cm\",\"url\":\"https:\/\/laserelectronique.com\/?product=rateau-dente-en-v-44-cm\",\"name\":\"R\u00e2teau dent\u00e9 en 44 cm V44 - LASER ELECTRONIQUE TP\",\"isPartOf\":{\"@id\":\"https:\/\/laserelectronique.com\/#website\"},\"primaryImageOfPage\":{\"@id\":\"https:\/\/laserelectronique.com\/?product=rateau-dente-en-v-44-cm#primaryimage\"},\"image\":{\"@id\":\"https:\/\/laserelectronique.com\/?product=rateau-dente-en-v-44-cm#primaryimage\"},\"thumbnailUrl\":\"https:\/\/laserelectronique.com\/wp-content\/uploads\/2017\/03\/V44-S.jpg\",\"datePublished\":\"2017-03-29T12:59:06+00:00\",\"dateModified\":\"2022-07-27T09:58:54+00:00\",\"breadcrumb\":{\"@id\":\"https:\/\/laserelectronique.com\/?product=rateau-dente-en-v-44-cm#breadcrumb\"},\"inLanguage\":\"fr-FR\",\"potentialAction\":[{\"@type\":\"ReadAction\",\"target\":[\"https:\/\/laserelectronique.com\/?product=rateau-dente-en-v-44-cm\"]}]},{\"@type\":\"ImageObject\",\"inLanguage\":\"fr-FR\",\"@id\":\"https:\/\/laserelectronique.com\/?product=rateau-dente-en-v-44-cm#primaryimage\",\"url\":\"https:\/\/laserelectronique.com\/wp-content\/uploads\/2017\/03\/V44-S.jpg\",\"contentUrl\":\"https:\/\/laserelectronique.com\/wp-content\/uploads\/2017\/03\/V44-S.jpg\",\"width\":1500,\"height\":745},{\"@type\":\"BreadcrumbList\",\"@id\":\"https:\/\/laserelectronique.com\/?product=rateau-dente-en-v-44-cm#breadcrumb\",\"itemListElement\":[{\"@type\":\"ListItem\",\"position\":1,\"name\":\"Accueil\",\"item\":\"https:\/\/laserelectronique.com\/\"},{\"@type\":\"ListItem\",\"position\":2,\"name\":\"Boutique\",\"item\":\"https:\/\/laserelectronique.com\/?page_id=7\"},{\"@type\":\"ListItem\",\"position\":3,\"name\":\"R\u00e2teau dent\u00e9 en 44 cm V44\"}]},{\"@type\":\"WebSite\",\"@id\":\"https:\/\/laserelectronique.com\/#website\",\"url\":\"https:\/\/laserelectronique.com\/\",\"name\":\"LASER ELECTRONIQUE TP\",\"description\":\"VOTRE PARTENAIRE EN GUIDAGE D&#039;ENGINS, TOPOGRAPHIE ET SERVICES\",\"potentialAction\":[{\"@type\":\"SearchAction\",\"target\":{\"@type\":\"EntryPoint\",\"urlTemplate\":\"https:\/\/laserelectronique.com\/?s={search_term_string}\"},\"query-input\":{\"@type\":\"PropertyValueSpecification\",\"valueRequired\":true,\"valueName\":\"search_term_string\"}}],\"inLanguage\":\"fr-FR\"}]}<\/script>\n<!-- \/ Yoast SEO plugin. -->","yoast_head_json":{"title":"R\u00e2teau dent\u00e9 en 44 cm V44 - LASER ELECTRONIQUE TP","robots":{"index":"index","follow":"follow","max-snippet":"max-snippet:-1","max-image-preview":"max-image-preview:large","max-video-preview":"max-video-preview:-1"},"canonical":"https:\/\/laserelectronique.com\/?product=rateau-dente-en-v-44-cm","og_locale":"fr_FR","og_type":"article","og_title":"R\u00e2teau dent\u00e9 en 44 cm V44 - LASER ELECTRONIQUE TP","og_description":"Pratique et rapide pour la r\u00e9partition du mat\u00e9riau. Plaque ne acier avec un large dos. Le dos peut \u00eatre utilis\u00e9 pour \u00e9taler les mat\u00e9riaux comme l&rsquo;enrob\u00e9. Outil renforc\u00e9 par son&hellip;","og_url":"https:\/\/laserelectronique.com\/?product=rateau-dente-en-v-44-cm","og_site_name":"LASER ELECTRONIQUE TP","article_modified_time":"2022-07-27T09:58:54+00:00","og_image":[{"width":1500,"height":745,"url":"https:\/\/laserelectronique.com\/wp-content\/uploads\/2017\/03\/V44-S.jpg","type":"image\/jpeg"}],"twitter_card":"summary_large_image","schema":{"@context":"https:\/\/schema.org","@graph":[{"@type":"WebPage","@id":"https:\/\/laserelectronique.com\/?product=rateau-dente-en-v-44-cm","url":"https:\/\/laserelectronique.com\/?product=rateau-dente-en-v-44-cm","name":"R\u00e2teau dent\u00e9 en 44 cm V44 - LASER ELECTRONIQUE TP","isPartOf":{"@id":"https:\/\/laserelectronique.com\/#website"},"primaryImageOfPage":{"@id":"https:\/\/laserelectronique.com\/?product=rateau-dente-en-v-44-cm#primaryimage"},"image":{"@id":"https:\/\/laserelectronique.com\/?product=rateau-dente-en-v-44-cm#primaryimage"},"thumbnailUrl":"https:\/\/laserelectronique.com\/wp-content\/uploads\/2017\/03\/V44-S.jpg","datePublished":"2017-03-29T12:59:06+00:00","dateModified":"2022-07-27T09:58:54+00:00","breadcrumb":{"@id":"https:\/\/laserelectronique.com\/?product=rateau-dente-en-v-44-cm#breadcrumb"},"inLanguage":"fr-FR","potentialAction":[{"@type":"ReadAction","target":["https:\/\/laserelectronique.com\/?product=rateau-dente-en-v-44-cm"]}]},{"@type":"ImageObject","inLanguage":"fr-FR","@id":"https:\/\/laserelectronique.com\/?product=rateau-dente-en-v-44-cm#primaryimage","url":"https:\/\/laserelectronique.com\/wp-content\/uploads\/2017\/03\/V44-S.jpg","contentUrl":"https:\/\/laserelectronique.com\/wp-content\/uploads\/2017\/03\/V44-S.jpg","width":1500,"height":745},{"@type":"BreadcrumbList","@id":"https:\/\/laserelectronique.com\/?product=rateau-dente-en-v-44-cm#breadcrumb","itemListElement":[{"@type":"ListItem","position":1,"name":"Accueil","item":"https:\/\/laserelectronique.com\/"},{"@type":"ListItem","position":2,"name":"Boutique","item":"https:\/\/laserelectronique.com\/?page_id=7"},{"@type":"ListItem","position":3,"name":"R\u00e2teau dent\u00e9 en 44 cm V44"}]},{"@type":"WebSite","@id":"https:\/\/laserelectronique.com\/#website","url":"https:\/\/laserelectronique.com\/","name":"LASER ELECTRONIQUE TP","description":"VOTRE PARTENAIRE EN GUIDAGE D&#039;ENGINS, TOPOGRAPHIE ET SERVICES","potentialAction":[{"@type":"SearchAction","target":{"@type":"EntryPoint","urlTemplate":"https:\/\/laserelectronique.com\/?s={search_term_string}"},"query-input":{"@type":"PropertyValueSpecification","valueRequired":true,"valueName":"search_term_string"}}],"inLanguage":"fr-FR"}]}},"_links":{"self":[{"href":"https:\/\/laserelectronique.com\/index.php?rest_route=\/wp\/v2\/product\/282","targetHints":{"allow":["GET"]}}],"collection":[{"href":"https:\/\/laserelectronique.com\/index.php?rest_route=\/wp\/v2\/product"}],"about":[{"href":"https:\/\/laserelectronique.com\/index.php?rest_route=\/wp\/v2\/types\/product"}],"replies":[{"embeddable":true,"href":"https:\/\/laserelectronique.com\/index.php?rest_route=%2Fwp%2Fv2%2Fcomments&post=282"}],"wp:featuredmedia":[{"embeddable":true,"href":"https:\/\/laserelectronique.com\/index.php?rest_route=\/wp\/v2\/media\/287"}],"wp:attachment":[{"href":"https:\/\/laserelectronique.com\/index.php?rest_route=%2Fwp%2Fv2%2Fmedia&parent=282"}],"wp:term":[{"taxonomy":"product_cat","embeddable":true,"href":"https:\/\/laserelectronique.com\/index.php?rest_route=%2Fwp%2Fv2%2Fproduct_cat&post=282"},{"taxonomy":"product_tag","embeddable":true,"href":"https:\/\/laserelectronique.com\/index.php?rest_route=%2Fwp%2Fv2%2Fproduct_tag&post=282"}],"curies":[{"name":"wp","href":"https:\/\/api.w.org\/{rel}","templated":true}]}}