{"id":2672,"date":"2019-07-28T16:12:19","date_gmt":"2019-07-28T14:12:19","guid":{"rendered":"http:\/\/laserelectronique.com\/?post_type=product&#038;p=2672"},"modified":"2022-07-27T11:47:21","modified_gmt":"2022-07-27T09:47:21","slug":"laser-croix-nedo-460871","status":"publish","type":"product","link":"https:\/\/laserelectronique.com\/?product=laser-croix-nedo-460871","title":{"rendered":"Laser croix Nedo 460871"},"content":{"rendered":"<div class=\"media overflow-fix\">\n<div class=\"media-body col-xs-12 col-sm-6 overflow-fix\">\n<h3 class=\"STYLE_BildBalken\" align=\"center\"><strong>X-Liner<sup>5P<\/sup>\u00a0R\u00e9f. 460 871<\/strong><\/h3>\n<div class=\"STYLE_12\" align=\"LEFT\"><strong><img loading=\"lazy\" decoding=\"async\" class=\"size-full wp-image-2800 alignleft\" src=\"http:\/\/laserins.fr\/wp-content\/uploads\/2019\/07\/460871.gif\" alt=\"\" width=\"215\" height=\"241\" \/>Le laser 5 points \u00e0 calage automatique g\u00e9n\u00e8re trois\u00a0<\/strong><br \/>\n<strong>points laser horizontaux et deux points verticaux :\u00a0<\/strong><br \/>\n<strong>devant, \u00e0 gauche, \u00e0 droite, en haut et en bas. Les\u00a0<\/strong><br \/>\n<strong>points laser sont parfaitement perpendiculaires\u00a0<\/strong><br \/>\n<strong>entre eux. Les points laser horizontaux sont tous \u00e0\u00a0<\/strong><br \/>\n<strong>la m\u00eame hauteur. Id\u00e9al pour niveler, aligner, prendre\u00a0<\/strong><br \/>\n<strong>l\u2019aplomb et reporter les angles droits rapidement.<\/strong><strong>Particularit\u00e9s :<\/strong><\/div>\n<div class=\"STYLE_12\" align=\"LEFT\">\n<ul type=\"square\">\n<li><strong>5 points bien visibles, parfaitement perpendiculaires<\/strong><br \/>\n<strong>entre eux<\/strong><\/li>\n<li><strong>Calage automatique fiable<\/strong><\/li>\n<li><strong>Pendule robuste \u00e0 amortissement magn\u00e9tique<\/strong><\/li>\n<li><strong>Adaptateur universel avec aimant puissant, raccords<\/strong><br \/>\n<strong>filet\u00e9s 1\/4\u2033 et 5\/8\u2033<\/strong><img loading=\"lazy\" decoding=\"async\" src=\"http:\/\/www.nedo.com\/img\/Balken_bild_215x25.gif\" alt=\"\" width=\"215\" height=\"25\" align=\"TOP\" border=\"0\" hspace=\"0\" vspace=\"0\" \/><\/li>\n<\/ul>\n<\/div>\n<h3 class=\"STYLE_12\" align=\"LEFT\"><b><img loading=\"lazy\" decoding=\"async\" class=\"alignnone wp-image-2799\" src=\"http:\/\/laserins.fr\/wp-content\/uploads\/2019\/07\/460871_icons.gif\" alt=\"\" width=\"227\" height=\"146\" \/><img loading=\"lazy\" decoding=\"async\" class=\"alignnone wp-image-2797\" src=\"http:\/\/laserins.fr\/wp-content\/uploads\/2019\/07\/460871_tastatur_big.gif\" alt=\"\" width=\"164\" height=\"136\" \/><\/b><\/h3>\n<h3 class=\"STYLE_12\" align=\"LEFT\"><b>Conditionnement r\u00e9f. 460 871:<\/b><\/h3>\n<p><img loading=\"lazy\" decoding=\"async\" class=\"wp-image-2798 alignleft\" src=\"http:\/\/laserins.fr\/wp-content\/uploads\/2019\/07\/460871_lieferumfang_big.gif\" alt=\"\" width=\"226\" height=\"189\" \/><\/p>\n<div class=\"STYLE_12\" align=\"LEFT\">\n<ul>\n<li><strong>Laser de point X-Liner<sup>5P<\/sup><\/strong><\/li>\n<\/ul>\n<ul type=\"square\">\n<li><strong>Cible<\/strong><\/li>\n<li><strong>Adaptateur universel avec raccord filet\u00e9 1\/4\u2033<\/strong><br \/>\n<strong>et 5\/8\u2033 et aimant<\/strong><\/li>\n<li><strong>Sangles de fixation<\/strong><\/li>\n<li><strong>Sac de transport<\/strong><\/li>\n<\/ul>\n<\/div>\n<h3 align=\"Left\"><\/h3>\n<\/div>\n<h3 class=\"STYLE_12\" align=\"Left\"><strong>Caract\u00e9ristiques techniques :<\/strong><\/h3>\n<\/div>\n<div class=\"media overflow-fix\">\n<div class=\"STYLE_12\" align=\"LEFT\">\n<table border=\"0\" width=\"365\" cellspacing=\"0\" cellpadding=\"2\">\n<tbody>\n<tr>\n<td class=\"TabelleZeile1\" align=\"LEFT\" valign=\"TOP\" width=\"170\">Pr\u00e9cision<\/td>\n<td class=\"TabelleZeile1\" align=\"LEFT\" valign=\"TOP\" width=\"200\">\u00b1 0,3 mm\/m<\/td>\n<\/tr>\n<tr>\n<td class=\"TabelleZeile2\" align=\"LEFT\" valign=\"TOP\" width=\"170\">Plage d\u2019auto-ajustement<\/td>\n<td class=\"TabelleZeile2\" align=\"LEFT\" valign=\"TOP\" width=\"200\">\u00b1 4\u00b0<\/td>\n<\/tr>\n<tr>\n<td class=\"TabelleZeile3\" align=\"LEFT\" valign=\"TOP\" width=\"170\">Port\u00e9e maxi \u00d8<\/td>\n<td class=\"TabelleZeile3\" align=\"LEFT\" valign=\"TOP\" width=\"200\">env. 30 m<\/td>\n<\/tr>\n<tr>\n<td class=\"TabelleZeile2\" align=\"LEFT\" valign=\"TOP\" width=\"170\">Laser<\/td>\n<td class=\"TabelleZeile2\" align=\"LEFT\" valign=\"TOP\" width=\"200\">classe 2, 635 nm<\/td>\n<\/tr>\n<tr>\n<td class=\"TabelleZeile3\" align=\"LEFT\" valign=\"TOP\" width=\"170\">Alimentation<\/td>\n<td class=\"TabelleZeile3\" align=\"LEFT\" valign=\"TOP\" width=\"200\">2 x 1,5 V type AA<\/td>\n<\/tr>\n<tr>\n<td class=\"TabelleZeile2\" align=\"LEFT\" valign=\"TOP\" width=\"170\">Autonomie<\/td>\n<td class=\"TabelleZeile2\" align=\"LEFT\" valign=\"TOP\" width=\"200\">env. 33 h<\/td>\n<\/tr>\n<tr>\n<td class=\"TabelleZeile3\" align=\"LEFT\" valign=\"TOP\" width=\"170\"><b>R\u00e9f.<\/b><\/td>\n<td class=\"TabelleZeile3\" align=\"LEFT\" valign=\"TOP\" width=\"200\">460 871<\/td>\n<\/tr>\n<\/tbody>\n<\/table>\n<\/div>\n<p>&nbsp;<\/p>\n<\/div>\n","protected":false},"excerpt":{"rendered":"<p>X-Liner5P\u00a0R\u00e9f. 460 871 Le laser 5 points \u00e0 calage automatique g\u00e9n\u00e8re trois\u00a0 points laser horizontaux et deux points verticaux :\u00a0 devant, \u00e0 gauche, \u00e0 droite, en haut et en bas.&hellip;<\/p>\n","protected":false},"featured_media":2670,"comment_status":"closed","ping_status":"closed","template":"","meta":[],"product_cat":[81],"product_tag":[],"class_list":{"0":"post-2672","1":"product","2":"type-product","3":"status-publish","4":"has-post-thumbnail","6":"product_cat-laser-croix","7":"","9":"first","10":"instock","11":"taxable","12":"shipping-taxable","13":"product-type-simple"},"yoast_head":"<!-- This site is optimized with the Yoast SEO plugin v24.7 - https:\/\/yoast.com\/wordpress\/plugins\/seo\/ -->\n<title>Laser croix Nedo 460871 - LASER ELECTRONIQUE TP<\/title>\n<meta name=\"robots\" content=\"index, follow, max-snippet:-1, max-image-preview:large, max-video-preview:-1\" \/>\n<link rel=\"canonical\" href=\"https:\/\/laserelectronique.com\/?product=laser-croix-nedo-460871\" \/>\n<meta property=\"og:locale\" content=\"fr_FR\" \/>\n<meta property=\"og:type\" content=\"article\" \/>\n<meta property=\"og:title\" content=\"Laser croix Nedo 460871 - LASER ELECTRONIQUE TP\" \/>\n<meta property=\"og:description\" content=\"X-Liner5P\u00a0R\u00e9f. 460 871 Le laser 5 points \u00e0 calage automatique g\u00e9n\u00e8re trois\u00a0 points laser horizontaux et deux points verticaux :\u00a0 devant, \u00e0 gauche, \u00e0 droite, en haut et en bas.&hellip;\" \/>\n<meta property=\"og:url\" content=\"https:\/\/laserelectronique.com\/?product=laser-croix-nedo-460871\" \/>\n<meta property=\"og:site_name\" content=\"LASER ELECTRONIQUE TP\" \/>\n<meta property=\"article:modified_time\" content=\"2022-07-27T09:47:21+00:00\" \/>\n<meta property=\"og:image\" content=\"https:\/\/laserelectronique.com\/wp-content\/uploads\/2019\/07\/460871-1.png\" \/>\n\t<meta property=\"og:image:width\" content=\"1300\" \/>\n\t<meta property=\"og:image:height\" content=\"1300\" \/>\n\t<meta property=\"og:image:type\" content=\"image\/png\" \/>\n<meta name=\"twitter:card\" content=\"summary_large_image\" \/>\n<meta name=\"twitter:label1\" content=\"Dur\u00e9e de lecture estim\u00e9e\" \/>\n\t<meta name=\"twitter:data1\" content=\"1 minute\" \/>\n<script type=\"application\/ld+json\" class=\"yoast-schema-graph\">{\"@context\":\"https:\/\/schema.org\",\"@graph\":[{\"@type\":\"WebPage\",\"@id\":\"https:\/\/laserelectronique.com\/?product=laser-croix-nedo-460871\",\"url\":\"https:\/\/laserelectronique.com\/?product=laser-croix-nedo-460871\",\"name\":\"Laser croix Nedo 460871 - LASER ELECTRONIQUE TP\",\"isPartOf\":{\"@id\":\"https:\/\/laserelectronique.com\/#website\"},\"primaryImageOfPage\":{\"@id\":\"https:\/\/laserelectronique.com\/?product=laser-croix-nedo-460871#primaryimage\"},\"image\":{\"@id\":\"https:\/\/laserelectronique.com\/?product=laser-croix-nedo-460871#primaryimage\"},\"thumbnailUrl\":\"https:\/\/laserelectronique.com\/wp-content\/uploads\/2019\/07\/460871-1.png\",\"datePublished\":\"2019-07-28T14:12:19+00:00\",\"dateModified\":\"2022-07-27T09:47:21+00:00\",\"breadcrumb\":{\"@id\":\"https:\/\/laserelectronique.com\/?product=laser-croix-nedo-460871#breadcrumb\"},\"inLanguage\":\"fr-FR\",\"potentialAction\":[{\"@type\":\"ReadAction\",\"target\":[\"https:\/\/laserelectronique.com\/?product=laser-croix-nedo-460871\"]}]},{\"@type\":\"ImageObject\",\"inLanguage\":\"fr-FR\",\"@id\":\"https:\/\/laserelectronique.com\/?product=laser-croix-nedo-460871#primaryimage\",\"url\":\"https:\/\/laserelectronique.com\/wp-content\/uploads\/2019\/07\/460871-1.png\",\"contentUrl\":\"https:\/\/laserelectronique.com\/wp-content\/uploads\/2019\/07\/460871-1.png\",\"width\":1300,\"height\":1300},{\"@type\":\"BreadcrumbList\",\"@id\":\"https:\/\/laserelectronique.com\/?product=laser-croix-nedo-460871#breadcrumb\",\"itemListElement\":[{\"@type\":\"ListItem\",\"position\":1,\"name\":\"Accueil\",\"item\":\"https:\/\/laserelectronique.com\/\"},{\"@type\":\"ListItem\",\"position\":2,\"name\":\"Boutique\",\"item\":\"https:\/\/laserelectronique.com\/?page_id=7\"},{\"@type\":\"ListItem\",\"position\":3,\"name\":\"Laser croix Nedo 460871\"}]},{\"@type\":\"WebSite\",\"@id\":\"https:\/\/laserelectronique.com\/#website\",\"url\":\"https:\/\/laserelectronique.com\/\",\"name\":\"LASER ELECTRONIQUE TP\",\"description\":\"VOTRE PARTENAIRE EN GUIDAGE D&#039;ENGINS, TOPOGRAPHIE ET SERVICES\",\"potentialAction\":[{\"@type\":\"SearchAction\",\"target\":{\"@type\":\"EntryPoint\",\"urlTemplate\":\"https:\/\/laserelectronique.com\/?s={search_term_string}\"},\"query-input\":{\"@type\":\"PropertyValueSpecification\",\"valueRequired\":true,\"valueName\":\"search_term_string\"}}],\"inLanguage\":\"fr-FR\"}]}<\/script>\n<!-- \/ Yoast SEO plugin. -->","yoast_head_json":{"title":"Laser croix Nedo 460871 - LASER ELECTRONIQUE TP","robots":{"index":"index","follow":"follow","max-snippet":"max-snippet:-1","max-image-preview":"max-image-preview:large","max-video-preview":"max-video-preview:-1"},"canonical":"https:\/\/laserelectronique.com\/?product=laser-croix-nedo-460871","og_locale":"fr_FR","og_type":"article","og_title":"Laser croix Nedo 460871 - LASER ELECTRONIQUE TP","og_description":"X-Liner5P\u00a0R\u00e9f. 460 871 Le laser 5 points \u00e0 calage automatique g\u00e9n\u00e8re trois\u00a0 points laser horizontaux et deux points verticaux :\u00a0 devant, \u00e0 gauche, \u00e0 droite, en haut et en bas.&hellip;","og_url":"https:\/\/laserelectronique.com\/?product=laser-croix-nedo-460871","og_site_name":"LASER ELECTRONIQUE TP","article_modified_time":"2022-07-27T09:47:21+00:00","og_image":[{"width":1300,"height":1300,"url":"https:\/\/laserelectronique.com\/wp-content\/uploads\/2019\/07\/460871-1.png","type":"image\/png"}],"twitter_card":"summary_large_image","twitter_misc":{"Dur\u00e9e de lecture estim\u00e9e":"1 minute"},"schema":{"@context":"https:\/\/schema.org","@graph":[{"@type":"WebPage","@id":"https:\/\/laserelectronique.com\/?product=laser-croix-nedo-460871","url":"https:\/\/laserelectronique.com\/?product=laser-croix-nedo-460871","name":"Laser croix Nedo 460871 - LASER ELECTRONIQUE TP","isPartOf":{"@id":"https:\/\/laserelectronique.com\/#website"},"primaryImageOfPage":{"@id":"https:\/\/laserelectronique.com\/?product=laser-croix-nedo-460871#primaryimage"},"image":{"@id":"https:\/\/laserelectronique.com\/?product=laser-croix-nedo-460871#primaryimage"},"thumbnailUrl":"https:\/\/laserelectronique.com\/wp-content\/uploads\/2019\/07\/460871-1.png","datePublished":"2019-07-28T14:12:19+00:00","dateModified":"2022-07-27T09:47:21+00:00","breadcrumb":{"@id":"https:\/\/laserelectronique.com\/?product=laser-croix-nedo-460871#breadcrumb"},"inLanguage":"fr-FR","potentialAction":[{"@type":"ReadAction","target":["https:\/\/laserelectronique.com\/?product=laser-croix-nedo-460871"]}]},{"@type":"ImageObject","inLanguage":"fr-FR","@id":"https:\/\/laserelectronique.com\/?product=laser-croix-nedo-460871#primaryimage","url":"https:\/\/laserelectronique.com\/wp-content\/uploads\/2019\/07\/460871-1.png","contentUrl":"https:\/\/laserelectronique.com\/wp-content\/uploads\/2019\/07\/460871-1.png","width":1300,"height":1300},{"@type":"BreadcrumbList","@id":"https:\/\/laserelectronique.com\/?product=laser-croix-nedo-460871#breadcrumb","itemListElement":[{"@type":"ListItem","position":1,"name":"Accueil","item":"https:\/\/laserelectronique.com\/"},{"@type":"ListItem","position":2,"name":"Boutique","item":"https:\/\/laserelectronique.com\/?page_id=7"},{"@type":"ListItem","position":3,"name":"Laser croix Nedo 460871"}]},{"@type":"WebSite","@id":"https:\/\/laserelectronique.com\/#website","url":"https:\/\/laserelectronique.com\/","name":"LASER ELECTRONIQUE TP","description":"VOTRE PARTENAIRE EN GUIDAGE D&#039;ENGINS, TOPOGRAPHIE ET SERVICES","potentialAction":[{"@type":"SearchAction","target":{"@type":"EntryPoint","urlTemplate":"https:\/\/laserelectronique.com\/?s={search_term_string}"},"query-input":{"@type":"PropertyValueSpecification","valueRequired":true,"valueName":"search_term_string"}}],"inLanguage":"fr-FR"}]}},"_links":{"self":[{"href":"https:\/\/laserelectronique.com\/index.php?rest_route=\/wp\/v2\/product\/2672","targetHints":{"allow":["GET"]}}],"collection":[{"href":"https:\/\/laserelectronique.com\/index.php?rest_route=\/wp\/v2\/product"}],"about":[{"href":"https:\/\/laserelectronique.com\/index.php?rest_route=\/wp\/v2\/types\/product"}],"replies":[{"embeddable":true,"href":"https:\/\/laserelectronique.com\/index.php?rest_route=%2Fwp%2Fv2%2Fcomments&post=2672"}],"wp:featuredmedia":[{"embeddable":true,"href":"https:\/\/laserelectronique.com\/index.php?rest_route=\/wp\/v2\/media\/2670"}],"wp:attachment":[{"href":"https:\/\/laserelectronique.com\/index.php?rest_route=%2Fwp%2Fv2%2Fmedia&parent=2672"}],"wp:term":[{"taxonomy":"product_cat","embeddable":true,"href":"https:\/\/laserelectronique.com\/index.php?rest_route=%2Fwp%2Fv2%2Fproduct_cat&post=2672"},{"taxonomy":"product_tag","embeddable":true,"href":"https:\/\/laserelectronique.com\/index.php?rest_route=%2Fwp%2Fv2%2Fproduct_tag&post=2672"}],"curies":[{"name":"wp","href":"https:\/\/api.w.org\/{rel}","templated":true}]}}