{"id":2639,"date":"2019-07-27T10:02:28","date_gmt":"2019-07-27T08:02:28","guid":{"rendered":"http:\/\/laserelectronique.com\/?post_type=product&#038;p=2639"},"modified":"2020-11-18T15:35:51","modified_gmt":"2020-11-18T14:35:51","slug":"trepieds-pour-engins-nedo","status":"publish","type":"product","link":"https:\/\/laserelectronique.com\/?product=trepieds-pour-engins-nedo","title":{"rendered":"Tr\u00e9pieds pour engins NEDO"},"content":{"rendered":"<div class=\"STYLE_12\" align=\"LEFT\">\n<div class=\"STYLE_9\" align=\"LEFT\"><\/div>\n<div class=\"STYLE_9\" align=\"LEFT\">\n<div class=\"STYLE_9\" align=\"center\">\n<div class=\"STYLE_9\" align=\"center\"><strong><img decoding=\"async\" class=\"alignright\" src=\"http:\/\/nedo.de\/img\/products\/stative\/anwendung_maschinenstative.gif\" alt=\"\" align=\"TOP\" border=\"0\" hspace=\"0\" vspace=\"0\" \/><\/strong><\/div>\n<h3 class=\"STYLE_TextBalken_12\" align=\"center\"><strong>Tr\u00e9pied Nedo Jumbo<\/strong><\/h3>\n<div class=\"STYLE_12\" align=\"LEFT\"><strong>Le tr\u00e9pied \u00e0 manivelle Nedo pour lasers lourds\u00a0<\/strong><br \/>\n<strong>de guidage d\u2019engins\u00a0<\/strong><strong>La conception du tr\u00e9pied Jumbo permet\u00a0<\/strong><br \/>\n<strong>une mise en \u0153uvre sans vibration du laser de\u00a0<\/strong><br \/>\n<strong>guidage d\u2019engins, m\u00eame en pr\u00e9sence de vent.\u00a0<\/strong><br \/>\n<strong>La grande hauteur de travail garantit que le rayon\u00a0<\/strong><br \/>\n<strong>laser ne puisse \u00eatre perturb\u00e9 par des engins de<\/strong><br \/>\n<strong>chantier ou autres obstacles. Gr\u00e2ce au m\u00e9canisme\u00a0<\/strong><br \/>\n<strong>\u00e0 manivelle \u00e0 prise indirecte, des lasers lourds<\/strong><br \/>\n<strong>peuvent aussi \u00eatre amen\u00e9s ais\u00e9ment \u00e0 la hauteur\u00a0<\/strong><br \/>\n<strong>souhait\u00e9e<a name=\"Marker210540\"><\/a><\/strong><\/div>\n<div class=\"STYLE_BildBalken\" align=\"center\"><strong><img decoding=\"async\" class=\"alignright\" src=\"http:\/\/nedo.de\/img\/products\/stative\/210540.gif\" alt=\"\" align=\"TOP\" border=\"0\" hspace=\"0\" vspace=\"0\" \/><\/strong><\/div>\n<div class=\"STYLE_BildBalken\" align=\"center\"><strong><img loading=\"lazy\" decoding=\"async\" src=\"http:\/\/nedo.de\/img\/Balken_bild_215x25.gif\" alt=\"\" width=\"215\" height=\"25\" align=\"TOP\" border=\"0\" hspace=\"0\" vspace=\"0\" \/><\/strong><\/div>\n<div class=\"STYLE_BildBalken\" align=\"center\"><strong>Tr\u00e9pied R\u00e9f. 210 540\u00a0<\/strong><strong>Particularit\u00e9s:<\/strong><\/div>\n<div class=\"STYLE_12\" align=\"LEFT\">\n<ul type=\"square\">\n<li><strong>Syst\u00e8me \u00e0 prise indirecte<\/strong><\/li>\n<li><strong>Colonne de manivelle\u00a0<\/strong><strong>anti-torsion avec\u00a0<\/strong><strong>blocage axial<\/strong><\/li>\n<li><strong>Colonnes renforc\u00e9es<\/strong><\/li>\n<li><strong>Nivelle sph\u00e9rique<\/strong><\/li>\n<li><strong>Blocage rapide<\/strong><\/li>\n<li><strong>Arr\u00eat d\u2019\u00e9cartement<\/strong><\/li>\n<li><strong>Graduation en mm sur\u00a0<\/strong><br \/>\n<strong>tube t\u00e9lescopique<\/strong><\/li>\n<li><strong>Grand plateau de tr\u00e9pied\u00a0<\/strong><br \/>\n<strong>en aluminium<\/strong><\/li>\n<\/ul>\n<\/div>\n<div class=\"STYLE_TextBalken_12\" align=\"center\"><\/div>\n<div class=\"STYLE_TextBalken_12\" align=\"center\"><strong>Domaine d\u2019utilisation:<\/strong><\/div>\n<div class=\"STYLE_12\" align=\"LEFT\">\n<ul type=\"square\">\n<li><strong>Lasers rotatifs lourds<\/strong><\/li>\n<li><strong>Guidage d\u2019engins<\/strong><\/li>\n<\/ul>\n<\/div>\n<div class=\"STYLE_12\" align=\"LEFT\">\n<table border=\"0\" cellspacing=\"0\" cellpadding=\"2\">\n<tbody>\n<tr>\n<td class=\"TabelleZeile1\" align=\"LEFT\" valign=\"TOP\" width=\"185\"><strong>Tr\u00e9pied R\u00e9f. 210 530<\/strong><\/td>\n<td class=\"TabelleZeile1\" align=\"RIGHT\" valign=\"TOP\" width=\"185\"><\/td>\n<\/tr>\n<tr>\n<td class=\"TabelleZeile2\" align=\"LEFT\" valign=\"TOP\" width=\"185\"><strong>Hauteur utile mini<\/strong><\/td>\n<td class=\"TabelleZeile2\" align=\"RIGHT\" valign=\"TOP\" width=\"185\"><strong>1,18 m<\/strong><\/td>\n<\/tr>\n<tr>\n<td class=\"TabelleZeile3\" align=\"LEFT\" valign=\"TOP\" width=\"185\"><strong>Hauteur utile maxi<\/strong><\/td>\n<td class=\"TabelleZeile3\" align=\"RIGHT\" valign=\"TOP\" width=\"185\"><strong>3,10 m<\/strong><\/td>\n<\/tr>\n<tr>\n<td class=\"TabelleZeile2\" align=\"LEFT\" valign=\"TOP\" width=\"185\"><strong>Longueur de transport<\/strong><\/td>\n<td class=\"TabelleZeile2\" align=\"RIGHT\" valign=\"TOP\" width=\"185\"><strong>1,51 m<\/strong><\/td>\n<\/tr>\n<tr>\n<td class=\"TabelleZeile3\" align=\"LEFT\" valign=\"TOP\" width=\"185\"><strong>Poids<\/strong><\/td>\n<td class=\"TabelleZeile3\" align=\"RIGHT\" valign=\"TOP\" width=\"185\"><strong>14,6 kg<\/strong><\/td>\n<\/tr>\n<tr>\n<td class=\"TabelleZeile2\" align=\"LEFT\" valign=\"TOP\" width=\"185\"><strong>Course des colonnes<\/strong><\/td>\n<td class=\"TabelleZeile2\" align=\"RIGHT\" valign=\"TOP\" width=\"185\"><strong>908 mm<\/strong><\/td>\n<\/tr>\n<tr>\n<td class=\"TabelleZeile3\" align=\"LEFT\" valign=\"TOP\" width=\"185\"><strong>Plateau<\/strong><\/td>\n<td class=\"TabelleZeile3\" align=\"RIGHT\" valign=\"TOP\" width=\"185\"><strong>\u00d8167 mm \/ 5\/8\u201c<\/strong><\/td>\n<\/tr>\n<\/tbody>\n<\/table>\n<\/div>\n<div class=\"STYLE_12\" align=\"LEFT\">\n<table border=\"0\" cellspacing=\"0\" cellpadding=\"2\">\n<tbody>\n<tr>\n<td class=\"TabelleZeile1\" align=\"LEFT\" valign=\"TOP\" width=\"185\"><strong>Tr\u00e9pied R\u00e9f. 210 540<\/strong><\/td>\n<td class=\"TabelleZeile1\" align=\"RIGHT\" valign=\"TOP\" width=\"185\"><\/td>\n<\/tr>\n<tr>\n<td class=\"TabelleZeile2\" align=\"LEFT\" valign=\"TOP\" width=\"185\"><strong>Hauteur utile mini<\/strong><\/td>\n<td class=\"TabelleZeile2\" align=\"RIGHT\" valign=\"TOP\" width=\"185\"><strong>1,73 m<\/strong><\/td>\n<\/tr>\n<tr>\n<td class=\"TabelleZeile3\" align=\"LEFT\" valign=\"TOP\" width=\"185\"><strong>Hauteur utile maxi<\/strong><\/td>\n<td class=\"TabelleZeile3\" align=\"RIGHT\" valign=\"TOP\" width=\"185\"><strong>4,01 m<\/strong><\/td>\n<\/tr>\n<tr>\n<td class=\"TabelleZeile2\" align=\"LEFT\" valign=\"TOP\" width=\"185\"><strong>Longueur de transport<\/strong><\/td>\n<td class=\"TabelleZeile2\" align=\"RIGHT\" valign=\"TOP\" width=\"185\"><strong>1,94 m<\/strong><\/td>\n<\/tr>\n<tr>\n<td class=\"TabelleZeile3\" align=\"LEFT\" valign=\"TOP\" width=\"185\"><strong>Poids<\/strong><\/td>\n<td class=\"TabelleZeile3\" align=\"RIGHT\" valign=\"TOP\" width=\"185\"><strong>17,2 kg<\/strong><\/td>\n<\/tr>\n<tr>\n<td class=\"TabelleZeile2\" align=\"LEFT\" valign=\"TOP\" width=\"185\"><strong>Course des colonnes<\/strong><\/td>\n<td class=\"TabelleZeile2\" align=\"RIGHT\" valign=\"TOP\" width=\"185\"><strong>908 mm<\/strong><\/td>\n<\/tr>\n<tr>\n<td class=\"TabelleZeile3\" align=\"LEFT\" valign=\"TOP\" width=\"185\"><strong>Plateau<\/strong><\/td>\n<td class=\"TabelleZeile3\" align=\"RIGHT\" valign=\"TOP\" width=\"185\"><strong>\u00d8167 mm \/ 5\/8\u201c<\/strong><\/td>\n<\/tr>\n<\/tbody>\n<\/table>\n<\/div>\n<\/div>\n<div class=\"STYLE_12\" align=\"LEFT\"><\/div>\n<\/div>\n<p>&nbsp;<\/p>\n<\/div>\n<h3><strong>Documentation:<\/strong><\/h3>\n<p>&nbsp;<\/p>\n<p>&nbsp;<\/p>\n","protected":false},"excerpt":{"rendered":"<p>Tr\u00e9pied Nedo Jumbo Le tr\u00e9pied \u00e0 manivelle Nedo pour lasers lourds\u00a0 de guidage d\u2019engins\u00a0La conception du tr\u00e9pied Jumbo permet\u00a0 une mise en \u0153uvre sans vibration du laser de\u00a0 guidage d\u2019engins,&hellip;<\/p>\n","protected":false},"featured_media":2629,"comment_status":"closed","ping_status":"closed","template":"","meta":[],"product_cat":[25,83],"product_tag":[84],"class_list":{"0":"post-2639","1":"product","2":"type-product","3":"status-publish","4":"has-post-thumbnail","6":"product_cat-topographie","7":"product_cat-trepieds-et-mats","8":"product_tag-category","9":"","11":"first","12":"instock","13":"taxable","14":"shipping-taxable","15":"product-type-simple"},"yoast_head":"<!-- This site is optimized with the Yoast SEO plugin v24.7 - https:\/\/yoast.com\/wordpress\/plugins\/seo\/ -->\n<title>Tr\u00e9pieds pour engins NEDO - LASER ELECTRONIQUE TP<\/title>\n<meta name=\"robots\" content=\"index, follow, max-snippet:-1, max-image-preview:large, max-video-preview:-1\" \/>\n<link rel=\"canonical\" href=\"https:\/\/laserelectronique.com\/?product=trepieds-pour-engins-nedo\" \/>\n<meta property=\"og:locale\" content=\"fr_FR\" \/>\n<meta property=\"og:type\" content=\"article\" \/>\n<meta property=\"og:title\" content=\"Tr\u00e9pieds pour engins NEDO - LASER ELECTRONIQUE TP\" \/>\n<meta property=\"og:description\" content=\"Tr\u00e9pied Nedo Jumbo Le tr\u00e9pied \u00e0 manivelle Nedo pour lasers lourds\u00a0 de guidage d\u2019engins\u00a0La conception du tr\u00e9pied Jumbo permet\u00a0 une mise en \u0153uvre sans vibration du laser de\u00a0 guidage d\u2019engins,&hellip;\" \/>\n<meta property=\"og:url\" content=\"https:\/\/laserelectronique.com\/?product=trepieds-pour-engins-nedo\" \/>\n<meta property=\"og:site_name\" content=\"LASER ELECTRONIQUE TP\" \/>\n<meta property=\"article:modified_time\" content=\"2020-11-18T14:35:51+00:00\" \/>\n<meta property=\"og:image\" content=\"https:\/\/laserelectronique.com\/wp-content\/uploads\/2019\/07\/200215-613.png\" \/>\n\t<meta property=\"og:image:width\" content=\"800\" \/>\n\t<meta property=\"og:image:height\" content=\"800\" \/>\n\t<meta property=\"og:image:type\" content=\"image\/png\" \/>\n<meta name=\"twitter:card\" content=\"summary_large_image\" \/>\n<meta name=\"twitter:label1\" content=\"Dur\u00e9e de lecture estim\u00e9e\" \/>\n\t<meta name=\"twitter:data1\" content=\"1 minute\" \/>\n<script type=\"application\/ld+json\" class=\"yoast-schema-graph\">{\"@context\":\"https:\/\/schema.org\",\"@graph\":[{\"@type\":\"WebPage\",\"@id\":\"https:\/\/laserelectronique.com\/?product=trepieds-pour-engins-nedo\",\"url\":\"https:\/\/laserelectronique.com\/?product=trepieds-pour-engins-nedo\",\"name\":\"Tr\u00e9pieds pour engins NEDO - LASER ELECTRONIQUE TP\",\"isPartOf\":{\"@id\":\"https:\/\/laserelectronique.com\/#website\"},\"primaryImageOfPage\":{\"@id\":\"https:\/\/laserelectronique.com\/?product=trepieds-pour-engins-nedo#primaryimage\"},\"image\":{\"@id\":\"https:\/\/laserelectronique.com\/?product=trepieds-pour-engins-nedo#primaryimage\"},\"thumbnailUrl\":\"https:\/\/laserelectronique.com\/wp-content\/uploads\/2019\/07\/200215-613.png\",\"datePublished\":\"2019-07-27T08:02:28+00:00\",\"dateModified\":\"2020-11-18T14:35:51+00:00\",\"breadcrumb\":{\"@id\":\"https:\/\/laserelectronique.com\/?product=trepieds-pour-engins-nedo#breadcrumb\"},\"inLanguage\":\"fr-FR\",\"potentialAction\":[{\"@type\":\"ReadAction\",\"target\":[\"https:\/\/laserelectronique.com\/?product=trepieds-pour-engins-nedo\"]}]},{\"@type\":\"ImageObject\",\"inLanguage\":\"fr-FR\",\"@id\":\"https:\/\/laserelectronique.com\/?product=trepieds-pour-engins-nedo#primaryimage\",\"url\":\"https:\/\/laserelectronique.com\/wp-content\/uploads\/2019\/07\/200215-613.png\",\"contentUrl\":\"https:\/\/laserelectronique.com\/wp-content\/uploads\/2019\/07\/200215-613.png\",\"width\":800,\"height\":800},{\"@type\":\"BreadcrumbList\",\"@id\":\"https:\/\/laserelectronique.com\/?product=trepieds-pour-engins-nedo#breadcrumb\",\"itemListElement\":[{\"@type\":\"ListItem\",\"position\":1,\"name\":\"Accueil\",\"item\":\"https:\/\/laserelectronique.com\/\"},{\"@type\":\"ListItem\",\"position\":2,\"name\":\"Boutique\",\"item\":\"https:\/\/laserelectronique.com\/?page_id=7\"},{\"@type\":\"ListItem\",\"position\":3,\"name\":\"Tr\u00e9pieds pour engins NEDO\"}]},{\"@type\":\"WebSite\",\"@id\":\"https:\/\/laserelectronique.com\/#website\",\"url\":\"https:\/\/laserelectronique.com\/\",\"name\":\"LASER ELECTRONIQUE TP\",\"description\":\"VOTRE PARTENAIRE EN GUIDAGE D&#039;ENGINS, TOPOGRAPHIE ET SERVICES\",\"potentialAction\":[{\"@type\":\"SearchAction\",\"target\":{\"@type\":\"EntryPoint\",\"urlTemplate\":\"https:\/\/laserelectronique.com\/?s={search_term_string}\"},\"query-input\":{\"@type\":\"PropertyValueSpecification\",\"valueRequired\":true,\"valueName\":\"search_term_string\"}}],\"inLanguage\":\"fr-FR\"}]}<\/script>\n<!-- \/ Yoast SEO plugin. -->","yoast_head_json":{"title":"Tr\u00e9pieds pour engins NEDO - LASER ELECTRONIQUE TP","robots":{"index":"index","follow":"follow","max-snippet":"max-snippet:-1","max-image-preview":"max-image-preview:large","max-video-preview":"max-video-preview:-1"},"canonical":"https:\/\/laserelectronique.com\/?product=trepieds-pour-engins-nedo","og_locale":"fr_FR","og_type":"article","og_title":"Tr\u00e9pieds pour engins NEDO - LASER ELECTRONIQUE TP","og_description":"Tr\u00e9pied Nedo Jumbo Le tr\u00e9pied \u00e0 manivelle Nedo pour lasers lourds\u00a0 de guidage d\u2019engins\u00a0La conception du tr\u00e9pied Jumbo permet\u00a0 une mise en \u0153uvre sans vibration du laser de\u00a0 guidage d\u2019engins,&hellip;","og_url":"https:\/\/laserelectronique.com\/?product=trepieds-pour-engins-nedo","og_site_name":"LASER ELECTRONIQUE TP","article_modified_time":"2020-11-18T14:35:51+00:00","og_image":[{"width":800,"height":800,"url":"https:\/\/laserelectronique.com\/wp-content\/uploads\/2019\/07\/200215-613.png","type":"image\/png"}],"twitter_card":"summary_large_image","twitter_misc":{"Dur\u00e9e de lecture estim\u00e9e":"1 minute"},"schema":{"@context":"https:\/\/schema.org","@graph":[{"@type":"WebPage","@id":"https:\/\/laserelectronique.com\/?product=trepieds-pour-engins-nedo","url":"https:\/\/laserelectronique.com\/?product=trepieds-pour-engins-nedo","name":"Tr\u00e9pieds pour engins NEDO - LASER ELECTRONIQUE TP","isPartOf":{"@id":"https:\/\/laserelectronique.com\/#website"},"primaryImageOfPage":{"@id":"https:\/\/laserelectronique.com\/?product=trepieds-pour-engins-nedo#primaryimage"},"image":{"@id":"https:\/\/laserelectronique.com\/?product=trepieds-pour-engins-nedo#primaryimage"},"thumbnailUrl":"https:\/\/laserelectronique.com\/wp-content\/uploads\/2019\/07\/200215-613.png","datePublished":"2019-07-27T08:02:28+00:00","dateModified":"2020-11-18T14:35:51+00:00","breadcrumb":{"@id":"https:\/\/laserelectronique.com\/?product=trepieds-pour-engins-nedo#breadcrumb"},"inLanguage":"fr-FR","potentialAction":[{"@type":"ReadAction","target":["https:\/\/laserelectronique.com\/?product=trepieds-pour-engins-nedo"]}]},{"@type":"ImageObject","inLanguage":"fr-FR","@id":"https:\/\/laserelectronique.com\/?product=trepieds-pour-engins-nedo#primaryimage","url":"https:\/\/laserelectronique.com\/wp-content\/uploads\/2019\/07\/200215-613.png","contentUrl":"https:\/\/laserelectronique.com\/wp-content\/uploads\/2019\/07\/200215-613.png","width":800,"height":800},{"@type":"BreadcrumbList","@id":"https:\/\/laserelectronique.com\/?product=trepieds-pour-engins-nedo#breadcrumb","itemListElement":[{"@type":"ListItem","position":1,"name":"Accueil","item":"https:\/\/laserelectronique.com\/"},{"@type":"ListItem","position":2,"name":"Boutique","item":"https:\/\/laserelectronique.com\/?page_id=7"},{"@type":"ListItem","position":3,"name":"Tr\u00e9pieds pour engins NEDO"}]},{"@type":"WebSite","@id":"https:\/\/laserelectronique.com\/#website","url":"https:\/\/laserelectronique.com\/","name":"LASER ELECTRONIQUE TP","description":"VOTRE PARTENAIRE EN GUIDAGE D&#039;ENGINS, TOPOGRAPHIE ET SERVICES","potentialAction":[{"@type":"SearchAction","target":{"@type":"EntryPoint","urlTemplate":"https:\/\/laserelectronique.com\/?s={search_term_string}"},"query-input":{"@type":"PropertyValueSpecification","valueRequired":true,"valueName":"search_term_string"}}],"inLanguage":"fr-FR"}]}},"_links":{"self":[{"href":"https:\/\/laserelectronique.com\/index.php?rest_route=\/wp\/v2\/product\/2639","targetHints":{"allow":["GET"]}}],"collection":[{"href":"https:\/\/laserelectronique.com\/index.php?rest_route=\/wp\/v2\/product"}],"about":[{"href":"https:\/\/laserelectronique.com\/index.php?rest_route=\/wp\/v2\/types\/product"}],"replies":[{"embeddable":true,"href":"https:\/\/laserelectronique.com\/index.php?rest_route=%2Fwp%2Fv2%2Fcomments&post=2639"}],"wp:featuredmedia":[{"embeddable":true,"href":"https:\/\/laserelectronique.com\/index.php?rest_route=\/wp\/v2\/media\/2629"}],"wp:attachment":[{"href":"https:\/\/laserelectronique.com\/index.php?rest_route=%2Fwp%2Fv2%2Fmedia&parent=2639"}],"wp:term":[{"taxonomy":"product_cat","embeddable":true,"href":"https:\/\/laserelectronique.com\/index.php?rest_route=%2Fwp%2Fv2%2Fproduct_cat&post=2639"},{"taxonomy":"product_tag","embeddable":true,"href":"https:\/\/laserelectronique.com\/index.php?rest_route=%2Fwp%2Fv2%2Fproduct_tag&post=2639"}],"curies":[{"name":"wp","href":"https:\/\/api.w.org\/{rel}","templated":true}]}}