{"id":2637,"date":"2019-07-27T09:57:22","date_gmt":"2019-07-27T07:57:22","guid":{"rendered":"http:\/\/laserelectronique.com\/?post_type=product&#038;p=2637"},"modified":"2020-11-18T15:35:51","modified_gmt":"2020-11-18T14:35:51","slug":"trepieds-bois-nedo","status":"publish","type":"product","link":"https:\/\/laserelectronique.com\/?product=trepieds-bois-nedo","title":{"rendered":"Tr\u00e9pieds bois NEDO"},"content":{"rendered":"<div class=\"STYLE_12\" align=\"LEFT\">\n<div class=\"STYLE_9\" align=\"LEFT\">\n<div class=\"STYLE_12\" align=\"LEFT\"><strong>Fr\u00eane et pin \u00e0 fibres droites sont utilis\u00e9s pour <\/strong><strong>les tr\u00e9pieds en bois Nedo. <\/strong><\/div>\n<div class=\"STYLE_12\" align=\"LEFT\"><strong>Les \u00e9l\u00e9ments en <\/strong><strong>bois sont prot\u00e9g\u00e9s durablement contre l\u2019eau <\/strong><strong>et l\u2019humidit\u00e9 par un rev\u00eatement en mati\u00e8re <\/strong><strong>plastique haute technologie. <\/strong><\/div>\n<div class=\"STYLE_12\" align=\"LEFT\"><strong>Un gonflement<\/strong><strong>des pi\u00e8ces en bois est ainsi exclu.<\/strong><strong>Gr\u00e2ce au rev\u00eatement en mati\u00e8re plastique\u00a0<\/strong><strong>des jambes, les tr\u00e9pieds en bois Nedo sont <\/strong><strong>plus stables, plus solides et r\u00e9sistants aux\u00a0<\/strong><strong>intemp\u00e9ries, leur long\u00e9vit\u00e9 est bien plus\u00a0<\/strong><strong>\u00e9lev\u00e9e que celle des tr\u00e9pieds en bois rev\u00eatus\u00a0<\/strong><strong>d\u2019un vernis conventionnel.<\/strong><\/div>\n<\/div>\n<p>&nbsp;<\/p>\n<\/div>\n<h3><strong>Documentation:<\/strong><\/h3>\n<p><a href=\"https:\/\/laserelectronique.com\/wp-content\/uploads\/2019\/07\/Tr\u00e9pieds-bois-NEDO.pdf\"><strong>Tr\u00e9pieds aluminiu<\/strong><strong>m NEDO, une gamme compl\u00e8te<\/strong><\/a><\/p>\n<p>&nbsp;<\/p>\n","protected":false},"excerpt":{"rendered":"<p>Fr\u00eane et pin \u00e0 fibres droites sont utilis\u00e9s pour les tr\u00e9pieds en bois Nedo. Les \u00e9l\u00e9ments en bois sont prot\u00e9g\u00e9s durablement contre l\u2019eau et l\u2019humidit\u00e9 par un rev\u00eatement en mati\u00e8re&hellip;<\/p>\n","protected":false},"featured_media":2630,"comment_status":"closed","ping_status":"closed","template":"","meta":[],"product_cat":[25,83],"product_tag":[],"class_list":{"0":"post-2637","1":"product","2":"type-product","3":"status-publish","4":"has-post-thumbnail","6":"product_cat-topographie","7":"product_cat-trepieds-et-mats","8":"","10":"first","11":"instock","12":"taxable","13":"shipping-taxable","14":"product-type-simple"},"yoast_head":"<!-- This site is optimized with the Yoast SEO plugin v24.7 - https:\/\/yoast.com\/wordpress\/plugins\/seo\/ -->\n<title>Tr\u00e9pieds bois NEDO - LASER ELECTRONIQUE TP<\/title>\n<meta name=\"robots\" content=\"index, follow, max-snippet:-1, max-image-preview:large, max-video-preview:-1\" \/>\n<link rel=\"canonical\" href=\"https:\/\/laserelectronique.com\/?product=trepieds-bois-nedo\" \/>\n<meta property=\"og:locale\" content=\"fr_FR\" \/>\n<meta property=\"og:type\" content=\"article\" \/>\n<meta property=\"og:title\" content=\"Tr\u00e9pieds bois NEDO - LASER ELECTRONIQUE TP\" \/>\n<meta property=\"og:description\" content=\"Fr\u00eane et pin \u00e0 fibres droites sont utilis\u00e9s pour les tr\u00e9pieds en bois Nedo. Les \u00e9l\u00e9ments en bois sont prot\u00e9g\u00e9s durablement contre l\u2019eau et l\u2019humidit\u00e9 par un rev\u00eatement en mati\u00e8re&hellip;\" \/>\n<meta property=\"og:url\" content=\"https:\/\/laserelectronique.com\/?product=trepieds-bois-nedo\" \/>\n<meta property=\"og:site_name\" content=\"LASER ELECTRONIQUE TP\" \/>\n<meta property=\"article:modified_time\" content=\"2020-11-18T14:35:51+00:00\" \/>\n<meta property=\"og:image\" content=\"https:\/\/laserelectronique.com\/wp-content\/uploads\/2019\/07\/200533.png\" \/>\n\t<meta property=\"og:image:width\" content=\"250\" \/>\n\t<meta property=\"og:image:height\" content=\"250\" \/>\n\t<meta property=\"og:image:type\" content=\"image\/png\" \/>\n<meta name=\"twitter:card\" content=\"summary_large_image\" \/>\n<meta name=\"twitter:label1\" content=\"Dur\u00e9e de lecture estim\u00e9e\" \/>\n\t<meta name=\"twitter:data1\" content=\"1 minute\" \/>\n<script type=\"application\/ld+json\" class=\"yoast-schema-graph\">{\"@context\":\"https:\/\/schema.org\",\"@graph\":[{\"@type\":\"WebPage\",\"@id\":\"https:\/\/laserelectronique.com\/?product=trepieds-bois-nedo\",\"url\":\"https:\/\/laserelectronique.com\/?product=trepieds-bois-nedo\",\"name\":\"Tr\u00e9pieds bois NEDO - LASER ELECTRONIQUE TP\",\"isPartOf\":{\"@id\":\"https:\/\/laserelectronique.com\/#website\"},\"primaryImageOfPage\":{\"@id\":\"https:\/\/laserelectronique.com\/?product=trepieds-bois-nedo#primaryimage\"},\"image\":{\"@id\":\"https:\/\/laserelectronique.com\/?product=trepieds-bois-nedo#primaryimage\"},\"thumbnailUrl\":\"https:\/\/laserelectronique.com\/wp-content\/uploads\/2019\/07\/200533.png\",\"datePublished\":\"2019-07-27T07:57:22+00:00\",\"dateModified\":\"2020-11-18T14:35:51+00:00\",\"breadcrumb\":{\"@id\":\"https:\/\/laserelectronique.com\/?product=trepieds-bois-nedo#breadcrumb\"},\"inLanguage\":\"fr-FR\",\"potentialAction\":[{\"@type\":\"ReadAction\",\"target\":[\"https:\/\/laserelectronique.com\/?product=trepieds-bois-nedo\"]}]},{\"@type\":\"ImageObject\",\"inLanguage\":\"fr-FR\",\"@id\":\"https:\/\/laserelectronique.com\/?product=trepieds-bois-nedo#primaryimage\",\"url\":\"https:\/\/laserelectronique.com\/wp-content\/uploads\/2019\/07\/200533.png\",\"contentUrl\":\"https:\/\/laserelectronique.com\/wp-content\/uploads\/2019\/07\/200533.png\",\"width\":250,\"height\":250},{\"@type\":\"BreadcrumbList\",\"@id\":\"https:\/\/laserelectronique.com\/?product=trepieds-bois-nedo#breadcrumb\",\"itemListElement\":[{\"@type\":\"ListItem\",\"position\":1,\"name\":\"Accueil\",\"item\":\"https:\/\/laserelectronique.com\/\"},{\"@type\":\"ListItem\",\"position\":2,\"name\":\"Boutique\",\"item\":\"https:\/\/laserelectronique.com\/?page_id=7\"},{\"@type\":\"ListItem\",\"position\":3,\"name\":\"Tr\u00e9pieds bois NEDO\"}]},{\"@type\":\"WebSite\",\"@id\":\"https:\/\/laserelectronique.com\/#website\",\"url\":\"https:\/\/laserelectronique.com\/\",\"name\":\"LASER ELECTRONIQUE TP\",\"description\":\"VOTRE PARTENAIRE EN GUIDAGE D&#039;ENGINS, TOPOGRAPHIE ET SERVICES\",\"potentialAction\":[{\"@type\":\"SearchAction\",\"target\":{\"@type\":\"EntryPoint\",\"urlTemplate\":\"https:\/\/laserelectronique.com\/?s={search_term_string}\"},\"query-input\":{\"@type\":\"PropertyValueSpecification\",\"valueRequired\":true,\"valueName\":\"search_term_string\"}}],\"inLanguage\":\"fr-FR\"}]}<\/script>\n<!-- \/ Yoast SEO plugin. -->","yoast_head_json":{"title":"Tr\u00e9pieds bois NEDO - LASER ELECTRONIQUE TP","robots":{"index":"index","follow":"follow","max-snippet":"max-snippet:-1","max-image-preview":"max-image-preview:large","max-video-preview":"max-video-preview:-1"},"canonical":"https:\/\/laserelectronique.com\/?product=trepieds-bois-nedo","og_locale":"fr_FR","og_type":"article","og_title":"Tr\u00e9pieds bois NEDO - LASER ELECTRONIQUE TP","og_description":"Fr\u00eane et pin \u00e0 fibres droites sont utilis\u00e9s pour les tr\u00e9pieds en bois Nedo. Les \u00e9l\u00e9ments en bois sont prot\u00e9g\u00e9s durablement contre l\u2019eau et l\u2019humidit\u00e9 par un rev\u00eatement en mati\u00e8re&hellip;","og_url":"https:\/\/laserelectronique.com\/?product=trepieds-bois-nedo","og_site_name":"LASER ELECTRONIQUE TP","article_modified_time":"2020-11-18T14:35:51+00:00","og_image":[{"width":250,"height":250,"url":"https:\/\/laserelectronique.com\/wp-content\/uploads\/2019\/07\/200533.png","type":"image\/png"}],"twitter_card":"summary_large_image","twitter_misc":{"Dur\u00e9e de lecture estim\u00e9e":"1 minute"},"schema":{"@context":"https:\/\/schema.org","@graph":[{"@type":"WebPage","@id":"https:\/\/laserelectronique.com\/?product=trepieds-bois-nedo","url":"https:\/\/laserelectronique.com\/?product=trepieds-bois-nedo","name":"Tr\u00e9pieds bois NEDO - LASER ELECTRONIQUE TP","isPartOf":{"@id":"https:\/\/laserelectronique.com\/#website"},"primaryImageOfPage":{"@id":"https:\/\/laserelectronique.com\/?product=trepieds-bois-nedo#primaryimage"},"image":{"@id":"https:\/\/laserelectronique.com\/?product=trepieds-bois-nedo#primaryimage"},"thumbnailUrl":"https:\/\/laserelectronique.com\/wp-content\/uploads\/2019\/07\/200533.png","datePublished":"2019-07-27T07:57:22+00:00","dateModified":"2020-11-18T14:35:51+00:00","breadcrumb":{"@id":"https:\/\/laserelectronique.com\/?product=trepieds-bois-nedo#breadcrumb"},"inLanguage":"fr-FR","potentialAction":[{"@type":"ReadAction","target":["https:\/\/laserelectronique.com\/?product=trepieds-bois-nedo"]}]},{"@type":"ImageObject","inLanguage":"fr-FR","@id":"https:\/\/laserelectronique.com\/?product=trepieds-bois-nedo#primaryimage","url":"https:\/\/laserelectronique.com\/wp-content\/uploads\/2019\/07\/200533.png","contentUrl":"https:\/\/laserelectronique.com\/wp-content\/uploads\/2019\/07\/200533.png","width":250,"height":250},{"@type":"BreadcrumbList","@id":"https:\/\/laserelectronique.com\/?product=trepieds-bois-nedo#breadcrumb","itemListElement":[{"@type":"ListItem","position":1,"name":"Accueil","item":"https:\/\/laserelectronique.com\/"},{"@type":"ListItem","position":2,"name":"Boutique","item":"https:\/\/laserelectronique.com\/?page_id=7"},{"@type":"ListItem","position":3,"name":"Tr\u00e9pieds bois NEDO"}]},{"@type":"WebSite","@id":"https:\/\/laserelectronique.com\/#website","url":"https:\/\/laserelectronique.com\/","name":"LASER ELECTRONIQUE TP","description":"VOTRE PARTENAIRE EN GUIDAGE D&#039;ENGINS, TOPOGRAPHIE ET SERVICES","potentialAction":[{"@type":"SearchAction","target":{"@type":"EntryPoint","urlTemplate":"https:\/\/laserelectronique.com\/?s={search_term_string}"},"query-input":{"@type":"PropertyValueSpecification","valueRequired":true,"valueName":"search_term_string"}}],"inLanguage":"fr-FR"}]}},"_links":{"self":[{"href":"https:\/\/laserelectronique.com\/index.php?rest_route=\/wp\/v2\/product\/2637","targetHints":{"allow":["GET"]}}],"collection":[{"href":"https:\/\/laserelectronique.com\/index.php?rest_route=\/wp\/v2\/product"}],"about":[{"href":"https:\/\/laserelectronique.com\/index.php?rest_route=\/wp\/v2\/types\/product"}],"replies":[{"embeddable":true,"href":"https:\/\/laserelectronique.com\/index.php?rest_route=%2Fwp%2Fv2%2Fcomments&post=2637"}],"wp:featuredmedia":[{"embeddable":true,"href":"https:\/\/laserelectronique.com\/index.php?rest_route=\/wp\/v2\/media\/2630"}],"wp:attachment":[{"href":"https:\/\/laserelectronique.com\/index.php?rest_route=%2Fwp%2Fv2%2Fmedia&parent=2637"}],"wp:term":[{"taxonomy":"product_cat","embeddable":true,"href":"https:\/\/laserelectronique.com\/index.php?rest_route=%2Fwp%2Fv2%2Fproduct_cat&post=2637"},{"taxonomy":"product_tag","embeddable":true,"href":"https:\/\/laserelectronique.com\/index.php?rest_route=%2Fwp%2Fv2%2Fproduct_tag&post=2637"}],"curies":[{"name":"wp","href":"https:\/\/api.w.org\/{rel}","templated":true}]}}