{"id":2608,"date":"2019-07-25T10:55:48","date_gmt":"2019-07-25T08:55:48","guid":{"rendered":"http:\/\/laserelectronique.com\/?post_type=product&#038;p=2608"},"modified":"2020-11-18T15:36:16","modified_gmt":"2020-11-18T14:36:16","slug":"station-manuelle-geomax-zoom-40","status":"publish","type":"product","link":"https:\/\/laserelectronique.com\/?product=station-manuelle-geomax-zoom-40","title":{"rendered":"Station manuelle Geomax Zoom 40"},"content":{"rendered":"<ul>\n<li><strong>Mesures d&rsquo;angle pr\u00e9cis (2&Prime; \/ 5&Prime;) et compensation quadruples axes<\/strong><\/li>\n<li><strong>Mesures de distance sur prisme 3500m et 500m sans r\u00e9flecteur<\/strong><\/li>\n<li><strong>Temp\u00e9ratures de fonctionnement<\/strong>\u00a0<strong> -20\u00b0C \u00e0 50\u00b0C<\/strong><\/li>\n<li><strong>Capacit\u00e9 de stockage interne<\/strong> <strong>2 Go<\/strong><\/li>\n<li><strong>Interface \/ M\u00e9moire amovible USB<\/strong><\/li>\n<li><strong>Ecran 3,5&Prime; couleur<\/strong><\/li>\n<li><strong>Autonomie <\/strong><strong>jusqu&rsquo;\u00e0 36h<\/strong><\/li>\n<\/ul>\n<p>&nbsp;<\/p>\n<p>&nbsp;<\/p>\n","protected":false},"excerpt":{"rendered":"<div class=\"oSioSc\">\n<div id=\"tw-target\">\n<div id=\"kAz1tf\" class=\"g9WsWb\">\n<div id=\"tw-target-text-container\" class=\"tw-ta-container tw-nfl\">\n<p id=\"tw-target-text\" class=\"tw-data-text tw-ta tw-text-small\" dir=\"ltr\" data-placeholder=\"Traduction\"><span lang=\"fr\" tabindex=\"0\">La flexibilit\u00e9 d&rsquo;ex\u00e9cuter X-PAD, FieldGenius ou Carlson SurvCE (ou tout autre logiciel de terrain embarqu\u00e9), son \u00e9cran couleur tactile haute r\u00e9solution et sa capacit\u00e9 de mesurer de longues distances avec une grande pr\u00e9cision font de la Zoom40 l&rsquo;instrument id\u00e9al \u00e0 tous vos besoins.<\/span><\/p>\n<p dir=\"ltr\" data-placeholder=\"Traduction\">\n<\/div>\n<p dir=\"ltr\" data-placeholder=\"Traduction\"><a href=\"https:\/\/geomax-positioning.com\/-\/media\/files\/geomax\/downloads\/products\/total%20stations\/zoom40%20series\/geomax%20zoom40%20ds%20867517%20%200118%20fr%20lr.ashx?la=fr-fr&amp;hash=9E1F2668A7FF2FC347899A32A22C9123\">VISUALISEZ LE DESCRIPTIF COMPLET DE LA ZOOM40<\/a><\/p>\n<\/div>\n<div id=\"kAz1tf\" class=\"g9WsWb\">\n<p dir=\"ltr\" data-placeholder=\"Traduction\">\n<\/div>\n<\/div>\n<\/div>\n","protected":false},"featured_media":2619,"comment_status":"closed","ping_status":"closed","template":"","meta":[],"product_cat":[28],"product_tag":[],"class_list":{"0":"post-2608","1":"product","2":"type-product","3":"status-publish","4":"has-post-thumbnail","6":"product_cat-stations-totales-manuelles","7":"","9":"first","10":"instock","11":"taxable","12":"shipping-taxable","13":"product-type-simple"},"yoast_head":"<!-- This site is optimized with the Yoast SEO plugin v24.7 - https:\/\/yoast.com\/wordpress\/plugins\/seo\/ -->\n<title>Station manuelle Geomax Zoom 40 - LASER ELECTRONIQUE TP<\/title>\n<meta name=\"robots\" content=\"index, follow, max-snippet:-1, max-image-preview:large, max-video-preview:-1\" \/>\n<link rel=\"canonical\" href=\"https:\/\/laserelectronique.com\/?product=station-manuelle-geomax-zoom-40\" \/>\n<meta property=\"og:locale\" content=\"fr_FR\" \/>\n<meta property=\"og:type\" content=\"article\" \/>\n<meta property=\"og:title\" content=\"Station manuelle Geomax Zoom 40 - LASER ELECTRONIQUE TP\" \/>\n<meta property=\"og:description\" content=\"La flexibilit\u00e9 d&#039;ex\u00e9cuter X-PAD, FieldGenius ou Carlson SurvCE (ou tout autre logiciel de terrain embarqu\u00e9), son \u00e9cran couleur tactile haute r\u00e9solution et sa capacit\u00e9 de mesurer de longues distances avec une grande pr\u00e9cision font de la Zoom40 l&#039;instrument id\u00e9al \u00e0 tous vos besoins.    VISUALISEZ LE DESCRIPTIF COMPLET DE LA ZOOM40\" \/>\n<meta property=\"og:url\" content=\"https:\/\/laserelectronique.com\/?product=station-manuelle-geomax-zoom-40\" \/>\n<meta property=\"og:site_name\" content=\"LASER ELECTRONIQUE TP\" \/>\n<meta property=\"article:modified_time\" content=\"2020-11-18T14:36:16+00:00\" \/>\n<meta property=\"og:image\" content=\"https:\/\/laserelectronique.com\/wp-content\/uploads\/2019\/07\/geomax-zoom40.png\" \/>\n\t<meta property=\"og:image:width\" content=\"378\" \/>\n\t<meta property=\"og:image:height\" content=\"378\" \/>\n\t<meta property=\"og:image:type\" content=\"image\/png\" \/>\n<meta name=\"twitter:card\" content=\"summary_large_image\" \/>\n<script type=\"application\/ld+json\" class=\"yoast-schema-graph\">{\"@context\":\"https:\/\/schema.org\",\"@graph\":[{\"@type\":\"WebPage\",\"@id\":\"https:\/\/laserelectronique.com\/?product=station-manuelle-geomax-zoom-40\",\"url\":\"https:\/\/laserelectronique.com\/?product=station-manuelle-geomax-zoom-40\",\"name\":\"Station manuelle Geomax Zoom 40 - LASER ELECTRONIQUE TP\",\"isPartOf\":{\"@id\":\"https:\/\/laserelectronique.com\/#website\"},\"primaryImageOfPage\":{\"@id\":\"https:\/\/laserelectronique.com\/?product=station-manuelle-geomax-zoom-40#primaryimage\"},\"image\":{\"@id\":\"https:\/\/laserelectronique.com\/?product=station-manuelle-geomax-zoom-40#primaryimage\"},\"thumbnailUrl\":\"https:\/\/laserelectronique.com\/wp-content\/uploads\/2019\/07\/geomax-zoom40.png\",\"datePublished\":\"2019-07-25T08:55:48+00:00\",\"dateModified\":\"2020-11-18T14:36:16+00:00\",\"breadcrumb\":{\"@id\":\"https:\/\/laserelectronique.com\/?product=station-manuelle-geomax-zoom-40#breadcrumb\"},\"inLanguage\":\"fr-FR\",\"potentialAction\":[{\"@type\":\"ReadAction\",\"target\":[\"https:\/\/laserelectronique.com\/?product=station-manuelle-geomax-zoom-40\"]}]},{\"@type\":\"ImageObject\",\"inLanguage\":\"fr-FR\",\"@id\":\"https:\/\/laserelectronique.com\/?product=station-manuelle-geomax-zoom-40#primaryimage\",\"url\":\"https:\/\/laserelectronique.com\/wp-content\/uploads\/2019\/07\/geomax-zoom40.png\",\"contentUrl\":\"https:\/\/laserelectronique.com\/wp-content\/uploads\/2019\/07\/geomax-zoom40.png\",\"width\":378,\"height\":378},{\"@type\":\"BreadcrumbList\",\"@id\":\"https:\/\/laserelectronique.com\/?product=station-manuelle-geomax-zoom-40#breadcrumb\",\"itemListElement\":[{\"@type\":\"ListItem\",\"position\":1,\"name\":\"Accueil\",\"item\":\"https:\/\/laserelectronique.com\/\"},{\"@type\":\"ListItem\",\"position\":2,\"name\":\"Boutique\",\"item\":\"https:\/\/laserelectronique.com\/?page_id=7\"},{\"@type\":\"ListItem\",\"position\":3,\"name\":\"Station manuelle Geomax Zoom 40\"}]},{\"@type\":\"WebSite\",\"@id\":\"https:\/\/laserelectronique.com\/#website\",\"url\":\"https:\/\/laserelectronique.com\/\",\"name\":\"LASER ELECTRONIQUE TP\",\"description\":\"VOTRE PARTENAIRE EN GUIDAGE D&#039;ENGINS, TOPOGRAPHIE ET SERVICES\",\"potentialAction\":[{\"@type\":\"SearchAction\",\"target\":{\"@type\":\"EntryPoint\",\"urlTemplate\":\"https:\/\/laserelectronique.com\/?s={search_term_string}\"},\"query-input\":{\"@type\":\"PropertyValueSpecification\",\"valueRequired\":true,\"valueName\":\"search_term_string\"}}],\"inLanguage\":\"fr-FR\"}]}<\/script>\n<!-- \/ Yoast SEO plugin. -->","yoast_head_json":{"title":"Station manuelle Geomax Zoom 40 - LASER ELECTRONIQUE TP","robots":{"index":"index","follow":"follow","max-snippet":"max-snippet:-1","max-image-preview":"max-image-preview:large","max-video-preview":"max-video-preview:-1"},"canonical":"https:\/\/laserelectronique.com\/?product=station-manuelle-geomax-zoom-40","og_locale":"fr_FR","og_type":"article","og_title":"Station manuelle Geomax Zoom 40 - LASER ELECTRONIQUE TP","og_description":"La flexibilit\u00e9 d'ex\u00e9cuter X-PAD, FieldGenius ou Carlson SurvCE (ou tout autre logiciel de terrain embarqu\u00e9), son \u00e9cran couleur tactile haute r\u00e9solution et sa capacit\u00e9 de mesurer de longues distances avec une grande pr\u00e9cision font de la Zoom40 l'instrument id\u00e9al \u00e0 tous vos besoins.    VISUALISEZ LE DESCRIPTIF COMPLET DE LA ZOOM40","og_url":"https:\/\/laserelectronique.com\/?product=station-manuelle-geomax-zoom-40","og_site_name":"LASER ELECTRONIQUE TP","article_modified_time":"2020-11-18T14:36:16+00:00","og_image":[{"width":378,"height":378,"url":"https:\/\/laserelectronique.com\/wp-content\/uploads\/2019\/07\/geomax-zoom40.png","type":"image\/png"}],"twitter_card":"summary_large_image","schema":{"@context":"https:\/\/schema.org","@graph":[{"@type":"WebPage","@id":"https:\/\/laserelectronique.com\/?product=station-manuelle-geomax-zoom-40","url":"https:\/\/laserelectronique.com\/?product=station-manuelle-geomax-zoom-40","name":"Station manuelle Geomax Zoom 40 - LASER ELECTRONIQUE TP","isPartOf":{"@id":"https:\/\/laserelectronique.com\/#website"},"primaryImageOfPage":{"@id":"https:\/\/laserelectronique.com\/?product=station-manuelle-geomax-zoom-40#primaryimage"},"image":{"@id":"https:\/\/laserelectronique.com\/?product=station-manuelle-geomax-zoom-40#primaryimage"},"thumbnailUrl":"https:\/\/laserelectronique.com\/wp-content\/uploads\/2019\/07\/geomax-zoom40.png","datePublished":"2019-07-25T08:55:48+00:00","dateModified":"2020-11-18T14:36:16+00:00","breadcrumb":{"@id":"https:\/\/laserelectronique.com\/?product=station-manuelle-geomax-zoom-40#breadcrumb"},"inLanguage":"fr-FR","potentialAction":[{"@type":"ReadAction","target":["https:\/\/laserelectronique.com\/?product=station-manuelle-geomax-zoom-40"]}]},{"@type":"ImageObject","inLanguage":"fr-FR","@id":"https:\/\/laserelectronique.com\/?product=station-manuelle-geomax-zoom-40#primaryimage","url":"https:\/\/laserelectronique.com\/wp-content\/uploads\/2019\/07\/geomax-zoom40.png","contentUrl":"https:\/\/laserelectronique.com\/wp-content\/uploads\/2019\/07\/geomax-zoom40.png","width":378,"height":378},{"@type":"BreadcrumbList","@id":"https:\/\/laserelectronique.com\/?product=station-manuelle-geomax-zoom-40#breadcrumb","itemListElement":[{"@type":"ListItem","position":1,"name":"Accueil","item":"https:\/\/laserelectronique.com\/"},{"@type":"ListItem","position":2,"name":"Boutique","item":"https:\/\/laserelectronique.com\/?page_id=7"},{"@type":"ListItem","position":3,"name":"Station manuelle Geomax Zoom 40"}]},{"@type":"WebSite","@id":"https:\/\/laserelectronique.com\/#website","url":"https:\/\/laserelectronique.com\/","name":"LASER ELECTRONIQUE TP","description":"VOTRE PARTENAIRE EN GUIDAGE D&#039;ENGINS, TOPOGRAPHIE ET SERVICES","potentialAction":[{"@type":"SearchAction","target":{"@type":"EntryPoint","urlTemplate":"https:\/\/laserelectronique.com\/?s={search_term_string}"},"query-input":{"@type":"PropertyValueSpecification","valueRequired":true,"valueName":"search_term_string"}}],"inLanguage":"fr-FR"}]}},"_links":{"self":[{"href":"https:\/\/laserelectronique.com\/index.php?rest_route=\/wp\/v2\/product\/2608","targetHints":{"allow":["GET"]}}],"collection":[{"href":"https:\/\/laserelectronique.com\/index.php?rest_route=\/wp\/v2\/product"}],"about":[{"href":"https:\/\/laserelectronique.com\/index.php?rest_route=\/wp\/v2\/types\/product"}],"replies":[{"embeddable":true,"href":"https:\/\/laserelectronique.com\/index.php?rest_route=%2Fwp%2Fv2%2Fcomments&post=2608"}],"wp:featuredmedia":[{"embeddable":true,"href":"https:\/\/laserelectronique.com\/index.php?rest_route=\/wp\/v2\/media\/2619"}],"wp:attachment":[{"href":"https:\/\/laserelectronique.com\/index.php?rest_route=%2Fwp%2Fv2%2Fmedia&parent=2608"}],"wp:term":[{"taxonomy":"product_cat","embeddable":true,"href":"https:\/\/laserelectronique.com\/index.php?rest_route=%2Fwp%2Fv2%2Fproduct_cat&post=2608"},{"taxonomy":"product_tag","embeddable":true,"href":"https:\/\/laserelectronique.com\/index.php?rest_route=%2Fwp%2Fv2%2Fproduct_tag&post=2608"}],"curies":[{"name":"wp","href":"https:\/\/api.w.org\/{rel}","templated":true}]}}