{"id":207,"date":"2017-03-28T12:05:36","date_gmt":"2017-03-28T10:05:36","guid":{"rendered":"http:\/\/laserins.fr\/?product=groupe-auto-amorcant-eau-ou-gasoil"},"modified":"2022-12-05T17:36:29","modified_gmt":"2022-12-05T16:36:29","slug":"groupe-auto-amorcant-eau-ou-gasoil","status":"publish","type":"product","link":"https:\/\/laserelectronique.com\/?product=groupe-auto-amorcant-eau-ou-gasoil","title":{"rendered":"Groupe eau ou gasoil 12V EQUIMA 50 l\/mn"},"content":{"rendered":"<p><strong>Groupe Auto-amor\u00e7ant Eau ou Gasoil<\/strong><\/p>\n<p><strong>50 l\/min 12V<\/strong><\/p>\n<p><strong>Tr\u00e8s robuste<\/strong><\/p>\n<p><strong>Fabrication Japonaise<\/strong><\/p>\n<p><strong>Garantie 2 ans<\/strong><\/p>\n<p><strong>R\u00e9f\u00e9rence : PE2012CK<\/strong><\/p>\n<h3>Document produit:<\/h3>\n<ul>\n<li><strong><a href=\"https:\/\/laserelectronique.com\/wp-content\/uploads\/2022\/12\/17-DOC-TRANSFERT-12-24-V.pdf\">Produits de Transfert 12V\/24V<\/a><\/strong><\/li>\n<\/ul>\n<ul>\n<li><a href=\"http:\/\/laserins.fr\/wp-content\/uploads\/2017\/12\/Doc-EQUIMA.pdf\">Doc EQUIMA<\/a><\/li>\n<\/ul>\n","protected":false},"excerpt":{"rendered":"<p>Groupe Auto-amor\u00e7ant Eau ou Gasoil 50 l\/min 12V Tr\u00e8s robuste Fabrication Japonaise Garantie 2 ans R\u00e9f\u00e9rence : PE2012CK Document produit: Produits de Transfert 12V\/24V Doc EQUIMA<\/p>\n","protected":false},"featured_media":1014,"comment_status":"closed","ping_status":"closed","template":"","meta":[],"product_cat":[21],"product_tag":[],"class_list":{"0":"post-207","1":"product","2":"type-product","3":"status-publish","4":"has-post-thumbnail","6":"product_cat-transfert-12v24v","7":"","9":"first","10":"instock","11":"taxable","12":"shipping-taxable","13":"purchasable","14":"product-type-simple"},"yoast_head":"<!-- This site is optimized with the Yoast SEO plugin v24.7 - https:\/\/yoast.com\/wordpress\/plugins\/seo\/ -->\n<title>Groupe eau ou gasoil 12V EQUIMA 50 l\/mn - LASER ELECTRONIQUE TP<\/title>\n<meta name=\"robots\" content=\"index, follow, max-snippet:-1, max-image-preview:large, max-video-preview:-1\" \/>\n<link rel=\"canonical\" href=\"https:\/\/laserelectronique.com\/?product=groupe-auto-amorcant-eau-ou-gasoil\" \/>\n<meta property=\"og:locale\" content=\"fr_FR\" \/>\n<meta property=\"og:type\" content=\"article\" \/>\n<meta property=\"og:title\" content=\"Groupe eau ou gasoil 12V EQUIMA 50 l\/mn - LASER ELECTRONIQUE TP\" \/>\n<meta property=\"og:description\" content=\"Groupe Auto-amor\u00e7ant Eau ou Gasoil 50 l\/min 12V Tr\u00e8s robuste Fabrication Japonaise Garantie 2 ans R\u00e9f\u00e9rence : PE2012CK Document produit: Produits de Transfert 12V\/24V Doc EQUIMA\" \/>\n<meta property=\"og:url\" content=\"https:\/\/laserelectronique.com\/?product=groupe-auto-amorcant-eau-ou-gasoil\" \/>\n<meta property=\"og:site_name\" content=\"LASER ELECTRONIQUE TP\" \/>\n<meta property=\"article:modified_time\" content=\"2022-12-05T16:36:29+00:00\" \/>\n<meta property=\"og:image\" content=\"https:\/\/laserelectronique.com\/wp-content\/uploads\/2017\/11\/pompe-equima.png\" \/>\n\t<meta property=\"og:image:width\" content=\"1279\" \/>\n\t<meta property=\"og:image:height\" content=\"1279\" \/>\n\t<meta property=\"og:image:type\" content=\"image\/png\" \/>\n<meta name=\"twitter:card\" content=\"summary_large_image\" \/>\n<script type=\"application\/ld+json\" class=\"yoast-schema-graph\">{\"@context\":\"https:\/\/schema.org\",\"@graph\":[{\"@type\":\"WebPage\",\"@id\":\"https:\/\/laserelectronique.com\/?product=groupe-auto-amorcant-eau-ou-gasoil\",\"url\":\"https:\/\/laserelectronique.com\/?product=groupe-auto-amorcant-eau-ou-gasoil\",\"name\":\"Groupe eau ou gasoil 12V EQUIMA 50 l\/mn - LASER ELECTRONIQUE TP\",\"isPartOf\":{\"@id\":\"https:\/\/laserelectronique.com\/#website\"},\"primaryImageOfPage\":{\"@id\":\"https:\/\/laserelectronique.com\/?product=groupe-auto-amorcant-eau-ou-gasoil#primaryimage\"},\"image\":{\"@id\":\"https:\/\/laserelectronique.com\/?product=groupe-auto-amorcant-eau-ou-gasoil#primaryimage\"},\"thumbnailUrl\":\"https:\/\/laserelectronique.com\/wp-content\/uploads\/2017\/11\/pompe-equima.png\",\"datePublished\":\"2017-03-28T10:05:36+00:00\",\"dateModified\":\"2022-12-05T16:36:29+00:00\",\"breadcrumb\":{\"@id\":\"https:\/\/laserelectronique.com\/?product=groupe-auto-amorcant-eau-ou-gasoil#breadcrumb\"},\"inLanguage\":\"fr-FR\",\"potentialAction\":[{\"@type\":\"ReadAction\",\"target\":[\"https:\/\/laserelectronique.com\/?product=groupe-auto-amorcant-eau-ou-gasoil\"]}]},{\"@type\":\"ImageObject\",\"inLanguage\":\"fr-FR\",\"@id\":\"https:\/\/laserelectronique.com\/?product=groupe-auto-amorcant-eau-ou-gasoil#primaryimage\",\"url\":\"https:\/\/laserelectronique.com\/wp-content\/uploads\/2017\/11\/pompe-equima.png\",\"contentUrl\":\"https:\/\/laserelectronique.com\/wp-content\/uploads\/2017\/11\/pompe-equima.png\",\"width\":1279,\"height\":1279},{\"@type\":\"BreadcrumbList\",\"@id\":\"https:\/\/laserelectronique.com\/?product=groupe-auto-amorcant-eau-ou-gasoil#breadcrumb\",\"itemListElement\":[{\"@type\":\"ListItem\",\"position\":1,\"name\":\"Accueil\",\"item\":\"https:\/\/laserelectronique.com\/\"},{\"@type\":\"ListItem\",\"position\":2,\"name\":\"Boutique\",\"item\":\"https:\/\/laserelectronique.com\/?page_id=7\"},{\"@type\":\"ListItem\",\"position\":3,\"name\":\"Groupe eau ou gasoil 12V EQUIMA 50 l\/mn\"}]},{\"@type\":\"WebSite\",\"@id\":\"https:\/\/laserelectronique.com\/#website\",\"url\":\"https:\/\/laserelectronique.com\/\",\"name\":\"LASER ELECTRONIQUE TP\",\"description\":\"VOTRE PARTENAIRE EN GUIDAGE D&#039;ENGINS, TOPOGRAPHIE ET SERVICES\",\"potentialAction\":[{\"@type\":\"SearchAction\",\"target\":{\"@type\":\"EntryPoint\",\"urlTemplate\":\"https:\/\/laserelectronique.com\/?s={search_term_string}\"},\"query-input\":{\"@type\":\"PropertyValueSpecification\",\"valueRequired\":true,\"valueName\":\"search_term_string\"}}],\"inLanguage\":\"fr-FR\"}]}<\/script>\n<!-- \/ Yoast SEO plugin. -->","yoast_head_json":{"title":"Groupe eau ou gasoil 12V EQUIMA 50 l\/mn - LASER ELECTRONIQUE TP","robots":{"index":"index","follow":"follow","max-snippet":"max-snippet:-1","max-image-preview":"max-image-preview:large","max-video-preview":"max-video-preview:-1"},"canonical":"https:\/\/laserelectronique.com\/?product=groupe-auto-amorcant-eau-ou-gasoil","og_locale":"fr_FR","og_type":"article","og_title":"Groupe eau ou gasoil 12V EQUIMA 50 l\/mn - LASER ELECTRONIQUE TP","og_description":"Groupe Auto-amor\u00e7ant Eau ou Gasoil 50 l\/min 12V Tr\u00e8s robuste Fabrication Japonaise Garantie 2 ans R\u00e9f\u00e9rence : PE2012CK Document produit: Produits de Transfert 12V\/24V Doc EQUIMA","og_url":"https:\/\/laserelectronique.com\/?product=groupe-auto-amorcant-eau-ou-gasoil","og_site_name":"LASER ELECTRONIQUE TP","article_modified_time":"2022-12-05T16:36:29+00:00","og_image":[{"width":1279,"height":1279,"url":"https:\/\/laserelectronique.com\/wp-content\/uploads\/2017\/11\/pompe-equima.png","type":"image\/png"}],"twitter_card":"summary_large_image","schema":{"@context":"https:\/\/schema.org","@graph":[{"@type":"WebPage","@id":"https:\/\/laserelectronique.com\/?product=groupe-auto-amorcant-eau-ou-gasoil","url":"https:\/\/laserelectronique.com\/?product=groupe-auto-amorcant-eau-ou-gasoil","name":"Groupe eau ou gasoil 12V EQUIMA 50 l\/mn - LASER ELECTRONIQUE TP","isPartOf":{"@id":"https:\/\/laserelectronique.com\/#website"},"primaryImageOfPage":{"@id":"https:\/\/laserelectronique.com\/?product=groupe-auto-amorcant-eau-ou-gasoil#primaryimage"},"image":{"@id":"https:\/\/laserelectronique.com\/?product=groupe-auto-amorcant-eau-ou-gasoil#primaryimage"},"thumbnailUrl":"https:\/\/laserelectronique.com\/wp-content\/uploads\/2017\/11\/pompe-equima.png","datePublished":"2017-03-28T10:05:36+00:00","dateModified":"2022-12-05T16:36:29+00:00","breadcrumb":{"@id":"https:\/\/laserelectronique.com\/?product=groupe-auto-amorcant-eau-ou-gasoil#breadcrumb"},"inLanguage":"fr-FR","potentialAction":[{"@type":"ReadAction","target":["https:\/\/laserelectronique.com\/?product=groupe-auto-amorcant-eau-ou-gasoil"]}]},{"@type":"ImageObject","inLanguage":"fr-FR","@id":"https:\/\/laserelectronique.com\/?product=groupe-auto-amorcant-eau-ou-gasoil#primaryimage","url":"https:\/\/laserelectronique.com\/wp-content\/uploads\/2017\/11\/pompe-equima.png","contentUrl":"https:\/\/laserelectronique.com\/wp-content\/uploads\/2017\/11\/pompe-equima.png","width":1279,"height":1279},{"@type":"BreadcrumbList","@id":"https:\/\/laserelectronique.com\/?product=groupe-auto-amorcant-eau-ou-gasoil#breadcrumb","itemListElement":[{"@type":"ListItem","position":1,"name":"Accueil","item":"https:\/\/laserelectronique.com\/"},{"@type":"ListItem","position":2,"name":"Boutique","item":"https:\/\/laserelectronique.com\/?page_id=7"},{"@type":"ListItem","position":3,"name":"Groupe eau ou gasoil 12V EQUIMA 50 l\/mn"}]},{"@type":"WebSite","@id":"https:\/\/laserelectronique.com\/#website","url":"https:\/\/laserelectronique.com\/","name":"LASER ELECTRONIQUE TP","description":"VOTRE PARTENAIRE EN GUIDAGE D&#039;ENGINS, TOPOGRAPHIE ET SERVICES","potentialAction":[{"@type":"SearchAction","target":{"@type":"EntryPoint","urlTemplate":"https:\/\/laserelectronique.com\/?s={search_term_string}"},"query-input":{"@type":"PropertyValueSpecification","valueRequired":true,"valueName":"search_term_string"}}],"inLanguage":"fr-FR"}]}},"_links":{"self":[{"href":"https:\/\/laserelectronique.com\/index.php?rest_route=\/wp\/v2\/product\/207","targetHints":{"allow":["GET"]}}],"collection":[{"href":"https:\/\/laserelectronique.com\/index.php?rest_route=\/wp\/v2\/product"}],"about":[{"href":"https:\/\/laserelectronique.com\/index.php?rest_route=\/wp\/v2\/types\/product"}],"replies":[{"embeddable":true,"href":"https:\/\/laserelectronique.com\/index.php?rest_route=%2Fwp%2Fv2%2Fcomments&post=207"}],"wp:featuredmedia":[{"embeddable":true,"href":"https:\/\/laserelectronique.com\/index.php?rest_route=\/wp\/v2\/media\/1014"}],"wp:attachment":[{"href":"https:\/\/laserelectronique.com\/index.php?rest_route=%2Fwp%2Fv2%2Fmedia&parent=207"}],"wp:term":[{"taxonomy":"product_cat","embeddable":true,"href":"https:\/\/laserelectronique.com\/index.php?rest_route=%2Fwp%2Fv2%2Fproduct_cat&post=207"},{"taxonomy":"product_tag","embeddable":true,"href":"https:\/\/laserelectronique.com\/index.php?rest_route=%2Fwp%2Fv2%2Fproduct_tag&post=207"}],"curies":[{"name":"wp","href":"https:\/\/api.w.org\/{rel}","templated":true}]}}