{"id":1805,"date":"2018-01-30T15:04:18","date_gmt":"2018-01-30T14:04:18","guid":{"rendered":"http:\/\/laserins.fr\/?post_type=product&#038;p=1805"},"modified":"2020-11-18T15:36:53","modified_gmt":"2020-11-18T14:36:53","slug":"poutre-de-nivellement-mecanique-2","status":"publish","type":"product","link":"https:\/\/laserelectronique.com\/?product=poutre-de-nivellement-mecanique-2","title":{"rendered":"Poutre de nivellement m\u00e9canique"},"content":{"rendered":"<p><strong>Poutre de 18 m. en aluminium pour finisseur compos\u00e9e de 3 \u00e9l\u00e9ments \u00e0 skis de 3 m, <\/strong><\/p>\n<p><strong>1 partie enjambeuse et 2 \u00e9l\u00e9ments sur roues de 3 m.<\/strong><\/p>\n<p><strong>Cr\u00e9e par BLAW-KNOX, le concepteur du principe de table flottante pour finisseur.<\/strong><\/p>\n<p><strong>Tr\u00e8s grande pr\u00e9cision : 20 paires de roues ou skis sur ressort au contact du sol.<\/strong><\/p>\n<p><strong>Fabrication fran\u00e7aise.<\/strong><\/p>\n<p><iframe loading=\"lazy\" width=\"840\" height=\"630\" src=\"https:\/\/www.youtube.com\/embed\/L9Y0JTRRQMk?feature=oembed\" frameborder=\"0\" allow=\"accelerometer; autoplay; encrypted-media; gyroscope; picture-in-picture\" allowfullscreen><\/iframe><\/p>\n<p><img loading=\"lazy\" decoding=\"async\" class=\"alignnone size-full wp-image-2423\" src=\"https:\/\/laserelectronique.com\/wp-content\/uploads\/2019\/02\/sh\u00e9ma.png\" alt=\"\" width=\"853\" height=\"571\" srcset=\"https:\/\/laserelectronique.com\/wp-content\/uploads\/2019\/02\/sh\u00e9ma.png 853w, https:\/\/laserelectronique.com\/wp-content\/uploads\/2019\/02\/sh\u00e9ma-300x201.png 300w, https:\/\/laserelectronique.com\/wp-content\/uploads\/2019\/02\/sh\u00e9ma-768x514.png 768w, https:\/\/laserelectronique.com\/wp-content\/uploads\/2019\/02\/sh\u00e9ma-270x180.png 270w, https:\/\/laserelectronique.com\/wp-content\/uploads\/2019\/02\/sh\u00e9ma-600x402.png 600w\" sizes=\"auto, (max-width: 853px) 100vw, 853px\" \/><\/p>\n<p><strong>Docu<\/strong><strong style=\"font-size: 16px;\">ment produit:<\/strong><\/p>\n<p><strong><a href=\"https:\/\/laserelectronique.com\/wp-content\/uploads\/2019\/02\/concept-poutre-m\u00e9canique-LETP.pdf\">concept poutre m\u00e9canique LETP<\/a><\/strong><\/p>\n<p><strong><a href=\"https:\/\/laserelectronique.com\/wp-content\/uploads\/2019\/02\/poutre-meca-brevet-bk-US3846035-1.pdf\">poutre meca brevet bk US3846035<\/a><\/strong><\/p>\n<p>&nbsp;<\/p>\n<p>&nbsp;<\/p>\n","protected":false},"excerpt":{"rendered":"<p>Poutre de 18 m. en aluminium pour finisseur compos\u00e9e de 3 \u00e9l\u00e9ments \u00e0 skis de 3 m, 1 partie enjambeuse et 2 \u00e9l\u00e9ments sur roues de 3 m. Cr\u00e9e par&hellip;<\/p>\n","protected":false},"featured_media":2074,"comment_status":"closed","ping_status":"closed","template":"","meta":[],"product_cat":[77],"product_tag":[],"class_list":{"0":"post-1805","1":"product","2":"type-product","3":"status-publish","4":"has-post-thumbnail","6":"product_cat-equipements-complets","7":"","9":"first","10":"instock","11":"taxable","12":"shipping-taxable","13":"product-type-simple"},"yoast_head":"<!-- This site is optimized with the Yoast SEO plugin v24.7 - https:\/\/yoast.com\/wordpress\/plugins\/seo\/ -->\n<title>Poutre de nivellement m\u00e9canique - LASER ELECTRONIQUE TP<\/title>\n<meta name=\"robots\" content=\"index, follow, max-snippet:-1, max-image-preview:large, max-video-preview:-1\" \/>\n<link rel=\"canonical\" href=\"https:\/\/laserelectronique.com\/?product=poutre-de-nivellement-mecanique-2\" \/>\n<meta property=\"og:locale\" content=\"fr_FR\" \/>\n<meta property=\"og:type\" content=\"article\" \/>\n<meta property=\"og:title\" content=\"Poutre de nivellement m\u00e9canique - LASER ELECTRONIQUE TP\" \/>\n<meta property=\"og:description\" content=\"Poutre de 18 m. en aluminium pour finisseur compos\u00e9e de 3 \u00e9l\u00e9ments \u00e0 skis de 3 m, 1 partie enjambeuse et 2 \u00e9l\u00e9ments sur roues de 3 m. Cr\u00e9e par&hellip;\" \/>\n<meta property=\"og:url\" content=\"https:\/\/laserelectronique.com\/?product=poutre-de-nivellement-mecanique-2\" \/>\n<meta property=\"og:site_name\" content=\"LASER ELECTRONIQUE TP\" \/>\n<meta property=\"article:modified_time\" content=\"2020-11-18T14:36:53+00:00\" \/>\n<meta property=\"og:image\" content=\"https:\/\/laserelectronique.com\/wp-content\/uploads\/2018\/06\/poutremeca1.jpg\" \/>\n\t<meta property=\"og:image:width\" content=\"1500\" \/>\n\t<meta property=\"og:image:height\" content=\"1125\" \/>\n\t<meta property=\"og:image:type\" content=\"image\/jpeg\" \/>\n<meta name=\"twitter:card\" content=\"summary_large_image\" \/>\n<script type=\"application\/ld+json\" class=\"yoast-schema-graph\">{\"@context\":\"https:\/\/schema.org\",\"@graph\":[{\"@type\":\"WebPage\",\"@id\":\"https:\/\/laserelectronique.com\/?product=poutre-de-nivellement-mecanique-2\",\"url\":\"https:\/\/laserelectronique.com\/?product=poutre-de-nivellement-mecanique-2\",\"name\":\"Poutre de nivellement m\u00e9canique - LASER ELECTRONIQUE TP\",\"isPartOf\":{\"@id\":\"https:\/\/laserelectronique.com\/#website\"},\"primaryImageOfPage\":{\"@id\":\"https:\/\/laserelectronique.com\/?product=poutre-de-nivellement-mecanique-2#primaryimage\"},\"image\":{\"@id\":\"https:\/\/laserelectronique.com\/?product=poutre-de-nivellement-mecanique-2#primaryimage\"},\"thumbnailUrl\":\"https:\/\/laserelectronique.com\/wp-content\/uploads\/2018\/06\/poutremeca1.jpg\",\"datePublished\":\"2018-01-30T14:04:18+00:00\",\"dateModified\":\"2020-11-18T14:36:53+00:00\",\"breadcrumb\":{\"@id\":\"https:\/\/laserelectronique.com\/?product=poutre-de-nivellement-mecanique-2#breadcrumb\"},\"inLanguage\":\"fr-FR\",\"potentialAction\":[{\"@type\":\"ReadAction\",\"target\":[\"https:\/\/laserelectronique.com\/?product=poutre-de-nivellement-mecanique-2\"]}]},{\"@type\":\"ImageObject\",\"inLanguage\":\"fr-FR\",\"@id\":\"https:\/\/laserelectronique.com\/?product=poutre-de-nivellement-mecanique-2#primaryimage\",\"url\":\"https:\/\/laserelectronique.com\/wp-content\/uploads\/2018\/06\/poutremeca1.jpg\",\"contentUrl\":\"https:\/\/laserelectronique.com\/wp-content\/uploads\/2018\/06\/poutremeca1.jpg\",\"width\":1500,\"height\":1125},{\"@type\":\"BreadcrumbList\",\"@id\":\"https:\/\/laserelectronique.com\/?product=poutre-de-nivellement-mecanique-2#breadcrumb\",\"itemListElement\":[{\"@type\":\"ListItem\",\"position\":1,\"name\":\"Accueil\",\"item\":\"https:\/\/laserelectronique.com\/\"},{\"@type\":\"ListItem\",\"position\":2,\"name\":\"Boutique\",\"item\":\"https:\/\/laserelectronique.com\/?page_id=7\"},{\"@type\":\"ListItem\",\"position\":3,\"name\":\"Poutre de nivellement m\u00e9canique\"}]},{\"@type\":\"WebSite\",\"@id\":\"https:\/\/laserelectronique.com\/#website\",\"url\":\"https:\/\/laserelectronique.com\/\",\"name\":\"LASER ELECTRONIQUE TP\",\"description\":\"VOTRE PARTENAIRE EN GUIDAGE D&#039;ENGINS, TOPOGRAPHIE ET SERVICES\",\"potentialAction\":[{\"@type\":\"SearchAction\",\"target\":{\"@type\":\"EntryPoint\",\"urlTemplate\":\"https:\/\/laserelectronique.com\/?s={search_term_string}\"},\"query-input\":{\"@type\":\"PropertyValueSpecification\",\"valueRequired\":true,\"valueName\":\"search_term_string\"}}],\"inLanguage\":\"fr-FR\"}]}<\/script>\n<!-- \/ Yoast SEO plugin. -->","yoast_head_json":{"title":"Poutre de nivellement m\u00e9canique - LASER ELECTRONIQUE TP","robots":{"index":"index","follow":"follow","max-snippet":"max-snippet:-1","max-image-preview":"max-image-preview:large","max-video-preview":"max-video-preview:-1"},"canonical":"https:\/\/laserelectronique.com\/?product=poutre-de-nivellement-mecanique-2","og_locale":"fr_FR","og_type":"article","og_title":"Poutre de nivellement m\u00e9canique - LASER ELECTRONIQUE TP","og_description":"Poutre de 18 m. en aluminium pour finisseur compos\u00e9e de 3 \u00e9l\u00e9ments \u00e0 skis de 3 m, 1 partie enjambeuse et 2 \u00e9l\u00e9ments sur roues de 3 m. Cr\u00e9e par&hellip;","og_url":"https:\/\/laserelectronique.com\/?product=poutre-de-nivellement-mecanique-2","og_site_name":"LASER ELECTRONIQUE TP","article_modified_time":"2020-11-18T14:36:53+00:00","og_image":[{"width":1500,"height":1125,"url":"https:\/\/laserelectronique.com\/wp-content\/uploads\/2018\/06\/poutremeca1.jpg","type":"image\/jpeg"}],"twitter_card":"summary_large_image","schema":{"@context":"https:\/\/schema.org","@graph":[{"@type":"WebPage","@id":"https:\/\/laserelectronique.com\/?product=poutre-de-nivellement-mecanique-2","url":"https:\/\/laserelectronique.com\/?product=poutre-de-nivellement-mecanique-2","name":"Poutre de nivellement m\u00e9canique - LASER ELECTRONIQUE TP","isPartOf":{"@id":"https:\/\/laserelectronique.com\/#website"},"primaryImageOfPage":{"@id":"https:\/\/laserelectronique.com\/?product=poutre-de-nivellement-mecanique-2#primaryimage"},"image":{"@id":"https:\/\/laserelectronique.com\/?product=poutre-de-nivellement-mecanique-2#primaryimage"},"thumbnailUrl":"https:\/\/laserelectronique.com\/wp-content\/uploads\/2018\/06\/poutremeca1.jpg","datePublished":"2018-01-30T14:04:18+00:00","dateModified":"2020-11-18T14:36:53+00:00","breadcrumb":{"@id":"https:\/\/laserelectronique.com\/?product=poutre-de-nivellement-mecanique-2#breadcrumb"},"inLanguage":"fr-FR","potentialAction":[{"@type":"ReadAction","target":["https:\/\/laserelectronique.com\/?product=poutre-de-nivellement-mecanique-2"]}]},{"@type":"ImageObject","inLanguage":"fr-FR","@id":"https:\/\/laserelectronique.com\/?product=poutre-de-nivellement-mecanique-2#primaryimage","url":"https:\/\/laserelectronique.com\/wp-content\/uploads\/2018\/06\/poutremeca1.jpg","contentUrl":"https:\/\/laserelectronique.com\/wp-content\/uploads\/2018\/06\/poutremeca1.jpg","width":1500,"height":1125},{"@type":"BreadcrumbList","@id":"https:\/\/laserelectronique.com\/?product=poutre-de-nivellement-mecanique-2#breadcrumb","itemListElement":[{"@type":"ListItem","position":1,"name":"Accueil","item":"https:\/\/laserelectronique.com\/"},{"@type":"ListItem","position":2,"name":"Boutique","item":"https:\/\/laserelectronique.com\/?page_id=7"},{"@type":"ListItem","position":3,"name":"Poutre de nivellement m\u00e9canique"}]},{"@type":"WebSite","@id":"https:\/\/laserelectronique.com\/#website","url":"https:\/\/laserelectronique.com\/","name":"LASER ELECTRONIQUE TP","description":"VOTRE PARTENAIRE EN GUIDAGE D&#039;ENGINS, TOPOGRAPHIE ET SERVICES","potentialAction":[{"@type":"SearchAction","target":{"@type":"EntryPoint","urlTemplate":"https:\/\/laserelectronique.com\/?s={search_term_string}"},"query-input":{"@type":"PropertyValueSpecification","valueRequired":true,"valueName":"search_term_string"}}],"inLanguage":"fr-FR"}]}},"_links":{"self":[{"href":"https:\/\/laserelectronique.com\/index.php?rest_route=\/wp\/v2\/product\/1805","targetHints":{"allow":["GET"]}}],"collection":[{"href":"https:\/\/laserelectronique.com\/index.php?rest_route=\/wp\/v2\/product"}],"about":[{"href":"https:\/\/laserelectronique.com\/index.php?rest_route=\/wp\/v2\/types\/product"}],"replies":[{"embeddable":true,"href":"https:\/\/laserelectronique.com\/index.php?rest_route=%2Fwp%2Fv2%2Fcomments&post=1805"}],"wp:featuredmedia":[{"embeddable":true,"href":"https:\/\/laserelectronique.com\/index.php?rest_route=\/wp\/v2\/media\/2074"}],"wp:attachment":[{"href":"https:\/\/laserelectronique.com\/index.php?rest_route=%2Fwp%2Fv2%2Fmedia&parent=1805"}],"wp:term":[{"taxonomy":"product_cat","embeddable":true,"href":"https:\/\/laserelectronique.com\/index.php?rest_route=%2Fwp%2Fv2%2Fproduct_cat&post=1805"},{"taxonomy":"product_tag","embeddable":true,"href":"https:\/\/laserelectronique.com\/index.php?rest_route=%2Fwp%2Fv2%2Fproduct_tag&post=1805"}],"curies":[{"name":"wp","href":"https:\/\/api.w.org\/{rel}","templated":true}]}}