{"id":147,"date":"2017-03-27T16:31:29","date_gmt":"2017-03-27T14:31:29","guid":{"rendered":"http:\/\/laserins.fr\/?product=enrouleur-air-eau"},"modified":"2022-12-06T14:40:51","modified_gmt":"2022-12-06T13:40:51","slug":"enrouleur-air-eau","status":"publish","type":"product","link":"https:\/\/laserelectronique.com\/?product=enrouleur-air-eau","title":{"rendered":"Enrouleur automatique air &#038; eau"},"content":{"rendered":"<p><strong>Enrouleur Automatique Air &amp; Eau<\/strong><\/p>\n<p><strong>Equip\u00e9 de 15 m de flexible 1\/2&Prime; &#8211; 20 bars &#8211; 1\/2&Prime; M<\/strong><\/p>\n<p><strong>R\u00e9f\u00e9rence : E2015<\/strong><\/p>\n<p><strong>Fabrication Europ\u00e9enne<\/strong><\/p>\n<p>&nbsp;<\/p>\n<h3>Document produit:<\/h3>\n<ul>\n<li><a href=\"https:\/\/laserins.fr\/wp-content\/uploads\/2017\/03\/22-DOC-TRANSFERT-HUILE-1.pdf\">Produits Eau \u2013 Air \u2013 Graisse<\/a><\/li>\n<\/ul>\n","protected":false},"excerpt":{"rendered":"<p>Enrouleur Automatique Air &amp; Eau Equip\u00e9 de 15 m de flexible 1\/2&Prime; &#8211; 20 bars &#8211; 1\/2&Prime; M R\u00e9f\u00e9rence : E2015 Fabrication Europ\u00e9enne &nbsp; Document produit: Produits Eau \u2013 Air&hellip;<\/p>\n","protected":false},"featured_media":148,"comment_status":"closed","ping_status":"closed","template":"","meta":[],"product_cat":[18],"product_tag":[],"class_list":{"0":"post-147","1":"product","2":"type-product","3":"status-publish","4":"has-post-thumbnail","6":"product_cat-transfert-eau-air-graissage-atelier","7":"","9":"first","10":"instock","11":"taxable","12":"shipping-taxable","13":"product-type-simple"},"yoast_head":"<!-- This site is optimized with the Yoast SEO plugin v24.7 - https:\/\/yoast.com\/wordpress\/plugins\/seo\/ -->\n<title>Enrouleur automatique air &amp; eau - LASER ELECTRONIQUE TP<\/title>\n<meta name=\"robots\" content=\"index, follow, max-snippet:-1, max-image-preview:large, max-video-preview:-1\" \/>\n<link rel=\"canonical\" href=\"https:\/\/laserelectronique.com\/?product=enrouleur-air-eau\" \/>\n<meta property=\"og:locale\" content=\"fr_FR\" \/>\n<meta property=\"og:type\" content=\"article\" \/>\n<meta property=\"og:title\" content=\"Enrouleur automatique air &amp; eau - LASER ELECTRONIQUE TP\" \/>\n<meta property=\"og:description\" content=\"Enrouleur Automatique Air &amp; Eau Equip\u00e9 de 15 m de flexible 1\/2&Prime; &#8211; 20 bars &#8211; 1\/2&Prime; M R\u00e9f\u00e9rence : E2015 Fabrication Europ\u00e9enne &nbsp; Document produit: Produits Eau \u2013 Air&hellip;\" \/>\n<meta property=\"og:url\" content=\"https:\/\/laserelectronique.com\/?product=enrouleur-air-eau\" \/>\n<meta property=\"og:site_name\" content=\"LASER ELECTRONIQUE TP\" \/>\n<meta property=\"article:modified_time\" content=\"2022-12-06T13:40:51+00:00\" \/>\n<meta property=\"og:image\" content=\"https:\/\/laserelectronique.com\/wp-content\/uploads\/2017\/03\/E2015-S.jpg\" \/>\n\t<meta property=\"og:image:width\" content=\"1200\" \/>\n\t<meta property=\"og:image:height\" content=\"1200\" \/>\n\t<meta property=\"og:image:type\" content=\"image\/jpeg\" \/>\n<meta name=\"twitter:card\" content=\"summary_large_image\" \/>\n<script type=\"application\/ld+json\" class=\"yoast-schema-graph\">{\"@context\":\"https:\/\/schema.org\",\"@graph\":[{\"@type\":\"WebPage\",\"@id\":\"https:\/\/laserelectronique.com\/?product=enrouleur-air-eau\",\"url\":\"https:\/\/laserelectronique.com\/?product=enrouleur-air-eau\",\"name\":\"Enrouleur automatique air & eau - LASER ELECTRONIQUE TP\",\"isPartOf\":{\"@id\":\"https:\/\/laserelectronique.com\/#website\"},\"primaryImageOfPage\":{\"@id\":\"https:\/\/laserelectronique.com\/?product=enrouleur-air-eau#primaryimage\"},\"image\":{\"@id\":\"https:\/\/laserelectronique.com\/?product=enrouleur-air-eau#primaryimage\"},\"thumbnailUrl\":\"https:\/\/laserelectronique.com\/wp-content\/uploads\/2017\/03\/E2015-S.jpg\",\"datePublished\":\"2017-03-27T14:31:29+00:00\",\"dateModified\":\"2022-12-06T13:40:51+00:00\",\"breadcrumb\":{\"@id\":\"https:\/\/laserelectronique.com\/?product=enrouleur-air-eau#breadcrumb\"},\"inLanguage\":\"fr-FR\",\"potentialAction\":[{\"@type\":\"ReadAction\",\"target\":[\"https:\/\/laserelectronique.com\/?product=enrouleur-air-eau\"]}]},{\"@type\":\"ImageObject\",\"inLanguage\":\"fr-FR\",\"@id\":\"https:\/\/laserelectronique.com\/?product=enrouleur-air-eau#primaryimage\",\"url\":\"https:\/\/laserelectronique.com\/wp-content\/uploads\/2017\/03\/E2015-S.jpg\",\"contentUrl\":\"https:\/\/laserelectronique.com\/wp-content\/uploads\/2017\/03\/E2015-S.jpg\",\"width\":1200,\"height\":1200},{\"@type\":\"BreadcrumbList\",\"@id\":\"https:\/\/laserelectronique.com\/?product=enrouleur-air-eau#breadcrumb\",\"itemListElement\":[{\"@type\":\"ListItem\",\"position\":1,\"name\":\"Accueil\",\"item\":\"https:\/\/laserelectronique.com\/\"},{\"@type\":\"ListItem\",\"position\":2,\"name\":\"Boutique\",\"item\":\"https:\/\/laserelectronique.com\/?page_id=7\"},{\"@type\":\"ListItem\",\"position\":3,\"name\":\"Enrouleur automatique air &#038; eau\"}]},{\"@type\":\"WebSite\",\"@id\":\"https:\/\/laserelectronique.com\/#website\",\"url\":\"https:\/\/laserelectronique.com\/\",\"name\":\"LASER ELECTRONIQUE TP\",\"description\":\"VOTRE PARTENAIRE EN GUIDAGE D&#039;ENGINS, TOPOGRAPHIE ET SERVICES\",\"potentialAction\":[{\"@type\":\"SearchAction\",\"target\":{\"@type\":\"EntryPoint\",\"urlTemplate\":\"https:\/\/laserelectronique.com\/?s={search_term_string}\"},\"query-input\":{\"@type\":\"PropertyValueSpecification\",\"valueRequired\":true,\"valueName\":\"search_term_string\"}}],\"inLanguage\":\"fr-FR\"}]}<\/script>\n<!-- \/ Yoast SEO plugin. -->","yoast_head_json":{"title":"Enrouleur automatique air & eau - LASER ELECTRONIQUE TP","robots":{"index":"index","follow":"follow","max-snippet":"max-snippet:-1","max-image-preview":"max-image-preview:large","max-video-preview":"max-video-preview:-1"},"canonical":"https:\/\/laserelectronique.com\/?product=enrouleur-air-eau","og_locale":"fr_FR","og_type":"article","og_title":"Enrouleur automatique air & eau - LASER ELECTRONIQUE TP","og_description":"Enrouleur Automatique Air &amp; Eau Equip\u00e9 de 15 m de flexible 1\/2&Prime; &#8211; 20 bars &#8211; 1\/2&Prime; M R\u00e9f\u00e9rence : E2015 Fabrication Europ\u00e9enne &nbsp; Document produit: Produits Eau \u2013 Air&hellip;","og_url":"https:\/\/laserelectronique.com\/?product=enrouleur-air-eau","og_site_name":"LASER ELECTRONIQUE TP","article_modified_time":"2022-12-06T13:40:51+00:00","og_image":[{"width":1200,"height":1200,"url":"https:\/\/laserelectronique.com\/wp-content\/uploads\/2017\/03\/E2015-S.jpg","type":"image\/jpeg"}],"twitter_card":"summary_large_image","schema":{"@context":"https:\/\/schema.org","@graph":[{"@type":"WebPage","@id":"https:\/\/laserelectronique.com\/?product=enrouleur-air-eau","url":"https:\/\/laserelectronique.com\/?product=enrouleur-air-eau","name":"Enrouleur automatique air & eau - LASER ELECTRONIQUE TP","isPartOf":{"@id":"https:\/\/laserelectronique.com\/#website"},"primaryImageOfPage":{"@id":"https:\/\/laserelectronique.com\/?product=enrouleur-air-eau#primaryimage"},"image":{"@id":"https:\/\/laserelectronique.com\/?product=enrouleur-air-eau#primaryimage"},"thumbnailUrl":"https:\/\/laserelectronique.com\/wp-content\/uploads\/2017\/03\/E2015-S.jpg","datePublished":"2017-03-27T14:31:29+00:00","dateModified":"2022-12-06T13:40:51+00:00","breadcrumb":{"@id":"https:\/\/laserelectronique.com\/?product=enrouleur-air-eau#breadcrumb"},"inLanguage":"fr-FR","potentialAction":[{"@type":"ReadAction","target":["https:\/\/laserelectronique.com\/?product=enrouleur-air-eau"]}]},{"@type":"ImageObject","inLanguage":"fr-FR","@id":"https:\/\/laserelectronique.com\/?product=enrouleur-air-eau#primaryimage","url":"https:\/\/laserelectronique.com\/wp-content\/uploads\/2017\/03\/E2015-S.jpg","contentUrl":"https:\/\/laserelectronique.com\/wp-content\/uploads\/2017\/03\/E2015-S.jpg","width":1200,"height":1200},{"@type":"BreadcrumbList","@id":"https:\/\/laserelectronique.com\/?product=enrouleur-air-eau#breadcrumb","itemListElement":[{"@type":"ListItem","position":1,"name":"Accueil","item":"https:\/\/laserelectronique.com\/"},{"@type":"ListItem","position":2,"name":"Boutique","item":"https:\/\/laserelectronique.com\/?page_id=7"},{"@type":"ListItem","position":3,"name":"Enrouleur automatique air &#038; eau"}]},{"@type":"WebSite","@id":"https:\/\/laserelectronique.com\/#website","url":"https:\/\/laserelectronique.com\/","name":"LASER ELECTRONIQUE TP","description":"VOTRE PARTENAIRE EN GUIDAGE D&#039;ENGINS, TOPOGRAPHIE ET SERVICES","potentialAction":[{"@type":"SearchAction","target":{"@type":"EntryPoint","urlTemplate":"https:\/\/laserelectronique.com\/?s={search_term_string}"},"query-input":{"@type":"PropertyValueSpecification","valueRequired":true,"valueName":"search_term_string"}}],"inLanguage":"fr-FR"}]}},"_links":{"self":[{"href":"https:\/\/laserelectronique.com\/index.php?rest_route=\/wp\/v2\/product\/147","targetHints":{"allow":["GET"]}}],"collection":[{"href":"https:\/\/laserelectronique.com\/index.php?rest_route=\/wp\/v2\/product"}],"about":[{"href":"https:\/\/laserelectronique.com\/index.php?rest_route=\/wp\/v2\/types\/product"}],"replies":[{"embeddable":true,"href":"https:\/\/laserelectronique.com\/index.php?rest_route=%2Fwp%2Fv2%2Fcomments&post=147"}],"wp:featuredmedia":[{"embeddable":true,"href":"https:\/\/laserelectronique.com\/index.php?rest_route=\/wp\/v2\/media\/148"}],"wp:attachment":[{"href":"https:\/\/laserelectronique.com\/index.php?rest_route=%2Fwp%2Fv2%2Fmedia&parent=147"}],"wp:term":[{"taxonomy":"product_cat","embeddable":true,"href":"https:\/\/laserelectronique.com\/index.php?rest_route=%2Fwp%2Fv2%2Fproduct_cat&post=147"},{"taxonomy":"product_tag","embeddable":true,"href":"https:\/\/laserelectronique.com\/index.php?rest_route=%2Fwp%2Fv2%2Fproduct_tag&post=147"}],"curies":[{"name":"wp","href":"https:\/\/api.w.org\/{rel}","templated":true}]}}