{"id":1369,"date":"2017-12-17T15:37:38","date_gmt":"2017-12-17T14:37:38","guid":{"rendered":"http:\/\/laserins.fr\/?post_type=product&#038;p=1369"},"modified":"2023-02-16T10:42:08","modified_gmt":"2023-02-16T09:42:08","slug":"valise-etanche-grande-a-roulette-toute-taille","status":"publish","type":"product","link":"https:\/\/laserelectronique.com\/?product=valise-etanche-grande-a-roulette-toute-taille","title":{"rendered":"Valise \u00e9tanche toute taille"},"content":{"rendered":"<p><strong>Large choix de valises de transport \u00e9tanche IP 67<\/strong><\/p>\n<p><strong>Dimensions internes de\u00a0235 x 180 x 106 mm \u00e0 750 x 480 x 400 mm<\/strong><\/p>\n<p><strong>Couleurs : noire et orange ou gris sur certains mod\u00e8les<\/strong><\/p>\n<p><strong>Mousse alv\u00e9ol\u00e9e dans le couvercle et\u00a0 blocs de mousse pr\u00e9d\u00e9coup\u00e9es et fond<\/strong><\/p>\n<p><strong>Roulettes\u00a0<\/strong><strong>avec axes en inox et trolley sur certains mod\u00e8les\u00a0<\/strong><\/p>\n<p><strong>Poign\u00e9es r\u00e9sistantes rabattables.<\/strong><\/p>\n<p><strong>Joint d\u2019\u00e9tanch\u00e9it\u00e9 du couvercle<\/strong><\/p>\n<p><strong>Valve d\u2019\u00e9quilibrage automatique de pression<\/strong><\/p>\n<p><strong>Syst\u00e8me d\u2019ouverture facile \u00e0 double levier<\/strong><\/p>\n<p><strong>Double per\u00e7age pour cadenas<\/strong><\/p>\n<p><strong>Per\u00e7age pour sangle de portage selon mod\u00e8les<\/strong><\/p>\n<p><strong>Rainures permettant l\u2019empilage des valises<\/strong><\/p>\n<p><strong>Parois \u00e9paisses<\/strong><\/p>\n<p><strong>Points de fixation suppl\u00e9mentaires permettant l\u2019insertion d\u2019un plateau<\/strong><\/p>\n<p><strong>Charni\u00e8re sur toute la longueur<\/strong><\/p>\n<p><strong>Axes en nylon \u00ae r\u00e9sistant \u00e0 la corrosion<\/strong><\/p>\n<p><strong>Fabrication Europ\u00e9enne.<\/strong><\/p>\n<p><strong>Approvisionnement \u00e0 la demande, d\u00e9lai 2 semaines environ.<\/strong><\/p>\n<p><strong>Importante remise par quantit\u00e9s.<\/strong><\/p>\n<p><img loading=\"lazy\" decoding=\"async\" class=\"alignnone wp-image-1721\" src=\"http:\/\/laserins.fr\/wp-content\/uploads\/2018\/01\/valises-dimensions-1024x724.png\" alt=\"\" width=\"741\" height=\"524\" \/><\/p>\n<p><strong>Document produit:<\/strong><\/p>\n<ul>\n<li><a href=\"https:\/\/laserelectronique.com\/wp-content\/uploads\/2023\/02\/5-DOCLASERINS-VALISES.pdf\">DOCLASERINS VALISES<\/a><\/li>\n<\/ul>\n","protected":false},"excerpt":{"rendered":"<p>Large choix de valises de transport \u00e9tanche IP 67 Dimensions internes de\u00a0235 x 180 x 106 mm \u00e0 750 x 480 x 400 mm Couleurs : noire et orange ou&hellip;<\/p>\n","protected":false},"featured_media":1670,"comment_status":"closed","ping_status":"closed","template":"","meta":[],"product_cat":[22],"product_tag":[],"class_list":{"0":"post-1369","1":"product","2":"type-product","3":"status-publish","4":"has-post-thumbnail","6":"product_cat-valises-de-transport","7":"","9":"first","10":"outofstock","11":"taxable","12":"shipping-taxable","13":"product-type-simple"},"yoast_head":"<!-- This site is optimized with the Yoast SEO plugin v24.7 - https:\/\/yoast.com\/wordpress\/plugins\/seo\/ -->\n<title>Valise \u00e9tanche toute taille - LASER ELECTRONIQUE TP<\/title>\n<meta name=\"robots\" content=\"index, follow, max-snippet:-1, max-image-preview:large, max-video-preview:-1\" \/>\n<link rel=\"canonical\" href=\"https:\/\/laserelectronique.com\/?product=valise-etanche-grande-a-roulette-toute-taille\" \/>\n<meta property=\"og:locale\" content=\"fr_FR\" \/>\n<meta property=\"og:type\" content=\"article\" \/>\n<meta property=\"og:title\" content=\"Valise \u00e9tanche toute taille - LASER ELECTRONIQUE TP\" \/>\n<meta property=\"og:description\" content=\"Large choix de valises de transport \u00e9tanche IP 67 Dimensions internes de\u00a0235 x 180 x 106 mm \u00e0 750 x 480 x 400 mm Couleurs : noire et orange ou&hellip;\" \/>\n<meta property=\"og:url\" content=\"https:\/\/laserelectronique.com\/?product=valise-etanche-grande-a-roulette-toute-taille\" \/>\n<meta property=\"og:site_name\" content=\"LASER ELECTRONIQUE TP\" \/>\n<meta property=\"article:modified_time\" content=\"2023-02-16T09:42:08+00:00\" \/>\n<meta property=\"og:image\" content=\"https:\/\/laserelectronique.com\/wp-content\/uploads\/2018\/01\/valises.png\" \/>\n\t<meta property=\"og:image:width\" content=\"400\" \/>\n\t<meta property=\"og:image:height\" content=\"400\" \/>\n\t<meta property=\"og:image:type\" content=\"image\/png\" \/>\n<meta name=\"twitter:card\" content=\"summary_large_image\" \/>\n<meta name=\"twitter:label1\" content=\"Dur\u00e9e de lecture estim\u00e9e\" \/>\n\t<meta name=\"twitter:data1\" content=\"1 minute\" \/>\n<script type=\"application\/ld+json\" class=\"yoast-schema-graph\">{\"@context\":\"https:\/\/schema.org\",\"@graph\":[{\"@type\":\"WebPage\",\"@id\":\"https:\/\/laserelectronique.com\/?product=valise-etanche-grande-a-roulette-toute-taille\",\"url\":\"https:\/\/laserelectronique.com\/?product=valise-etanche-grande-a-roulette-toute-taille\",\"name\":\"Valise \u00e9tanche toute taille - LASER ELECTRONIQUE TP\",\"isPartOf\":{\"@id\":\"https:\/\/laserelectronique.com\/#website\"},\"primaryImageOfPage\":{\"@id\":\"https:\/\/laserelectronique.com\/?product=valise-etanche-grande-a-roulette-toute-taille#primaryimage\"},\"image\":{\"@id\":\"https:\/\/laserelectronique.com\/?product=valise-etanche-grande-a-roulette-toute-taille#primaryimage\"},\"thumbnailUrl\":\"https:\/\/laserelectronique.com\/wp-content\/uploads\/2018\/01\/valises.png\",\"datePublished\":\"2017-12-17T14:37:38+00:00\",\"dateModified\":\"2023-02-16T09:42:08+00:00\",\"breadcrumb\":{\"@id\":\"https:\/\/laserelectronique.com\/?product=valise-etanche-grande-a-roulette-toute-taille#breadcrumb\"},\"inLanguage\":\"fr-FR\",\"potentialAction\":[{\"@type\":\"ReadAction\",\"target\":[\"https:\/\/laserelectronique.com\/?product=valise-etanche-grande-a-roulette-toute-taille\"]}]},{\"@type\":\"ImageObject\",\"inLanguage\":\"fr-FR\",\"@id\":\"https:\/\/laserelectronique.com\/?product=valise-etanche-grande-a-roulette-toute-taille#primaryimage\",\"url\":\"https:\/\/laserelectronique.com\/wp-content\/uploads\/2018\/01\/valises.png\",\"contentUrl\":\"https:\/\/laserelectronique.com\/wp-content\/uploads\/2018\/01\/valises.png\",\"width\":400,\"height\":400},{\"@type\":\"BreadcrumbList\",\"@id\":\"https:\/\/laserelectronique.com\/?product=valise-etanche-grande-a-roulette-toute-taille#breadcrumb\",\"itemListElement\":[{\"@type\":\"ListItem\",\"position\":1,\"name\":\"Accueil\",\"item\":\"https:\/\/laserelectronique.com\/\"},{\"@type\":\"ListItem\",\"position\":2,\"name\":\"Boutique\",\"item\":\"https:\/\/laserelectronique.com\/?page_id=7\"},{\"@type\":\"ListItem\",\"position\":3,\"name\":\"Valise \u00e9tanche toute taille\"}]},{\"@type\":\"WebSite\",\"@id\":\"https:\/\/laserelectronique.com\/#website\",\"url\":\"https:\/\/laserelectronique.com\/\",\"name\":\"LASER ELECTRONIQUE TP\",\"description\":\"VOTRE PARTENAIRE EN GUIDAGE D&#039;ENGINS, TOPOGRAPHIE ET SERVICES\",\"potentialAction\":[{\"@type\":\"SearchAction\",\"target\":{\"@type\":\"EntryPoint\",\"urlTemplate\":\"https:\/\/laserelectronique.com\/?s={search_term_string}\"},\"query-input\":{\"@type\":\"PropertyValueSpecification\",\"valueRequired\":true,\"valueName\":\"search_term_string\"}}],\"inLanguage\":\"fr-FR\"}]}<\/script>\n<!-- \/ Yoast SEO plugin. -->","yoast_head_json":{"title":"Valise \u00e9tanche toute taille - LASER ELECTRONIQUE TP","robots":{"index":"index","follow":"follow","max-snippet":"max-snippet:-1","max-image-preview":"max-image-preview:large","max-video-preview":"max-video-preview:-1"},"canonical":"https:\/\/laserelectronique.com\/?product=valise-etanche-grande-a-roulette-toute-taille","og_locale":"fr_FR","og_type":"article","og_title":"Valise \u00e9tanche toute taille - LASER ELECTRONIQUE TP","og_description":"Large choix de valises de transport \u00e9tanche IP 67 Dimensions internes de\u00a0235 x 180 x 106 mm \u00e0 750 x 480 x 400 mm Couleurs : noire et orange ou&hellip;","og_url":"https:\/\/laserelectronique.com\/?product=valise-etanche-grande-a-roulette-toute-taille","og_site_name":"LASER ELECTRONIQUE TP","article_modified_time":"2023-02-16T09:42:08+00:00","og_image":[{"width":400,"height":400,"url":"https:\/\/laserelectronique.com\/wp-content\/uploads\/2018\/01\/valises.png","type":"image\/png"}],"twitter_card":"summary_large_image","twitter_misc":{"Dur\u00e9e de lecture estim\u00e9e":"1 minute"},"schema":{"@context":"https:\/\/schema.org","@graph":[{"@type":"WebPage","@id":"https:\/\/laserelectronique.com\/?product=valise-etanche-grande-a-roulette-toute-taille","url":"https:\/\/laserelectronique.com\/?product=valise-etanche-grande-a-roulette-toute-taille","name":"Valise \u00e9tanche toute taille - LASER ELECTRONIQUE TP","isPartOf":{"@id":"https:\/\/laserelectronique.com\/#website"},"primaryImageOfPage":{"@id":"https:\/\/laserelectronique.com\/?product=valise-etanche-grande-a-roulette-toute-taille#primaryimage"},"image":{"@id":"https:\/\/laserelectronique.com\/?product=valise-etanche-grande-a-roulette-toute-taille#primaryimage"},"thumbnailUrl":"https:\/\/laserelectronique.com\/wp-content\/uploads\/2018\/01\/valises.png","datePublished":"2017-12-17T14:37:38+00:00","dateModified":"2023-02-16T09:42:08+00:00","breadcrumb":{"@id":"https:\/\/laserelectronique.com\/?product=valise-etanche-grande-a-roulette-toute-taille#breadcrumb"},"inLanguage":"fr-FR","potentialAction":[{"@type":"ReadAction","target":["https:\/\/laserelectronique.com\/?product=valise-etanche-grande-a-roulette-toute-taille"]}]},{"@type":"ImageObject","inLanguage":"fr-FR","@id":"https:\/\/laserelectronique.com\/?product=valise-etanche-grande-a-roulette-toute-taille#primaryimage","url":"https:\/\/laserelectronique.com\/wp-content\/uploads\/2018\/01\/valises.png","contentUrl":"https:\/\/laserelectronique.com\/wp-content\/uploads\/2018\/01\/valises.png","width":400,"height":400},{"@type":"BreadcrumbList","@id":"https:\/\/laserelectronique.com\/?product=valise-etanche-grande-a-roulette-toute-taille#breadcrumb","itemListElement":[{"@type":"ListItem","position":1,"name":"Accueil","item":"https:\/\/laserelectronique.com\/"},{"@type":"ListItem","position":2,"name":"Boutique","item":"https:\/\/laserelectronique.com\/?page_id=7"},{"@type":"ListItem","position":3,"name":"Valise \u00e9tanche toute taille"}]},{"@type":"WebSite","@id":"https:\/\/laserelectronique.com\/#website","url":"https:\/\/laserelectronique.com\/","name":"LASER ELECTRONIQUE TP","description":"VOTRE PARTENAIRE EN GUIDAGE D&#039;ENGINS, TOPOGRAPHIE ET SERVICES","potentialAction":[{"@type":"SearchAction","target":{"@type":"EntryPoint","urlTemplate":"https:\/\/laserelectronique.com\/?s={search_term_string}"},"query-input":{"@type":"PropertyValueSpecification","valueRequired":true,"valueName":"search_term_string"}}],"inLanguage":"fr-FR"}]}},"_links":{"self":[{"href":"https:\/\/laserelectronique.com\/index.php?rest_route=\/wp\/v2\/product\/1369","targetHints":{"allow":["GET"]}}],"collection":[{"href":"https:\/\/laserelectronique.com\/index.php?rest_route=\/wp\/v2\/product"}],"about":[{"href":"https:\/\/laserelectronique.com\/index.php?rest_route=\/wp\/v2\/types\/product"}],"replies":[{"embeddable":true,"href":"https:\/\/laserelectronique.com\/index.php?rest_route=%2Fwp%2Fv2%2Fcomments&post=1369"}],"wp:featuredmedia":[{"embeddable":true,"href":"https:\/\/laserelectronique.com\/index.php?rest_route=\/wp\/v2\/media\/1670"}],"wp:attachment":[{"href":"https:\/\/laserelectronique.com\/index.php?rest_route=%2Fwp%2Fv2%2Fmedia&parent=1369"}],"wp:term":[{"taxonomy":"product_cat","embeddable":true,"href":"https:\/\/laserelectronique.com\/index.php?rest_route=%2Fwp%2Fv2%2Fproduct_cat&post=1369"},{"taxonomy":"product_tag","embeddable":true,"href":"https:\/\/laserelectronique.com\/index.php?rest_route=%2Fwp%2Fv2%2Fproduct_tag&post=1369"}],"curies":[{"name":"wp","href":"https:\/\/api.w.org\/{rel}","templated":true}]}}