{"id":1243,"date":"2017-12-05T12:00:44","date_gmt":"2017-12-05T11:00:44","guid":{"rendered":"http:\/\/laserins.fr\/?post_type=product&#038;p=1243"},"modified":"2020-11-18T15:38:28","modified_gmt":"2020-11-18T14:38:28","slug":"support-magnetique-pour-telecommande","status":"publish","type":"product","link":"https:\/\/laserelectronique.com\/?product=support-magnetique-pour-telecommande","title":{"rendered":"Support magn\u00e9tique pour t\u00e9l\u00e9commande"},"content":{"rendered":"<p><strong>sp\u00e9cialement con<span style=\"color: #800000; font-size: medium;\"><span style=\"color: #000000;\">\u00e7u\u00a0<\/span><\/span>pour t\u00e9l\u00e9commande MOBA<\/strong><\/p>\n<p><strong>Bras \u00e0 2 rotules orientable<\/strong><\/p>\n<p><strong>Aimant 36 kg<\/strong><\/p>\n","protected":false},"excerpt":{"rendered":"<p>sp\u00e9cialement con\u00e7u\u00a0pour t\u00e9l\u00e9commande MOBA Bras \u00e0 2 rotules orientable Aimant 36 kg<\/p>\n","protected":false},"featured_media":1240,"comment_status":"closed","ping_status":"closed","template":"","meta":[],"product_cat":[11,24],"product_tag":[],"class_list":{"0":"post-1243","1":"product","2":"type-product","3":"status-publish","4":"has-post-thumbnail","6":"product_cat-accessoires-de-nivellement","7":"product_cat-finisseur","8":"","10":"first","11":"instock","12":"taxable","13":"shipping-taxable","14":"product-type-simple"},"yoast_head":"<!-- This site is optimized with the Yoast SEO plugin v24.7 - https:\/\/yoast.com\/wordpress\/plugins\/seo\/ -->\n<title>Support magn\u00e9tique pour t\u00e9l\u00e9commande - LASER ELECTRONIQUE TP<\/title>\n<meta name=\"robots\" content=\"index, follow, max-snippet:-1, max-image-preview:large, max-video-preview:-1\" \/>\n<link rel=\"canonical\" href=\"https:\/\/laserelectronique.com\/?product=support-magnetique-pour-telecommande\" \/>\n<meta property=\"og:locale\" content=\"fr_FR\" \/>\n<meta property=\"og:type\" content=\"article\" \/>\n<meta property=\"og:title\" content=\"Support magn\u00e9tique pour t\u00e9l\u00e9commande - LASER ELECTRONIQUE TP\" \/>\n<meta property=\"og:description\" content=\"sp\u00e9cialement con\u00e7u\u00a0pour t\u00e9l\u00e9commande MOBA Bras \u00e0 2 rotules orientable Aimant 36 kg\" \/>\n<meta property=\"og:url\" content=\"https:\/\/laserelectronique.com\/?product=support-magnetique-pour-telecommande\" \/>\n<meta property=\"og:site_name\" content=\"LASER ELECTRONIQUE TP\" \/>\n<meta property=\"article:modified_time\" content=\"2020-11-18T14:38:28+00:00\" \/>\n<meta property=\"og:image\" content=\"https:\/\/laserelectronique.com\/wp-content\/uploads\/2017\/12\/040500610bra1.png\" \/>\n\t<meta property=\"og:image:width\" content=\"640\" \/>\n\t<meta property=\"og:image:height\" content=\"640\" \/>\n\t<meta property=\"og:image:type\" content=\"image\/png\" \/>\n<meta name=\"twitter:card\" content=\"summary_large_image\" \/>\n<script type=\"application\/ld+json\" class=\"yoast-schema-graph\">{\"@context\":\"https:\/\/schema.org\",\"@graph\":[{\"@type\":\"WebPage\",\"@id\":\"https:\/\/laserelectronique.com\/?product=support-magnetique-pour-telecommande\",\"url\":\"https:\/\/laserelectronique.com\/?product=support-magnetique-pour-telecommande\",\"name\":\"Support magn\u00e9tique pour t\u00e9l\u00e9commande - LASER ELECTRONIQUE TP\",\"isPartOf\":{\"@id\":\"https:\/\/laserelectronique.com\/#website\"},\"primaryImageOfPage\":{\"@id\":\"https:\/\/laserelectronique.com\/?product=support-magnetique-pour-telecommande#primaryimage\"},\"image\":{\"@id\":\"https:\/\/laserelectronique.com\/?product=support-magnetique-pour-telecommande#primaryimage\"},\"thumbnailUrl\":\"https:\/\/laserelectronique.com\/wp-content\/uploads\/2017\/12\/040500610bra1.png\",\"datePublished\":\"2017-12-05T11:00:44+00:00\",\"dateModified\":\"2020-11-18T14:38:28+00:00\",\"breadcrumb\":{\"@id\":\"https:\/\/laserelectronique.com\/?product=support-magnetique-pour-telecommande#breadcrumb\"},\"inLanguage\":\"fr-FR\",\"potentialAction\":[{\"@type\":\"ReadAction\",\"target\":[\"https:\/\/laserelectronique.com\/?product=support-magnetique-pour-telecommande\"]}]},{\"@type\":\"ImageObject\",\"inLanguage\":\"fr-FR\",\"@id\":\"https:\/\/laserelectronique.com\/?product=support-magnetique-pour-telecommande#primaryimage\",\"url\":\"https:\/\/laserelectronique.com\/wp-content\/uploads\/2017\/12\/040500610bra1.png\",\"contentUrl\":\"https:\/\/laserelectronique.com\/wp-content\/uploads\/2017\/12\/040500610bra1.png\",\"width\":640,\"height\":640},{\"@type\":\"BreadcrumbList\",\"@id\":\"https:\/\/laserelectronique.com\/?product=support-magnetique-pour-telecommande#breadcrumb\",\"itemListElement\":[{\"@type\":\"ListItem\",\"position\":1,\"name\":\"Accueil\",\"item\":\"https:\/\/laserelectronique.com\/\"},{\"@type\":\"ListItem\",\"position\":2,\"name\":\"Boutique\",\"item\":\"https:\/\/laserelectronique.com\/?page_id=7\"},{\"@type\":\"ListItem\",\"position\":3,\"name\":\"Support magn\u00e9tique pour t\u00e9l\u00e9commande\"}]},{\"@type\":\"WebSite\",\"@id\":\"https:\/\/laserelectronique.com\/#website\",\"url\":\"https:\/\/laserelectronique.com\/\",\"name\":\"LASER ELECTRONIQUE TP\",\"description\":\"VOTRE PARTENAIRE EN GUIDAGE D&#039;ENGINS, TOPOGRAPHIE ET SERVICES\",\"potentialAction\":[{\"@type\":\"SearchAction\",\"target\":{\"@type\":\"EntryPoint\",\"urlTemplate\":\"https:\/\/laserelectronique.com\/?s={search_term_string}\"},\"query-input\":{\"@type\":\"PropertyValueSpecification\",\"valueRequired\":true,\"valueName\":\"search_term_string\"}}],\"inLanguage\":\"fr-FR\"}]}<\/script>\n<!-- \/ Yoast SEO plugin. -->","yoast_head_json":{"title":"Support magn\u00e9tique pour t\u00e9l\u00e9commande - LASER ELECTRONIQUE TP","robots":{"index":"index","follow":"follow","max-snippet":"max-snippet:-1","max-image-preview":"max-image-preview:large","max-video-preview":"max-video-preview:-1"},"canonical":"https:\/\/laserelectronique.com\/?product=support-magnetique-pour-telecommande","og_locale":"fr_FR","og_type":"article","og_title":"Support magn\u00e9tique pour t\u00e9l\u00e9commande - LASER ELECTRONIQUE TP","og_description":"sp\u00e9cialement con\u00e7u\u00a0pour t\u00e9l\u00e9commande MOBA Bras \u00e0 2 rotules orientable Aimant 36 kg","og_url":"https:\/\/laserelectronique.com\/?product=support-magnetique-pour-telecommande","og_site_name":"LASER ELECTRONIQUE TP","article_modified_time":"2020-11-18T14:38:28+00:00","og_image":[{"width":640,"height":640,"url":"https:\/\/laserelectronique.com\/wp-content\/uploads\/2017\/12\/040500610bra1.png","type":"image\/png"}],"twitter_card":"summary_large_image","schema":{"@context":"https:\/\/schema.org","@graph":[{"@type":"WebPage","@id":"https:\/\/laserelectronique.com\/?product=support-magnetique-pour-telecommande","url":"https:\/\/laserelectronique.com\/?product=support-magnetique-pour-telecommande","name":"Support magn\u00e9tique pour t\u00e9l\u00e9commande - LASER ELECTRONIQUE TP","isPartOf":{"@id":"https:\/\/laserelectronique.com\/#website"},"primaryImageOfPage":{"@id":"https:\/\/laserelectronique.com\/?product=support-magnetique-pour-telecommande#primaryimage"},"image":{"@id":"https:\/\/laserelectronique.com\/?product=support-magnetique-pour-telecommande#primaryimage"},"thumbnailUrl":"https:\/\/laserelectronique.com\/wp-content\/uploads\/2017\/12\/040500610bra1.png","datePublished":"2017-12-05T11:00:44+00:00","dateModified":"2020-11-18T14:38:28+00:00","breadcrumb":{"@id":"https:\/\/laserelectronique.com\/?product=support-magnetique-pour-telecommande#breadcrumb"},"inLanguage":"fr-FR","potentialAction":[{"@type":"ReadAction","target":["https:\/\/laserelectronique.com\/?product=support-magnetique-pour-telecommande"]}]},{"@type":"ImageObject","inLanguage":"fr-FR","@id":"https:\/\/laserelectronique.com\/?product=support-magnetique-pour-telecommande#primaryimage","url":"https:\/\/laserelectronique.com\/wp-content\/uploads\/2017\/12\/040500610bra1.png","contentUrl":"https:\/\/laserelectronique.com\/wp-content\/uploads\/2017\/12\/040500610bra1.png","width":640,"height":640},{"@type":"BreadcrumbList","@id":"https:\/\/laserelectronique.com\/?product=support-magnetique-pour-telecommande#breadcrumb","itemListElement":[{"@type":"ListItem","position":1,"name":"Accueil","item":"https:\/\/laserelectronique.com\/"},{"@type":"ListItem","position":2,"name":"Boutique","item":"https:\/\/laserelectronique.com\/?page_id=7"},{"@type":"ListItem","position":3,"name":"Support magn\u00e9tique pour t\u00e9l\u00e9commande"}]},{"@type":"WebSite","@id":"https:\/\/laserelectronique.com\/#website","url":"https:\/\/laserelectronique.com\/","name":"LASER ELECTRONIQUE TP","description":"VOTRE PARTENAIRE EN GUIDAGE D&#039;ENGINS, TOPOGRAPHIE ET SERVICES","potentialAction":[{"@type":"SearchAction","target":{"@type":"EntryPoint","urlTemplate":"https:\/\/laserelectronique.com\/?s={search_term_string}"},"query-input":{"@type":"PropertyValueSpecification","valueRequired":true,"valueName":"search_term_string"}}],"inLanguage":"fr-FR"}]}},"_links":{"self":[{"href":"https:\/\/laserelectronique.com\/index.php?rest_route=\/wp\/v2\/product\/1243","targetHints":{"allow":["GET"]}}],"collection":[{"href":"https:\/\/laserelectronique.com\/index.php?rest_route=\/wp\/v2\/product"}],"about":[{"href":"https:\/\/laserelectronique.com\/index.php?rest_route=\/wp\/v2\/types\/product"}],"replies":[{"embeddable":true,"href":"https:\/\/laserelectronique.com\/index.php?rest_route=%2Fwp%2Fv2%2Fcomments&post=1243"}],"wp:featuredmedia":[{"embeddable":true,"href":"https:\/\/laserelectronique.com\/index.php?rest_route=\/wp\/v2\/media\/1240"}],"wp:attachment":[{"href":"https:\/\/laserelectronique.com\/index.php?rest_route=%2Fwp%2Fv2%2Fmedia&parent=1243"}],"wp:term":[{"taxonomy":"product_cat","embeddable":true,"href":"https:\/\/laserelectronique.com\/index.php?rest_route=%2Fwp%2Fv2%2Fproduct_cat&post=1243"},{"taxonomy":"product_tag","embeddable":true,"href":"https:\/\/laserelectronique.com\/index.php?rest_route=%2Fwp%2Fv2%2Fproduct_tag&post=1243"}],"curies":[{"name":"wp","href":"https:\/\/api.w.org\/{rel}","templated":true}]}}