{"id":930,"date":"2017-10-17T23:26:12","date_gmt":"2017-10-17T21:26:12","guid":{"rendered":"http:\/\/laserins.fr\/?page_id=930"},"modified":"2021-08-19T15:15:08","modified_gmt":"2021-08-19T13:15:08","slug":"c-g-v","status":"publish","type":"page","link":"https:\/\/laserelectronique.com\/?page_id=930","title":{"rendered":"C.G.V."},"content":{"rendered":"<section class=\"wpb-content-wrapper\"><h3>[vc_row][vc_column][vc_column_text][vc_row][vc_column width=\u00a0\u00bb1\/1&Prime;][vc_column_text]<strong>CONDITIONS GENERALES DE VENTE<\/strong><\/h3>\n<p>&nbsp;<\/p>\n<h4><strong>CLAUSES GENERALES<\/strong><\/h4>\n<p><strong>Les pr\u00e9sentes conditions g\u00e9n\u00e9rales de ventes d\u00e9taillent les droits et obligations de la soci\u00e9t\u00e9 LASER INS de Bussy st Georges 77600 ou de son \u00e9tablissement secondaire LASER ELECTRONIQUE TP situ\u00e9 \u00e0 Vaulx en Velin 69120 d\u00e9sign\u00e9s comme vendeurs et de son client ou acheteur dans le cadre de la vente des produits et services propos\u00e9s.<\/strong><\/p>\n<p><strong>Elles pr\u00e9valent, conform\u00e9ment aux dispositions de l\u2019article L. 441-6 du code du commerce, sur toutes conditions d&rsquo;achat, sauf conditions particuli\u00e8res de ventes convenues entre les parties.<\/strong><\/p>\n<p><strong>Les r\u00e9f\u00e9rences, d\u00e9signations et descriptifs des produits ne sont utilis\u00e9s\u00a0<\/strong><strong>que pour\u00a0<\/strong><strong>des facilit\u00e9s d\u2019identification et ne nous engagent pas \u00e0 fournir des articles <\/strong><strong>en provenance de certains fabricants.<\/strong><\/p>\n<p>&nbsp;<\/p>\n<h4><span style=\"color: #333333;\"><strong>DEVIS<\/strong><\/span><\/h4>\n<p><strong>Nos devis sont valables un mois sauf indication et les d\u00e9lais indiqu\u00e9s sont estimatifs.<\/strong><\/p>\n<p><strong>Tout suppl\u00e9ment, sp\u00e9cialement pour les r\u00e9parations, fait l&rsquo;objet d&rsquo;un devis compl\u00e9mentaire pour validation par le client.<\/strong><\/p>\n<p><strong>Le prix du transport est\u00a0indiqu\u00e9 sur demande en fonction du contenu de la commande finale et du mode de transport choisi par le client.<\/strong><\/p>\n<p>&nbsp;<\/p>\n<p><strong>PRIX<\/strong><\/p>\n<p><strong>Les prix des marchandises et services sont ceux \u00e0 la date de la commande du client.<\/strong><\/p>\n<p><strong>Ils sont libell\u00e9s en Euros hors taxes transport en sus.<\/strong><\/p>\n<p><strong>Les prix sp\u00e9ciaux, remises et toutes autres conditions particuli\u00e8res ne sont pas contractuelles sauf r\u00e9daction d\u2019un accord entre le client et LASER INS ou LASER ELECTRONIQUE TP.<\/strong><\/p>\n<p>&nbsp;<\/p>\n<h4><strong>LOCATIONS<\/strong><\/h4>\n<p><strong>LASER INS et LASER ELECTRONIQUE TP proposent \u00e0 la location toutes dur\u00e9es des mat\u00e9riels et \u00e9quipements de guidage et de topographie<\/strong>.<\/p>\n<p><strong>Ce service est rendu en fonction des disponibilit\u00e9s des produits.<\/strong><\/p>\n<p><strong>Un ch\u00e8que de caution repr\u00e9sentant le prix du neuf est demand\u00e9 en d\u00e9but de location ainsi qu&rsquo;une photocopie de la carte d&rsquo;identit\u00e9 du locataire.<\/strong><\/p>\n<p><strong>Le mat\u00e9riel lou\u00e9 est sous l\u2019enti\u00e8re responsabilit\u00e9 du client durant sa location et est assur\u00e9 par lui.<\/strong><\/p>\n<p><strong>Il doit \u00eatre restitu\u00e9 dans son \u00e9tat d\u2019origine. Les frais de nettoyage, de r\u00e9parations ou de remplacement (en cas de destruction, perte, vol) restent enti\u00e8rement \u00e0 la charge du client.<\/strong><\/p>\n<p>&nbsp;<\/p>\n<h4><strong>COMMANDES<\/strong><\/h4>\n<p><strong>La commande n\u2019existe qu\u2019\u00e0 r\u00e9ception par mail, fax ou courrier d\u2019un bon de commande du client ou du devis accept\u00e9 par la mention \u00ab\u00a0bon pour commande\u00a0\u00bb avec cachet de l\u2019entreprise, nom et signature de l\u2019acheteur.<\/strong><\/p>\n<p><strong>Elle doit comprendre tous les \u00e9l\u00e9ments n\u00e9cessaires \u00e0 son bon traitement tels que la raison sociale du client, l\u2019adresse de facturation et de livraison et le nom de l\u2019acheteur.<\/strong><\/p>\n<p><strong>Elle ne pourra \u00eatre annul\u00e9e ou modifi\u00e9e qu\u2019avec l\u2019accord du vendeur conform\u00e9ment au code du commerce.<\/strong><\/p>\n<p><strong>La commande \u00e9mise par le client entra\u00eene automatiquement l\u2019adh\u00e9sion aux pr\u00e9sentes conditions de ventes.<\/strong><\/p>\n<p><strong>LASER INS et LASER ELECTRONIQUE TP se r\u00e9servent le droit de refuser une commande et s\u2019obligent \u00e0 en informer leur client dans un d\u00e9lai de 24 heures suivant sa r\u00e9ception.<\/strong><\/p>\n<p>&nbsp;<\/p>\n<h4><strong>DROIT DE RETRACTATION<\/strong><\/h4>\n<p><strong>Un droit de r\u00e9tractation existe uniquement pour les particuliers et sous certaines conditions pour les entreprises employant moins de cinq salari\u00e9s : Loi Hamon de2014 article L121-16-1 III. du code de la consommation.<\/strong><\/p>\n<p>&nbsp;<\/p>\n<h4><strong>LIVRAISON<\/strong><\/h4>\n<p><strong>Les d\u00e9lais ne sont indiqu\u00e9s qu\u2019\u00e0 titre indicatif et aucun retard raisonnable ou ind\u00e9pendant de la volont\u00e9 de LASER INS ou LASER ELECTRONIQUE TP ne pourrait donner droit au profit de l\u2019acheteur \u00e0 indemnisation ou possibilit\u00e9 d\u2019annulation de la commande.<\/strong><\/p>\n<p><strong>Toute r\u00e9clamation pour d\u00e9t\u00e9rioration ou perte partielle, voir totale de la marchandise devra \u00eatre formul\u00e9e par \u00e9crit avec AR directement aupr\u00e8s du transporteur dans un d\u00e9lai de 48 h. \u00e0 r\u00e9ception de ladite marchandise.<\/strong><\/p>\n<p>&nbsp;<\/p>\n<h4><strong>RETOUR<\/strong><\/h4>\n<p><strong>Toutes nos ventes sont fermes et d\u00e9finitives.<\/strong><\/p>\n<p><strong>Aucun retour ne sera accept\u00e9 sans l\u2019accord pr\u00e9alable du vendeur.<\/strong><\/p>\n<p><strong>Le retour de la marchandise est \u00e0 la charge de l\u2019acheteur et les frais d\u2019exp\u00e9dition \u00e0 celle du vendeur uniquement pour une livraison de mat\u00e9riel en garantie sur le territoire m\u00e9tropolitain.<\/strong><\/p>\n<p>&nbsp;<\/p>\n<h4><strong>GARANTIE<\/strong><\/h4>\n<p><strong>La garantie des produits vendus est celle de leur fabricant.<\/strong><\/p>\n<p><strong>Elle s\u2019applique pour les produits utilis\u00e9s selon les recommandations de leur fabricant et ne saurait remplacer toute autre forme d\u2019assurance.<\/strong><\/p>\n<p><strong>Les r\u00e9parations et \u00e9quipements en \u00e9change standard sont garantis respectivement pendant 3 et 6 mois.<\/strong><\/p>\n<p><strong>LASER INS et LASER ELECTRONIQUE s\u2019engagent \u00e0 faire le n\u00e9cessaire dans la mesure de leurs possibilit\u00e9s pour limiter les cons\u00e9quences r\u00e9sultantes d\u2019un produit d\u00e9fectueux.<\/strong><\/p>\n<p><strong>Un produit d\u00e9fectueux ne pourra donner droit \u00e0 aucune indemnit\u00e9.<\/strong><\/p>\n<p>&nbsp;<\/p>\n<h4><strong>MODALITES DE PAIEMENT ET PENALITES<\/strong><\/h4>\n<p><strong>Les modalit\u00e9s de paiement sont celles convenues l\u2019ors de l\u2019ouverture du compte client.<\/strong><\/p>\n<p><strong>Le paiement des factures se fait selon les indications port\u00e9es sur chaque facture:<\/strong><\/p>\n<p><strong>Modes de r\u00e8glement\u00a0: ch\u00e8que, virement ou traite<\/strong><\/p>\n<p><strong>D\u00e9lai de paiement : \u00e0 la commande jusqu\u2019\u00e0 45 jours fin de mois ou 60 jours<\/strong><\/p>\n<p><strong>Aucun escompte n\u2019est accord\u00e9 pour paiement anticip\u00e9<\/strong><\/p>\n<p><strong>Application de p\u00e9nalit\u00e9s de retard au taux annuel de 1,5 fois le taux de l&rsquo;int\u00e9r\u00eat l\u00e9gal et d\u2019une indemnit\u00e9 forfaitaire de 40\u20ac due au titre des frais de recouvrement conform\u00e9ment aux articles 441-6,I alin\u00e9a 12 et D. 441-5 du code du commerce.<\/strong><\/p>\n<p>&nbsp;<\/p>\n<h4><strong>CLAUSE DE RESERVE DE PROPRIETE<\/strong><\/h4>\n<p><strong>Le vendeur conserve la propri\u00e9t\u00e9 des biens vendus jusqu&rsquo;au paiement effectif de l&rsquo;int\u00e9gralit\u00e9 du prix en principal et accessoires. (loi 80.335 Code de Commerce, du 12\/05\/1980). RAPPEL loi LME du 04\/08\/08<\/strong><\/p>\n<p>&nbsp;<\/p>\n<h4><strong>MODIFICATIONS<\/strong><\/h4>\n<p><strong>LASER INS et LASER ELECTRONIQUE TP se r\u00e9servent le droit de changer les pr\u00e9sentes conditions g\u00e9n\u00e9rales des ventes. La seule version valable \u00e9tant celle pr\u00e9sente sur les sites internet <a href=\"http:\/\/www.laserins.fr\">www.laserins.fr<\/a> et <a href=\"http:\/\/www.laserelectronique.com\">www.laserelectronique.com<\/a> .<\/strong><\/p>\n<p><strong>Les conditions particuli\u00e8res de vente pour chaque client sont valid\u00e9es par acceptation de la commande.<\/strong><\/p>\n<p>&nbsp;<\/p>\n<h4><strong>CLAUSE RESOLUTOIRE<\/strong><\/h4>\n<p><strong>En cas d&rsquo;inex\u00e9cution de ses obligations par une des parties, ce contrat est r\u00e9solu de plein droit au profit de l&rsquo;autre partie. La r\u00e9solution prend effet 10 jours apr\u00e8s l&rsquo;envoi en recommand\u00e9 d&rsquo;une mise en demeure.<\/strong><\/p>\n<p><strong>\u00a0<\/strong><\/p>\n<h4><strong>TRIBUNAL COMPETENT<\/strong><\/h4>\n<p><strong>A d\u00e9faut d\u2019accord \u00e0 l\u2019amiable de tout litige, seul le Tribunal de Commerce de MEAUX sera comp\u00e9tent\u00a0:404 445 595 R.C.S. Meaux<\/strong>[\/vc_column_text][\/vc_column][\/vc_row]<\/p>\n<\/section>","protected":false},"excerpt":{"rendered":"<p>[vc_row][vc_column][vc_column_text][vc_row][vc_column width=\u00a0\u00bb1\/1&Prime;][vc_column_text]CONDITIONS GENERALES DE VENTE &nbsp; CLAUSES GENERALES Les pr\u00e9sentes conditions g\u00e9n\u00e9rales de ventes d\u00e9taillent les droits et obligations de la soci\u00e9t\u00e9 LASER INS de Bussy st Georges 77600 ou&hellip;<\/p>\n","protected":false},"author":2,"featured_media":0,"parent":0,"menu_order":0,"comment_status":"closed","ping_status":"closed","template":"","meta":{"footnotes":""},"class_list":["post-930","page","type-page","status-publish","hentry","no-thumb"],"yoast_head":"<!-- This site is optimized with the Yoast SEO plugin v24.7 - https:\/\/yoast.com\/wordpress\/plugins\/seo\/ -->\n<title>C.G.V. - LASER ELECTRONIQUE TP<\/title>\n<meta name=\"robots\" content=\"index, follow, max-snippet:-1, max-image-preview:large, max-video-preview:-1\" \/>\n<link rel=\"canonical\" href=\"https:\/\/laserelectronique.com\/?page_id=930\" \/>\n<meta property=\"og:locale\" content=\"fr_FR\" \/>\n<meta property=\"og:type\" content=\"article\" \/>\n<meta property=\"og:title\" content=\"C.G.V. - LASER ELECTRONIQUE TP\" \/>\n<meta property=\"og:description\" content=\"[vc_row][vc_column][vc_column_text][vc_row][vc_column width=\u00a0\u00bb1\/1&Prime;][vc_column_text]CONDITIONS GENERALES DE VENTE &nbsp; CLAUSES GENERALES Les pr\u00e9sentes conditions g\u00e9n\u00e9rales de ventes d\u00e9taillent les droits et obligations de la soci\u00e9t\u00e9 LASER INS de Bussy st Georges 77600 ou&hellip;\" \/>\n<meta property=\"og:url\" content=\"https:\/\/laserelectronique.com\/?page_id=930\" \/>\n<meta property=\"og:site_name\" content=\"LASER ELECTRONIQUE TP\" \/>\n<meta property=\"article:modified_time\" content=\"2021-08-19T13:15:08+00:00\" \/>\n<meta name=\"twitter:card\" content=\"summary_large_image\" \/>\n<meta name=\"twitter:label1\" content=\"Dur\u00e9e de lecture estim\u00e9e\" \/>\n\t<meta name=\"twitter:data1\" content=\"5 minutes\" \/>\n<script type=\"application\/ld+json\" class=\"yoast-schema-graph\">{\"@context\":\"https:\/\/schema.org\",\"@graph\":[{\"@type\":\"WebPage\",\"@id\":\"https:\/\/laserelectronique.com\/?page_id=930\",\"url\":\"https:\/\/laserelectronique.com\/?page_id=930\",\"name\":\"C.G.V. - LASER ELECTRONIQUE TP\",\"isPartOf\":{\"@id\":\"https:\/\/laserelectronique.com\/#website\"},\"datePublished\":\"2017-10-17T21:26:12+00:00\",\"dateModified\":\"2021-08-19T13:15:08+00:00\",\"breadcrumb\":{\"@id\":\"https:\/\/laserelectronique.com\/?page_id=930#breadcrumb\"},\"inLanguage\":\"fr-FR\",\"potentialAction\":[{\"@type\":\"ReadAction\",\"target\":[\"https:\/\/laserelectronique.com\/?page_id=930\"]}]},{\"@type\":\"BreadcrumbList\",\"@id\":\"https:\/\/laserelectronique.com\/?page_id=930#breadcrumb\",\"itemListElement\":[{\"@type\":\"ListItem\",\"position\":1,\"name\":\"Accueil\",\"item\":\"https:\/\/laserelectronique.com\/\"},{\"@type\":\"ListItem\",\"position\":2,\"name\":\"C.G.V.\"}]},{\"@type\":\"WebSite\",\"@id\":\"https:\/\/laserelectronique.com\/#website\",\"url\":\"https:\/\/laserelectronique.com\/\",\"name\":\"LASER ELECTRONIQUE TP\",\"description\":\"VOTRE PARTENAIRE EN GUIDAGE D&#039;ENGINS, TOPOGRAPHIE ET SERVICES\",\"potentialAction\":[{\"@type\":\"SearchAction\",\"target\":{\"@type\":\"EntryPoint\",\"urlTemplate\":\"https:\/\/laserelectronique.com\/?s={search_term_string}\"},\"query-input\":{\"@type\":\"PropertyValueSpecification\",\"valueRequired\":true,\"valueName\":\"search_term_string\"}}],\"inLanguage\":\"fr-FR\"}]}<\/script>\n<!-- \/ Yoast SEO plugin. -->","yoast_head_json":{"title":"C.G.V. - LASER ELECTRONIQUE TP","robots":{"index":"index","follow":"follow","max-snippet":"max-snippet:-1","max-image-preview":"max-image-preview:large","max-video-preview":"max-video-preview:-1"},"canonical":"https:\/\/laserelectronique.com\/?page_id=930","og_locale":"fr_FR","og_type":"article","og_title":"C.G.V. - LASER ELECTRONIQUE TP","og_description":"[vc_row][vc_column][vc_column_text][vc_row][vc_column width=\u00a0\u00bb1\/1&Prime;][vc_column_text]CONDITIONS GENERALES DE VENTE &nbsp; CLAUSES GENERALES Les pr\u00e9sentes conditions g\u00e9n\u00e9rales de ventes d\u00e9taillent les droits et obligations de la soci\u00e9t\u00e9 LASER INS de Bussy st Georges 77600 ou&hellip;","og_url":"https:\/\/laserelectronique.com\/?page_id=930","og_site_name":"LASER ELECTRONIQUE TP","article_modified_time":"2021-08-19T13:15:08+00:00","twitter_card":"summary_large_image","twitter_misc":{"Dur\u00e9e de lecture estim\u00e9e":"5 minutes"},"schema":{"@context":"https:\/\/schema.org","@graph":[{"@type":"WebPage","@id":"https:\/\/laserelectronique.com\/?page_id=930","url":"https:\/\/laserelectronique.com\/?page_id=930","name":"C.G.V. - LASER ELECTRONIQUE TP","isPartOf":{"@id":"https:\/\/laserelectronique.com\/#website"},"datePublished":"2017-10-17T21:26:12+00:00","dateModified":"2021-08-19T13:15:08+00:00","breadcrumb":{"@id":"https:\/\/laserelectronique.com\/?page_id=930#breadcrumb"},"inLanguage":"fr-FR","potentialAction":[{"@type":"ReadAction","target":["https:\/\/laserelectronique.com\/?page_id=930"]}]},{"@type":"BreadcrumbList","@id":"https:\/\/laserelectronique.com\/?page_id=930#breadcrumb","itemListElement":[{"@type":"ListItem","position":1,"name":"Accueil","item":"https:\/\/laserelectronique.com\/"},{"@type":"ListItem","position":2,"name":"C.G.V."}]},{"@type":"WebSite","@id":"https:\/\/laserelectronique.com\/#website","url":"https:\/\/laserelectronique.com\/","name":"LASER ELECTRONIQUE TP","description":"VOTRE PARTENAIRE EN GUIDAGE D&#039;ENGINS, TOPOGRAPHIE ET SERVICES","potentialAction":[{"@type":"SearchAction","target":{"@type":"EntryPoint","urlTemplate":"https:\/\/laserelectronique.com\/?s={search_term_string}"},"query-input":{"@type":"PropertyValueSpecification","valueRequired":true,"valueName":"search_term_string"}}],"inLanguage":"fr-FR"}]}},"_links":{"self":[{"href":"https:\/\/laserelectronique.com\/index.php?rest_route=\/wp\/v2\/pages\/930","targetHints":{"allow":["GET"]}}],"collection":[{"href":"https:\/\/laserelectronique.com\/index.php?rest_route=\/wp\/v2\/pages"}],"about":[{"href":"https:\/\/laserelectronique.com\/index.php?rest_route=\/wp\/v2\/types\/page"}],"author":[{"embeddable":true,"href":"https:\/\/laserelectronique.com\/index.php?rest_route=\/wp\/v2\/users\/2"}],"replies":[{"embeddable":true,"href":"https:\/\/laserelectronique.com\/index.php?rest_route=%2Fwp%2Fv2%2Fcomments&post=930"}],"version-history":[{"count":41,"href":"https:\/\/laserelectronique.com\/index.php?rest_route=\/wp\/v2\/pages\/930\/revisions"}],"predecessor-version":[{"id":3325,"href":"https:\/\/laserelectronique.com\/index.php?rest_route=\/wp\/v2\/pages\/930\/revisions\/3325"}],"wp:attachment":[{"href":"https:\/\/laserelectronique.com\/index.php?rest_route=%2Fwp%2Fv2%2Fmedia&parent=930"}],"curies":[{"name":"wp","href":"https:\/\/api.w.org\/{rel}","templated":true}]}}