{"id":341,"date":"2017-04-05T10:22:29","date_gmt":"2017-04-05T08:22:29","guid":{"rendered":"http:\/\/laserins.fr\/?page_id=341"},"modified":"2018-12-16T13:16:39","modified_gmt":"2018-12-16T12:16:39","slug":"services","status":"publish","type":"page","link":"https:\/\/laserelectronique.com\/?page_id=341","title":{"rendered":"Services"},"content":{"rendered":"<section class=\"wpb-content-wrapper\"><p>[vc_row css=\u00a0\u00bb.vc_custom_1544961792028{background-position: center !important;background-repeat: no-repeat !important;background-size: cover !important;}\u00a0\u00bb][vc_column]<div class=\"fp-service  style-1\">\n                <div class=\"row service-list\"><div class=\"col-md-6 col-6 col-sm-6 col-xs-6 item-service \">\n\t\t\t\t\t<div class=\"entry-thumbnail\">\n\t\t\t\t\t\t<div class=\"overlay\" ><\/div>\n\t\t\t\t\t\t<a href=\"https:\/\/laserelectronique.com\/?service=location-de-materiel-topographique\"><\/a>\n\t\t\t\t\t\t<img decoding=\"async\" src=\"https:\/\/laserelectronique.com\/wp-content\/uploads\/2018\/12\/location-station.jpg\" alt=\"Location de mat\u00e9riel topographique\"><i class=\"factory-link\"><\/i><span><\/span>\n\t\t\t\t\t<\/div>\n\t\t\t\t\t<h2 class=\"entry-title\"><a href=\"https:\/\/laserelectronique.com\/?service=location-de-materiel-topographique\">Location de mat\u00e9riel topographique<\/a><\/h2>\n\t\t\t\t\t<p>Location toute dur\u00e9e de lasers rotatifs, lasers de canalisation, stations et th\u00e9odolites Document associ\u00e9 :\u00a0TARIFS LOCATION TOPOGRAPHIE &nbsp;<\/p>\n\t\t\t\t\t<a href=\"https:\/\/laserelectronique.com\/?service=location-de-materiel-topographique\" class=\"fp-btn-2nd readmore\">Read More<\/a>\n\t\t\t\t<\/div><div class=\"col-md-6 col-6 col-sm-6 col-xs-6 item-service \">\n\t\t\t\t\t<div class=\"entry-thumbnail\">\n\t\t\t\t\t\t<div class=\"overlay\" ><\/div>\n\t\t\t\t\t\t<a href=\"https:\/\/laserelectronique.com\/?service=material-engineering\"><\/a>\n\t\t\t\t\t\t<img decoding=\"async\" src=\"https:\/\/laserelectronique.com\/wp-content\/uploads\/2018\/12\/controle-.jpg\" alt=\"Lasers, niveaux de chantier et GPS\"><i class=\"factory-link\"><\/i><span><\/span>\n\t\t\t\t\t<\/div>\n\t\t\t\t\t<h2 class=\"entry-title\"><a href=\"https:\/\/laserelectronique.com\/?service=material-engineering\">Lasers, niveaux de chantier et GPS<\/a><\/h2>\n\t\t\t\t\t<p>LA REVISION PERIODIQUE de votre mat\u00e9riel vous permet de l\u2019utiliser de mani\u00e8re fiable et d\u2019am\u00e9liorer sa long\u00e9vit\u00e9. Nos prestations comprennent la r\u00e9vision de votre appareil, son nettoyage, son \u00e9talonnage si&hellip;<\/p>\n\t\t\t\t\t<a href=\"https:\/\/laserelectronique.com\/?service=material-engineering\" class=\"fp-btn-2nd readmore\">Read More<\/a>\n\t\t\t\t<\/div><div class=\"col-md-6 col-6 col-sm-6 col-xs-6 item-service \">\n\t\t\t\t\t<div class=\"entry-thumbnail\">\n\t\t\t\t\t\t<div class=\"overlay\" ><\/div>\n\t\t\t\t\t\t<a href=\"https:\/\/laserelectronique.com\/?service=power-and-energy\"><\/a>\n\t\t\t\t\t\t<img decoding=\"async\" src=\"https:\/\/laserelectronique.com\/wp-content\/uploads\/2018\/12\/SERVICEvogele2-1.jpg\" alt=\"Mat\u00e9riels de nivellement\"><i class=\"factory-link\"><\/i><span><\/span>\n\t\t\t\t\t<\/div>\n\t\t\t\t\t<h2 class=\"entry-title\"><a href=\"https:\/\/laserelectronique.com\/?service=power-and-energy\">Mat\u00e9riels de nivellement<\/a><\/h2>\n\t\t\t\t\t<p>LA R\u00c9VISION P\u00c9RIODIQUE de votre mat\u00e9riel vous permet de l\u2019utiliser de mani\u00e8re fiable et d\u2019am\u00e9liorer sa long\u00e9vit\u00e9. Nos prestations comprennent la r\u00e9vision de votre appareil, son nettoyage, son \u00e9talonnage si&hellip;<\/p>\n\t\t\t\t\t<a href=\"https:\/\/laserelectronique.com\/?service=power-and-energy\" class=\"fp-btn-2nd readmore\">Read More<\/a>\n\t\t\t\t<\/div><div class=\"col-md-6 col-6 col-sm-6 col-xs-6 item-service \">\n\t\t\t\t\t<div class=\"entry-thumbnail\">\n\t\t\t\t\t\t<div class=\"overlay\" ><\/div>\n\t\t\t\t\t\t<a href=\"https:\/\/laserelectronique.com\/?service=inspection-technique-et-bureau-detudes\"><\/a>\n\t\t\t\t\t\t<img decoding=\"async\" src=\"https:\/\/laserelectronique.com\/wp-content\/uploads\/2018\/12\/location-poutre-.jpg\" alt=\"Location de poutre de nivellement\"><i class=\"factory-link\"><\/i><span><\/span>\n\t\t\t\t\t<\/div>\n\t\t\t\t\t<h2 class=\"entry-title\"><a href=\"https:\/\/laserelectronique.com\/?service=inspection-technique-et-bureau-detudes\">Location de poutre de nivellement<\/a><\/h2>\n\t\t\t\t\t<p>Location d\u2019une ou de deux poutres Big Ski Sonic. Mise en route sur demande. Devis gratuit. Documents associ\u00e9s : &nbsp;<\/p>\n\t\t\t\t\t<a href=\"https:\/\/laserelectronique.com\/?service=inspection-technique-et-bureau-detudes\" class=\"fp-btn-2nd readmore\">Read More<\/a>\n\t\t\t\t<\/div><\/div>\n            <\/div>[\/vc_column][\/vc_row]<\/p>\n<\/section>","protected":false},"excerpt":{"rendered":"<p>[vc_row css=\u00a0\u00bb.vc_custom_1544961792028{background-position: center !important;background-repeat: no-repeat !important;background-size: cover !important;}\u00a0\u00bb][vc_column][\/vc_column][\/vc_row]<\/p>\n","protected":false},"author":2,"featured_media":0,"parent":0,"menu_order":0,"comment_status":"closed","ping_status":"closed","template":"template-page.php","meta":{"footnotes":""},"class_list":["post-341","page","type-page","status-publish","hentry",""],"yoast_head":"<!-- This site is optimized with the Yoast SEO plugin v24.7 - https:\/\/yoast.com\/wordpress\/plugins\/seo\/ -->\n<title>Services - LASER ELECTRONIQUE TP<\/title>\n<meta name=\"robots\" content=\"index, follow, max-snippet:-1, max-image-preview:large, max-video-preview:-1\" \/>\n<link rel=\"canonical\" href=\"https:\/\/laserelectronique.com\/?page_id=341\" \/>\n<meta property=\"og:locale\" content=\"fr_FR\" \/>\n<meta property=\"og:type\" content=\"article\" \/>\n<meta property=\"og:title\" content=\"Services - LASER ELECTRONIQUE TP\" \/>\n<meta property=\"og:description\" content=\"[vc_row css=\u00a0\u00bb.vc_custom_1544961792028{background-position: center !important;background-repeat: no-repeat !important;background-size: cover !important;}\u00a0\u00bb][vc_column][\/vc_column][\/vc_row]\" \/>\n<meta property=\"og:url\" content=\"https:\/\/laserelectronique.com\/?page_id=341\" \/>\n<meta property=\"og:site_name\" content=\"LASER ELECTRONIQUE TP\" \/>\n<meta property=\"article:modified_time\" content=\"2018-12-16T12:16:39+00:00\" \/>\n<meta name=\"twitter:card\" content=\"summary_large_image\" \/>\n<script type=\"application\/ld+json\" class=\"yoast-schema-graph\">{\"@context\":\"https:\/\/schema.org\",\"@graph\":[{\"@type\":\"WebPage\",\"@id\":\"https:\/\/laserelectronique.com\/?page_id=341\",\"url\":\"https:\/\/laserelectronique.com\/?page_id=341\",\"name\":\"Services - LASER ELECTRONIQUE TP\",\"isPartOf\":{\"@id\":\"https:\/\/laserelectronique.com\/#website\"},\"datePublished\":\"2017-04-05T08:22:29+00:00\",\"dateModified\":\"2018-12-16T12:16:39+00:00\",\"breadcrumb\":{\"@id\":\"https:\/\/laserelectronique.com\/?page_id=341#breadcrumb\"},\"inLanguage\":\"fr-FR\",\"potentialAction\":[{\"@type\":\"ReadAction\",\"target\":[\"https:\/\/laserelectronique.com\/?page_id=341\"]}]},{\"@type\":\"BreadcrumbList\",\"@id\":\"https:\/\/laserelectronique.com\/?page_id=341#breadcrumb\",\"itemListElement\":[{\"@type\":\"ListItem\",\"position\":1,\"name\":\"Accueil\",\"item\":\"https:\/\/laserelectronique.com\/\"},{\"@type\":\"ListItem\",\"position\":2,\"name\":\"Services\"}]},{\"@type\":\"WebSite\",\"@id\":\"https:\/\/laserelectronique.com\/#website\",\"url\":\"https:\/\/laserelectronique.com\/\",\"name\":\"LASER ELECTRONIQUE TP\",\"description\":\"VOTRE PARTENAIRE EN GUIDAGE D&#039;ENGINS, TOPOGRAPHIE ET SERVICES\",\"potentialAction\":[{\"@type\":\"SearchAction\",\"target\":{\"@type\":\"EntryPoint\",\"urlTemplate\":\"https:\/\/laserelectronique.com\/?s={search_term_string}\"},\"query-input\":{\"@type\":\"PropertyValueSpecification\",\"valueRequired\":true,\"valueName\":\"search_term_string\"}}],\"inLanguage\":\"fr-FR\"}]}<\/script>\n<!-- \/ Yoast SEO plugin. -->","yoast_head_json":{"title":"Services - LASER ELECTRONIQUE TP","robots":{"index":"index","follow":"follow","max-snippet":"max-snippet:-1","max-image-preview":"max-image-preview:large","max-video-preview":"max-video-preview:-1"},"canonical":"https:\/\/laserelectronique.com\/?page_id=341","og_locale":"fr_FR","og_type":"article","og_title":"Services - LASER ELECTRONIQUE TP","og_description":"[vc_row css=\u00a0\u00bb.vc_custom_1544961792028{background-position: center !important;background-repeat: no-repeat !important;background-size: cover !important;}\u00a0\u00bb][vc_column][\/vc_column][\/vc_row]","og_url":"https:\/\/laserelectronique.com\/?page_id=341","og_site_name":"LASER ELECTRONIQUE TP","article_modified_time":"2018-12-16T12:16:39+00:00","twitter_card":"summary_large_image","schema":{"@context":"https:\/\/schema.org","@graph":[{"@type":"WebPage","@id":"https:\/\/laserelectronique.com\/?page_id=341","url":"https:\/\/laserelectronique.com\/?page_id=341","name":"Services - LASER ELECTRONIQUE TP","isPartOf":{"@id":"https:\/\/laserelectronique.com\/#website"},"datePublished":"2017-04-05T08:22:29+00:00","dateModified":"2018-12-16T12:16:39+00:00","breadcrumb":{"@id":"https:\/\/laserelectronique.com\/?page_id=341#breadcrumb"},"inLanguage":"fr-FR","potentialAction":[{"@type":"ReadAction","target":["https:\/\/laserelectronique.com\/?page_id=341"]}]},{"@type":"BreadcrumbList","@id":"https:\/\/laserelectronique.com\/?page_id=341#breadcrumb","itemListElement":[{"@type":"ListItem","position":1,"name":"Accueil","item":"https:\/\/laserelectronique.com\/"},{"@type":"ListItem","position":2,"name":"Services"}]},{"@type":"WebSite","@id":"https:\/\/laserelectronique.com\/#website","url":"https:\/\/laserelectronique.com\/","name":"LASER ELECTRONIQUE TP","description":"VOTRE PARTENAIRE EN GUIDAGE D&#039;ENGINS, TOPOGRAPHIE ET SERVICES","potentialAction":[{"@type":"SearchAction","target":{"@type":"EntryPoint","urlTemplate":"https:\/\/laserelectronique.com\/?s={search_term_string}"},"query-input":{"@type":"PropertyValueSpecification","valueRequired":true,"valueName":"search_term_string"}}],"inLanguage":"fr-FR"}]}},"_links":{"self":[{"href":"https:\/\/laserelectronique.com\/index.php?rest_route=\/wp\/v2\/pages\/341","targetHints":{"allow":["GET"]}}],"collection":[{"href":"https:\/\/laserelectronique.com\/index.php?rest_route=\/wp\/v2\/pages"}],"about":[{"href":"https:\/\/laserelectronique.com\/index.php?rest_route=\/wp\/v2\/types\/page"}],"author":[{"embeddable":true,"href":"https:\/\/laserelectronique.com\/index.php?rest_route=\/wp\/v2\/users\/2"}],"replies":[{"embeddable":true,"href":"https:\/\/laserelectronique.com\/index.php?rest_route=%2Fwp%2Fv2%2Fcomments&post=341"}],"version-history":[{"count":9,"href":"https:\/\/laserelectronique.com\/index.php?rest_route=\/wp\/v2\/pages\/341\/revisions"}],"predecessor-version":[{"id":2263,"href":"https:\/\/laserelectronique.com\/index.php?rest_route=\/wp\/v2\/pages\/341\/revisions\/2263"}],"wp:attachment":[{"href":"https:\/\/laserelectronique.com\/index.php?rest_route=%2Fwp%2Fv2%2Fmedia&parent=341"}],"curies":[{"name":"wp","href":"https:\/\/api.w.org\/{rel}","templated":true}]}}